NOAA style reports

Note: Some NOAA reports are not available. For a complete summary of all available archival weather data please this page.

Year to date and all Time Records: Are available on the Live page. Look for the Records push button.

2018: Jan | Feb | Mar | Apr | May | Jun | Jul | Aug | Sep | Oct | Nov | Dec 
2017: Jan | Feb | Mar | Apr | May | Jun | Jul | Aug | Sep | Oct | Nov | Dec 
2016: Jan | Feb | Mar | Apr | May | Jun | Jul | Aug | Sep | Oct | Nov | Dec 
2015: Jan | Feb | Mar | Apr | May | Jun | Jul | Aug | Sep | Oct | Nov | Dec 
2014: Jan | Feb | Mar | Apr | May | Jun | Jul | Aug | Sep | Oct | Nov | Dec 
2013: Jan | Feb | Mar | Apr | May | Jun | Jul | Aug | Sep | Oct | Nov | Dec 
2012: Jan | Feb | Mar | Apr | May | Jun | Jul | Aug | Sep | Oct | Nov | Dec 
2011: Jan | Feb | Mar | Apr | May | Jun | Jul | Aug | Sep | Oct | Nov | Dec 
2010: Jan | Feb | Mar | Apr | May | Jun | Jul | Aug | Sep | Oct | Nov | Dec 
2009: Jan | Feb | Mar | Apr | May | Jun | Jul | Aug | Sep | Oct | Nov | Dec 
 2008: Jan | Feb | Mar | Apr | May | Jun | Jul | Aug | Sep | Oct | Nov | Dec 
2007: Jan | Feb | Mar | Apr | May | Jun | Jul | Aug | Sep | Oct | Nov | Dec 
 2006: Jan | Feb | Mar | Apr | May | Jun | Jul | Aug | Sep | Oct | Nov | Dec 

Report for 2017 03
MONTHLY CLIMATOLOGICAL SUMMARY for FEB. 2017 NAME: Estes Park - Truta CITY: Estes Park STATE: Colorado ELEV: 7700 ft LAT: 39 36' 00" N LONG: 104 54' 00" W TEMPERATURE (F), RAIN (in), WIND SPEED (mph) HEAT COOL AVG MEAN DEG DEG WIND DOM DAY TEMP HIGH TIME LOW TIME DAYS DAYS RAIN SPEED HIGH TIME DIR ------------------------------------------------------------------------------------ 1 2 3 4 5 6 7 8 9 10 11 12 13 24.2 31.6 5:40p 18.6 12:00m 9.8 0.0 0.00 0.8 5.0 6:29p SW 14 25.2 43.1 12:51p 12.4 5:51a 16.8 0.0 0.00 1.0 12.0 12:26p SW 15 43.6 45.1 5:54p 17.6 7:59p 5.0 0.0 0.00 13.6 28.0 9:09p SW 16 49.2 60.5 12:58p 23.8 7:59p 8.6 0.0 0.00 10.4 38.0 11:17p SW 17 41.6 57.3 12:02p 27.8 9:54p 15.3 0.0 0.00 6.8 33.0 1:09a SW 18 37.5 53.5 12:44p 2.5 10:45p 18.4 0.0 0.00 1.3 12.0 9:54a SW 19 32.2 41.1 7:00p 0.7 1:15a 14.5 0.0 0.00 5.3 30.0 10:01p SW 20 40.8 46.8 12:41p 33.2 5:48a 13.7 0.0 0.00 13.5 42.0 1:19a SW 21 46.2 53.5 2:39p 39.3 3:58a 15.5 0.0 0.00 11.3 36.0 10:58p SW 22 38.4 48.3 12:17p 28.4 11:57p 17.3 0.0 0.00 6.1 36.0 2:43a SW 23 18.6 28.5 12:03a 5.8 11:57p 25.6 0.0 0.00 3.4 14.0 6:49p SW 24 6.1 17.2 10:00a-413.9 10:49p 37.3 0.0 0.00 0.6 10.0 11:46a SW 25 15.2 19.7 11:18a -0.8 12:01a 33.3 0.0 0.00 12.2 37.0 8:54p SW 26 20.3 25.7 12:13p 14.0 2:44a 26.3 0.0 0.00 9.7 32.0 6:27a SW 27 29.7 36.6 10:48a 4.2 6:47a 23.7 0.0 0.01 9.4 32.0 8:45a SW 28 23.7 24.5 1:51a 23.2 3:20a 8.7 0.0 0.00 2.5 10.0 2:06a SW ------------------------------------------------------------------------------------- 30.8 60.5 16 -413.9 24 289.8 0.0 0.01 6.7 42.0 20 SW Max >= 90.0: 0 Max <= 32.0: 6 Min <= 32.0: 14 Min <= 0.0: 2 Max Rain: 0.01 ON 02/27/17 Days of Rain: 0 (>.01 in) 0 (>.1 in) 0 (>1 in) Heat Base: 65.0 Cool Base: 65.0 Method: Integration

Station affiliations

Weather data published to:,
Weather Underground, Citizen Weather Observer Program, WeatherForYou, AnythingWeather.com

Member of: Weather-Matrix, Weather-Watch.com

Quote from the patron saint of the webmaster, St. Alphonsus Liguori :
"My Jesus, Thou alone art sufficient for me.  My love, do not permit me to separate myself from Thee.  When shall I be able to say, 'My God, I cannot lose thee any more?' "

 ©2007 EstesParkWeather.net and ExceptionalWeather.com. EstesParkWeather.net is part of the ExceptionalWeather Network
Radar/maps © Weather Underground. Used with permission.    Valid XHTML 1.0     Valid CSS
Never base important decisions on this or any weather information obtained from the Internet.