NOAA style reports

Note: Some NOAA reports are not available. For a complete summary of all available archival weather data please this page.

Year to date and all Time Records: Are available on the Live page. Look for the Records push button.

2018: Jan | Feb | Mar | Apr | May | Jun | Jul | Aug | Sep | Oct | Nov | Dec 
2017: Jan | Feb | Mar | Apr | May | Jun | Jul | Aug | Sep | Oct | Nov | Dec 
2016: Jan | Feb | Mar | Apr | May | Jun | Jul | Aug | Sep | Oct | Nov | Dec 
2015: Jan | Feb | Mar | Apr | May | Jun | Jul | Aug | Sep | Oct | Nov | Dec 
2014: Jan | Feb | Mar | Apr | May | Jun | Jul | Aug | Sep | Oct | Nov | Dec 
2013: Jan | Feb | Mar | Apr | May | Jun | Jul | Aug | Sep | Oct | Nov | Dec 
2012: Jan | Feb | Mar | Apr | May | Jun | Jul | Aug | Sep | Oct | Nov | Dec 
2011: Jan | Feb | Mar | Apr | May | Jun | Jul | Aug | Sep | Oct | Nov | Dec 
2010: Jan | Feb | Mar | Apr | May | Jun | Jul | Aug | Sep | Oct | Nov | Dec 
2009: Jan | Feb | Mar | Apr | May | Jun | Jul | Aug | Sep | Oct | Nov | Dec 
 2008: Jan | Feb | Mar | Apr | May | Jun | Jul | Aug | Sep | Oct | Nov | Dec 
2007: Jan | Feb | Mar | Apr | May | Jun | Jul | Aug | Sep | Oct | Nov | Dec 
 2006: Jan | Feb | Mar | Apr | May | Jun | Jul | Aug | Sep | Oct | Nov | Dec 

Report for 2016
ANNUAL CLIMATOLOGICAL SUMMARY NAME: Estes Park - Truta CITY: Estes Park STATE: Colorado ELEV: 7700 ft LAT: 39 36' 00" N LONG: 104 54' 00" W TEMPERATURE (F), HEAT BASE 65.0, COOL BASE 65.0 DEP. HEAT COOL MEAN MEAN FROM DEG DEG MAX MAX MIN MIN YR MO MAX MIN MEAN NORM DAYS DAYS HI DATE LOW DATE >=90 <=32 <=32 <=0 ------------------------------------------------------------------------------------ 15 1 43.3 4.8 32.2 0.0 974 0 64.7 26-416.8 22 0 2 29 3 15 2 41.0 3.0 30.2 0.0 935 0 60.5 14-412.7 23 0 8 23 5 15 3 52.0 22.9 38.6 0.0 785 2 71.1 15 0.1 4 0 3 25 0 15 4 53.0 25.5 40.4 0.0 709 1 69.8 29 6.3 2 0 0 23 0 15 5 55.4 32.9 44.9 0.0 474 2 78.8 31 1.2 28 0 0 8 0 15 6 75.0 35.0 59.9 0.0 219 71 86.1 21 0.1 9 0 0 8 0 15 7 75.1 47.2 64.5 0.0 118 73 83.6 27 14.0 20 0 0 6 0 15 8 79.0 44.8 64.8 0.0 126 105 88.8 15 12.7 24 0 0 5 0 15 9 75.9 39.0 61.7 0.0 152 65 83.4 2 6.9 21 0 0 8 0 15 10 62.6 30.1 50.3 0.0 359 14 78.1 13 0.4 13 0 0 15 0 15 11 44.6 21.5 33.9 0.0 689 0 64.8 2 0.0 29 0 4 27 1 15 12 36.9 -42.0 23.8 0.0 992 0 55.9 9-448.0 27 0 12 27 6 ------------------------------------------------------------------------------------ 57.9 22.0 45.5 0.0 6532 333 88.8 AUG-448.0 DEC 0 29 204 15 PRECIPITATION (in) DEP. MAX DAYS OF RAIN FROM OBS. OVER YR MO TOTAL NORM DAY DATE .01 .1 1 --------------------------------------------- 15 1 0.13 0.00 0.06 22 3 0 0 15 2 0.80 0.00 0.27 23 7 3 0 15 3 0.30 0.00 0.12 2 6 1 0 15 4 2.05 0.00 0.46 17 11 7 0 15 5 3.14 0.00 0.84 8 17 10 0 15 6 1.22 0.00 0.24 11 11 4 0 15 7 2.72 0.00 0.47 2 11 9 0 15 8 0.95 0.00 0.46 13 10 2 0 15 9 0.12 0.00 0.06 29 2 0 0 15 10 0.70 0.00 0.35 22 7 2 0 15 11 0.49 0.00 0.12 4 7 1 0 15 12 0.20 0.00 0.08 23 4 0 0 --------------------------------------------- 12.82 0.00 0.84 MAY 96 39 0 WIND SPEED (mph) DOM YR MO AVG. HI DATE DIR --------------------------------- 15 1 6.7 56.0 5 SW 15 2 6.4 47.0 2 W 15 3 5.0 43.0 28 W 15 4 3.9 42.0 1 WNW 15 5 3.1 32.0 31 ESE 15 6 2.8 32.0 30 ESE 15 7 3.9 42.0 2 W 15 8 3.6 40.0 15 WNW 15 9 4.1 41.0 15 W 15 10 4.2 41.0 11 ESE 15 11 6.4 52.0 18 W 15 12 6.7 53.0 18 W --------------------------------- 4.7 56.0 JAN W

Station affiliations

Weather data published to:,
Weather Underground, Citizen Weather Observer Program, WeatherForYou, AnythingWeather.com

Member of: Weather-Matrix, Weather-Watch.com

Quote from the patron saint of the webmaster, St. Alphonsus Liguori :
"My Jesus, Thou alone art sufficient for me.  My love, do not permit me to separate myself from Thee.  When shall I be able to say, 'My God, I cannot lose thee any more?' "

 ©2007 EstesParkWeather.net and ExceptionalWeather.com. EstesParkWeather.net is part of the ExceptionalWeather Network
Radar/maps © Weather Underground. Used with permission.    Valid XHTML 1.0     Valid CSS
Never base important decisions on this or any weather information obtained from the Internet.