NOAA style reports

Note: Some NOAA reports are not available. For a complete summary of all available archival weather data please this page.

Year to date and all Time Records: Are available on the Live page. Look for the Records push button.

2018: Jan | Feb | Mar | Apr | May | Jun | Jul | Aug | Sep | Oct | Nov | Dec 
2017: Jan | Feb | Mar | Apr | May | Jun | Jul | Aug | Sep | Oct | Nov | Dec 
2016: Jan | Feb | Mar | Apr | May | Jun | Jul | Aug | Sep | Oct | Nov | Dec 
2015: Jan | Feb | Mar | Apr | May | Jun | Jul | Aug | Sep | Oct | Nov | Dec 
2014: Jan | Feb | Mar | Apr | May | Jun | Jul | Aug | Sep | Oct | Nov | Dec 
2013: Jan | Feb | Mar | Apr | May | Jun | Jul | Aug | Sep | Oct | Nov | Dec 
2012: Jan | Feb | Mar | Apr | May | Jun | Jul | Aug | Sep | Oct | Nov | Dec 
2011: Jan | Feb | Mar | Apr | May | Jun | Jul | Aug | Sep | Oct | Nov | Dec 
2010: Jan | Feb | Mar | Apr | May | Jun | Jul | Aug | Sep | Oct | Nov | Dec 
2009: Jan | Feb | Mar | Apr | May | Jun | Jul | Aug | Sep | Oct | Nov | Dec 
 2008: Jan | Feb | Mar | Apr | May | Jun | Jul | Aug | Sep | Oct | Nov | Dec 
2007: Jan | Feb | Mar | Apr | May | Jun | Jul | Aug | Sep | Oct | Nov | Dec 
 2006: Jan | Feb | Mar | Apr | May | Jun | Jul | Aug | Sep | Oct | Nov | Dec 

Report for 2016 09
MONTHLY CLIMATOLOGICAL SUMMARY for AUG. 2016 NAME: Estes Park - Truta CITY: Estes Park STATE: Colorado ELEV: 7700 ft LAT: 39 36' 00" N LONG: 104 54' 00" W TEMPERATURE (F), RAIN (in), WIND SPEED (mph) HEAT COOL AVG MEAN DEG DEG WIND DOM DAY TEMP HIGH TIME LOW TIME DAYS DAYS RAIN SPEED HIGH TIME DIR ------------------------------------------------------------------------------------ 1 65.0 87.6 1:09p 48.2 4:30a 3.4 3.4 0.00 2.5 19.0 1:11p ESE 2 63.9 80.5 11:00a 52.6 11:00p 2.2 1.6 0.13 3.3 22.0 1:01p ESE 3 66.0 83.6 11:26a 45.5 6:24a 5.3 6.2 0.00 2.5 29.0 6:33p ESE 4 56.6 62.0 12:49p 49.4 5:40a 7.1 0.0 0.01 1.2 12.0 1:44p ESE 5 56.9 59.2 12:50p 55.3 3:38p 4.2 0.0 0.03 1.0 6.0 10:34a ESE 6 63.7 74.0 4:28p 54.2 11:57p 1.5 0.8 0.00 2.7 22.0 4:50p ESE 7 65.3 79.2 1:16p 47.0 4:02a 4.9 5.2 0.01 2.5 16.0 12:05p ESE 8 66.5 80.5 5:29p 51.2 1:19p 2.2 3.5 0.00 5.2 27.0 11:31a ESE 9 72.9 90.7 1:59p 60.7 12:00m 0.2 4.6 0.02 6.4 30.0 7:21p ESE 10 63.6 83.6 4:22p 45.2 6:06a 6.0 4.7 0.02 3.8 32.0 5:41p ESE 11 66.1 79.2 1:20p 51.2 12:01p 2.2 3.1 0.00 5.8 30.0 8:59p ESE 12 64.8 73.7 1:38p 48.0 11:58p 1.7 1.6 0.00 3.3 17.0 10:38a ESE 13 59.0 76.5 2:45p 38.9 6:34a 8.6 2.9 0.00 2.4 22.0 3:45p ESE 14 72.2 80.5 11:39a 53.2 11:01p 0.7 4.5 0.00 3.0 18.0 12:20p ESE 15 63.4 82.6 11:05a 41.1 6:26a 4.9 3.6 0.03 2.7 27.0 11:53a ESE 16 58.5 79.6 12:05p 15.0 5:36a 7.4 2.2 0.00 1.8 19.0 12:53p ESE 17 62.4 80.7 3:01p 40.9 6:14a 6.8 4.5 0.00 2.1 19.0 12:38p ESE 18 61.1 75.4 10:54a 52.9 12:00m 2.8 0.7 0.18 3.4 24.0 12:45p ESE 19 52.1 69.4 11:35a 43.5 6:49a 12.6 0.2 0.19 2.2 19.0 4:34p ESE 20 51.1 67.8 2:18p 12.8 6:53a 12.3 0.3 0.01 2.4 16.0 12:57p ESE 21 59.7 77.6 2:03p 35.6 6:25a 9.5 4.3 0.00 1.9 14.0 1:21p ESE 22 58.9 77.0 11:11a 19.3 4:36a 5.2 1.3 0.00 4.7 33.0 12:55p ESE 23 63.7 73.9 1:44p 58.0 10:34p 1.1 0.4 0.00 5.5 27.0 8:30a ESE 24 52.2 61.6 2:44p 43.6 11:02p 2.6 0.0 0.05 1.5 22.0 5:49p ESE 25 52.6 62.4 4:58p 44.6 10:07p 4.7 0.0 0.10 2.8 16.0 12:00p ESE 26 59.3 70.8 12:22p 47.0 11:06p 1.8 0.1 0.01 5.2 27.0 4:56p ESE 27 56.9 73.0 2:56p 46.7 12:00m 1.2 0.0 0.00 0.8 14.0 5:21p ESE 28 45.0 73.2 1:29p 39.3 6:34a 4.7 0.0 0.00 0.3 20.0 3:49p ESE 29 57.4 74.0 2:27p 43.6 6:34a 2.2 0.5 0.10 1.4 21.0 4:58p ESE 30 66.9 72.1 1:06p 54.1 12:00m 0.1 0.2 0.00 0.9 14.0 3:30p ESE 31 57.0 72.8 1:57p 40.3 6:25a 1.3 0.3 0.00 0.7 13.0 12:26p ESE ------------------------------------------------------------------------------------- 60.7 90.7 9 12.8 20 131.4 60.7 0.89 2.8 33.0 22 ESE Max >= 90.0: 1 Max <= 32.0: 0 Min <= 32.0: 3 Min <= 0.0: 0 Max Rain: 0.19 ON 08/19/16 Days of Rain: 10 (>.01 in) 3 (>.1 in) 0 (>1 in) Heat Base: 65.0 Cool Base: 65.0 Method: Integration

Station affiliations

Weather data published to:,
Weather Underground, Citizen Weather Observer Program, WeatherForYou, AnythingWeather.com

Member of: Weather-Matrix, Weather-Watch.com

Quote from the patron saint of the webmaster, St. Alphonsus Liguori :
"My Jesus, Thou alone art sufficient for me.  My love, do not permit me to separate myself from Thee.  When shall I be able to say, 'My God, I cannot lose thee any more?' "

 ©2007 EstesParkWeather.net and ExceptionalWeather.com. EstesParkWeather.net is part of the ExceptionalWeather Network
Radar/maps © Weather Underground. Used with permission.    Valid XHTML 1.0     Valid CSS
Never base important decisions on this or any weather information obtained from the Internet.