NOAA style reports

Note: Some NOAA reports are not available. For a complete summary of all available archival weather data please this page.

Year to date and all Time Records: Are available on the Live page. Look for the Records push button.

2018: Jan | Feb | Mar | Apr | May | Jun | Jul | Aug | Sep | Oct | Nov | Dec 
2017: Jan | Feb | Mar | Apr | May | Jun | Jul | Aug | Sep | Oct | Nov | Dec 
2016: Jan | Feb | Mar | Apr | May | Jun | Jul | Aug | Sep | Oct | Nov | Dec 
2015: Jan | Feb | Mar | Apr | May | Jun | Jul | Aug | Sep | Oct | Nov | Dec 
2014: Jan | Feb | Mar | Apr | May | Jun | Jul | Aug | Sep | Oct | Nov | Dec 
2013: Jan | Feb | Mar | Apr | May | Jun | Jul | Aug | Sep | Oct | Nov | Dec 
2012: Jan | Feb | Mar | Apr | May | Jun | Jul | Aug | Sep | Oct | Nov | Dec 
2011: Jan | Feb | Mar | Apr | May | Jun | Jul | Aug | Sep | Oct | Nov | Dec 
2010: Jan | Feb | Mar | Apr | May | Jun | Jul | Aug | Sep | Oct | Nov | Dec 
2009: Jan | Feb | Mar | Apr | May | Jun | Jul | Aug | Sep | Oct | Nov | Dec 
 2008: Jan | Feb | Mar | Apr | May | Jun | Jul | Aug | Sep | Oct | Nov | Dec 
2007: Jan | Feb | Mar | Apr | May | Jun | Jul | Aug | Sep | Oct | Nov | Dec 
 2006: Jan | Feb | Mar | Apr | May | Jun | Jul | Aug | Sep | Oct | Nov | Dec 

Report for 2016 08
MONTHLY CLIMATOLOGICAL SUMMARY for JUL. 2016 NAME: Estes Park - Truta CITY: Estes Park STATE: Colorado ELEV: 7700 ft LAT: 39 36' 00" N LONG: 104 54' 00" W TEMPERATURE (F), RAIN (in), WIND SPEED (mph) HEAT COOL AVG MEAN DEG DEG WIND DOM DAY TEMP HIGH TIME LOW TIME DAYS DAYS RAIN SPEED HIGH TIME DIR ------------------------------------------------------------------------------------ 1 59.8 71.5 1:49p 52.0 6:18a 4.7 0.4 0.00 3.1 24.0 3:29p ESE 2 62.5 67.8 2:01p 53.3 11:06p 1.6 0.3 0.00 1.7 17.0 3:27p ESE 3 66.0 83.2 2:20p 49.8 3:12a 3.2 4.2 0.00 5.9 27.0 9:47p ESE 4 68.3 81.1 5:43p 51.2 11:18a 1.0 3.9 0.00 7.4 28.0 2:22p ESE 5 67.6 78.5 11:53a 56.5 11:06p 0.7 3.1 0.00 5.3 28.0 1:50p ESE 6 75.1 80.9 4:55p 1.2 11:22a 0.3 5.5 0.00 8.4 29.0 11:33a ESE 7 72.8 83.4 3:37p 56.0 11:05p 0.5 4.5 0.00 5.4 31.0 11:43a ESE 8 71.3 85.1 11:32a 53.8 11:04p 0.9 4.2 0.04 3.6 28.0 1:37p ESE 9 76.6 85.9 3:39p 44.5 6:33a 0.8 8.5 0.00 6.3 31.0 12:59p ESE 10 80.1 86.7 3:23p 51.8 11:22a 0.0 7.9 0.00 10.3 33.0 12:00p ESE 11 70.5 76.7 1:57p 60.9 9:31p 0.3 3.2 0.00 9.3 39.0 2:27p ESE 12 72.5 80.3 2:11p 51.4 11:59p 0.8 5.0 0.00 6.3 28.0 12:21p ESE 13 66.1 87.8 3:35p 40.1 6:11a 6.6 7.6 0.00 3.4 26.0 1:00p ESE 14 68.1 75.8 1:26p 53.6 12:00m 0.9 2.6 0.00 4.3 19.0 12:20p ESE 15 59.7 81.6 12:17p 40.6 6:08a 7.7 2.4 0.00 2.9 20.0 2:35p ESE 16 61.4 88.2 4:10p 16.6 5:27a 7.3 4.5 0.00 3.4 33.0 2:38p ESE 17 72.0 80.5 11:31a 54.0 1:33p 0.6 4.5 0.00 5.1 30.0 7:26p ESE 18 65.2 86.7 1:49p 49.5 5:27a 5.0 5.2 0.00 2.7 21.0 12:09p ESE 19 69.6 85.7 4:20p 51.6 1:32p 1.8 5.9 0.00 5.8 26.0 4:57a ESE 20 68.2 85.5 12:57p 52.3 4:06a 2.9 5.9 0.16 4.7 20.0 1:17p ESE 21 68.8 85.7 10:35a 51.2 4:36p 1.7 5.0 0.00 3.1 26.0 10:14a ESE 22 70.1 88.0 3:08p 51.7 6:00a 3.2 7.9 0.00 4.5 21.0 12:25p ESE 23 72.9 89.9 3:08p 56.6 2:41p 0.4 7.9 0.00 6.1 29.0 5:47a ESE 24 66.2 84.1 5:15p 51.4 3:42a 3.3 4.5 0.00 4.6 36.0 3:23p ESE 25 66.3 87.6 1:03p 21.8 3:15a 6.2 7.4 0.00 2.7 28.0 12:58p ESE 26 72.6 84.5 1:32p 62.4 10:56p 0.1 4.4 0.00 5.7 27.0 6:36p ESE 27 67.8 82.8 2:50p 47.6 6:13a 3.6 6.2 0.00 2.9 18.0 11:49a ESE 28 68.7 86.3 11:35a 58.0 10:59p 0.7 2.6 0.00 4.4 25.0 12:03p ESE 29 70.4 77.0 5:11p 57.2 11:05p 0.5 3.4 0.00 5.1 20.0 2:47p ESE 30 75.8 89.5 1:52p 58.7 11:49p 0.4 6.4 0.00 4.7 22.0 11:14a ESE 31 61.4 85.3 1:15p 47.3 7:35a 7.1 3.5 0.48 3.2 26.0 11:13a ESE ------------------------------------------------------------------------------------- 68.9 89.9 23 1.2 6 74.8 148.5 0.68 4.9 39.0 11 ESE Max >= 90.0: 0 Max <= 32.0: 0 Min <= 32.0: 3 Min <= 0.0: 0 Max Rain: 0.48 ON 07/31/16 Days of Rain: 3 (>.01 in) 2 (>.1 in) 0 (>1 in) Heat Base: 65.0 Cool Base: 65.0 Method: Integration

Station affiliations

Weather data published to:,
Weather Underground, Citizen Weather Observer Program, WeatherForYou, AnythingWeather.com

Member of: Weather-Matrix, Weather-Watch.com

Quote from the patron saint of the webmaster, St. Alphonsus Liguori :
"My Jesus, Thou alone art sufficient for me.  My love, do not permit me to separate myself from Thee.  When shall I be able to say, 'My God, I cannot lose thee any more?' "

 ©2007 EstesParkWeather.net and ExceptionalWeather.com. EstesParkWeather.net is part of the ExceptionalWeather Network
Radar/maps © Weather Underground. Used with permission.    Valid XHTML 1.0     Valid CSS
Never base important decisions on this or any weather information obtained from the Internet.