NOAA style reports

Note: Some NOAA reports are not available. For a complete summary of all available archival weather data please this page.

Year to date and all Time Records: Are available on the Live page. Look for the Records push button.

2018: Jan | Feb | Mar | Apr | May | Jun | Jul | Aug | Sep | Oct | Nov | Dec 
2017: Jan | Feb | Mar | Apr | May | Jun | Jul | Aug | Sep | Oct | Nov | Dec 
2016: Jan | Feb | Mar | Apr | May | Jun | Jul | Aug | Sep | Oct | Nov | Dec 
2015: Jan | Feb | Mar | Apr | May | Jun | Jul | Aug | Sep | Oct | Nov | Dec 
2014: Jan | Feb | Mar | Apr | May | Jun | Jul | Aug | Sep | Oct | Nov | Dec 
2013: Jan | Feb | Mar | Apr | May | Jun | Jul | Aug | Sep | Oct | Nov | Dec 
2012: Jan | Feb | Mar | Apr | May | Jun | Jul | Aug | Sep | Oct | Nov | Dec 
2011: Jan | Feb | Mar | Apr | May | Jun | Jul | Aug | Sep | Oct | Nov | Dec 
2010: Jan | Feb | Mar | Apr | May | Jun | Jul | Aug | Sep | Oct | Nov | Dec 
2009: Jan | Feb | Mar | Apr | May | Jun | Jul | Aug | Sep | Oct | Nov | Dec 
 2008: Jan | Feb | Mar | Apr | May | Jun | Jul | Aug | Sep | Oct | Nov | Dec 
2007: Jan | Feb | Mar | Apr | May | Jun | Jul | Aug | Sep | Oct | Nov | Dec 
 2006: Jan | Feb | Mar | Apr | May | Jun | Jul | Aug | Sep | Oct | Nov | Dec 

Report for 2016 07
MONTHLY CLIMATOLOGICAL SUMMARY for JUN. 2016 NAME: Estes Park - Truta CITY: Estes Park STATE: Colorado ELEV: 7700 ft LAT: 39 36' 00" N LONG: 104 54' 00" W TEMPERATURE (F), RAIN (in), WIND SPEED (mph) HEAT COOL AVG MEAN DEG DEG WIND DOM DAY TEMP HIGH TIME LOW TIME DAYS DAYS RAIN SPEED HIGH TIME DIR ------------------------------------------------------------------------------------ 1 59.0 64.5 3:37p 47.7 10:36p 3.0 0.0 0.00 3.3 18.0 12:39p ESE 2 67.0 75.8 3:00p 49.6 11:48p 1.4 2.5 0.00 4.3 21.0 1:36p ESE 3 60.0 77.4 1:36p 42.9 5:54a 6.9 2.1 0.00 3.4 19.0 10:38a ESE 4 57.4 71.6 2:20p 16.4 5:55a 7.4 1.2 0.00 2.3 18.0 4:06p ESE 5 64.4 75.8 11:27a 48.8 11:57p 1.9 1.5 0.01 3.6 18.0 12:49p ESE 6 54.4 77.0 11:24a 39.9 5:28a 11.5 1.5 0.50 2.6 25.0 2:19p ESE 7 53.9 74.0 12:16p 12.9 6:00a 8.1 0.7 0.01 2.1 21.0 4:29p ESE 8 67.3 73.9 3:39p 56.0 11:04p 0.7 1.8 0.00 3.7 21.0 3:14p ESE 9 66.2 81.8 12:27p 49.1 11:21p 2.8 3.5 0.14 3.5 25.0 5:16p ESE 10 64.8 83.8 3:05p 43.2 5:09a 6.4 6.2 0.15 2.2 19.0 3:39p ESE 11 68.8 79.0 3:13p 56.7 12:00m 0.8 2.9 0.01 5.2 26.0 3:56p ESE 12 60.4 74.2 11:28a 1.2 7:32a 6.6 2.2 0.00 2.6 21.0 1:56p ESE 13 52.3 67.9 12:53p 16.8 5:36a 9.0 0.1 0.06 2.4 25.0 3:28p ESE 14 57.9 69.4 3:32p 23.0 2:04a 7.5 0.7 0.14 6.7 29.0 9:00a ESE 15 61.0 77.0 12:27p 16.2 6:01a 6.6 3.6 0.00 3.4 25.0 10:35a ESE 16 75.0 82.4 5:12p 58.9 11:01p 0.2 5.2 0.00 6.5 28.0 11:12a ESE 17 69.8 77.4 1:04p 54.2 11:58p 0.9 3.5 0.00 3.4 21.0 4:46p ESE 18 66.2 81.8 12:34p 45.7 5:50a 4.9 6.0 0.00 2.2 20.0 4:23p ESE 19 61.9 83.2 12:28p 23.0 6:21a 6.2 3.6 0.00 2.5 20.0 12:49p ESE 20 66.7 73.0 3:45p 57.6 11:01p 0.4 1.0 0.00 3.0 14.0 2:28p ESE 21 83.8 92.7 3:15p 72.7 10:39p 0.0 9.5 0.00 6.0 26.0 2:59p ESE 22 64.8 73.2 1:26p 55.9 11:04p 1.1 1.0 0.02 3.9 29.0 6:07p ESE 23 70.7 82.2 1:18p 53.5 11:05p 0.6 3.5 0.06 6.4 27.0 10:42a ESE 24 69.2 84.3 1:32p 51.4 11:57p 1.4 3.7 0.00 5.4 38.0 3:53p ESE 25 65.9 80.1 12:42p 49.6 2:16a 3.0 3.9 0.01 4.6 29.0 4:51a ESE 26 73.8 83.6 5:28p 55.0 11:59p 0.7 5.5 0.00 4.1 21.0 1:07p ESE 27 64.7 82.6 11:45a 41.2 6:05a 5.8 5.5 0.00 2.7 20.0 5:56p ESE 28 64.7 83.0 1:40p 46.8 5:57a 4.8 4.5 0.00 1.9 18.0 5:59p ESE 29 71.4 87.0 12:26p 47.7 6:33a 1.0 5.4 0.01 4.9 33.0 2:02p ESE 30 57.6 70.9 9:42a 46.7 5:13a 7.6 0.4 0.23 1.8 16.0 12:05p ESE ------------------------------------------------------------------------------------- 64.7 92.7 21 1.2 12 119.2 92.7 1.35 3.7 38.0 24 ESE Max >= 90.0: 1 Max <= 32.0: 0 Min <= 32.0: 7 Min <= 0.0: 0 Max Rain: 0.50 ON 06/06/16 Days of Rain: 8 (>.01 in) 5 (>.1 in) 0 (>1 in) Heat Base: 65.0 Cool Base: 65.0 Method: Integration

Station affiliations

Weather data published to:,
Weather Underground, Citizen Weather Observer Program, WeatherForYou, AnythingWeather.com

Member of: Weather-Matrix, Weather-Watch.com

Quote from the patron saint of the webmaster, St. Alphonsus Liguori :
"My Jesus, Thou alone art sufficient for me.  My love, do not permit me to separate myself from Thee.  When shall I be able to say, 'My God, I cannot lose thee any more?' "

 ©2007 EstesParkWeather.net and ExceptionalWeather.com. EstesParkWeather.net is part of the ExceptionalWeather Network
Radar/maps © Weather Underground. Used with permission.    Valid XHTML 1.0     Valid CSS
Never base important decisions on this or any weather information obtained from the Internet.