NOAA style reports

Note: Some NOAA reports are not available. For a complete summary of all available archival weather data please this page.

Year to date and all Time Records: Are available on the Live page. Look for the Records push button.

2018: Jan | Feb | Mar | Apr | May | Jun | Jul | Aug | Sep | Oct | Nov | Dec 
2017: Jan | Feb | Mar | Apr | May | Jun | Jul | Aug | Sep | Oct | Nov | Dec 
2016: Jan | Feb | Mar | Apr | May | Jun | Jul | Aug | Sep | Oct | Nov | Dec 
2015: Jan | Feb | Mar | Apr | May | Jun | Jul | Aug | Sep | Oct | Nov | Dec 
2014: Jan | Feb | Mar | Apr | May | Jun | Jul | Aug | Sep | Oct | Nov | Dec 
2013: Jan | Feb | Mar | Apr | May | Jun | Jul | Aug | Sep | Oct | Nov | Dec 
2012: Jan | Feb | Mar | Apr | May | Jun | Jul | Aug | Sep | Oct | Nov | Dec 
2011: Jan | Feb | Mar | Apr | May | Jun | Jul | Aug | Sep | Oct | Nov | Dec 
2010: Jan | Feb | Mar | Apr | May | Jun | Jul | Aug | Sep | Oct | Nov | Dec 
2009: Jan | Feb | Mar | Apr | May | Jun | Jul | Aug | Sep | Oct | Nov | Dec 
 2008: Jan | Feb | Mar | Apr | May | Jun | Jul | Aug | Sep | Oct | Nov | Dec 
2007: Jan | Feb | Mar | Apr | May | Jun | Jul | Aug | Sep | Oct | Nov | Dec 
 2006: Jan | Feb | Mar | Apr | May | Jun | Jul | Aug | Sep | Oct | Nov | Dec 

Report for 2016 06
MONTHLY CLIMATOLOGICAL SUMMARY for MAY. 2016 NAME: Estes Park - Truta CITY: Estes Park STATE: Colorado ELEV: 7700 ft LAT: 39 36' 00" N LONG: 104 54' 00" W TEMPERATURE (F), RAIN (in), WIND SPEED (mph) HEAT COOL AVG MEAN DEG DEG WIND DOM DAY TEMP HIGH TIME LOW TIME DAYS DAYS RAIN SPEED HIGH TIME DIR ------------------------------------------------------------------------------------ 1 28.4 33.7 2:51p 2.0 9:42p 26.8 0.0 0.00 2.4 18.0 1:42a ESE 2 44.3 53.9 3:55p 0.6 10:24a 12.3 0.0 0.00 2.7 14.0 12:51p ESE 3 44.2 61.0 10:58a 25.6 4:51a 19.9 0.0 0.00 2.3 19.0 10:45a ESE 4 48.5 66.1 12:37p 25.8 5:08a 12.9 0.0 0.00 1.9 18.0 11:28a ESE 5 62.9 72.1 11:24a 45.5 9:55p 1.9 0.8 0.00 2.8 21.0 12:27p ESE 6 59.4 72.7 9:17a 46.5 10:03p 3.3 0.4 0.03 3.6 26.0 7:01p ESE 7 39.0 43.8 9:54a 9.4 4:41p 15.0 0.0 0.47 6.1 27.0 7:04p ESE 8 42.5 51.6 1:02p 36.3 4:07a 21.7 0.0 0.07 4.2 29.0 10:59a ESE 9 45.2 56.7 12:00p 30.2 4:54a 15.7 0.0 0.12 5.7 28.0 1:36p ESE 10 46.0 53.9 4:37p 36.3 5:04a 16.7 0.0 0.04 6.1 30.0 8:00a ESE 11 47.2 53.9 3:49p 35.0 9:54p 8.9 0.0 0.00 5.6 24.0 11:59a ESE 12 57.6 65.5 1:59p 39.2 10:06p 3.8 0.0 0.00 5.8 26.0 10:14a ESE 13 54.1 66.9 12:01p 41.3 10:03p 5.2 0.1 0.00 4.8 22.0 12:13p ESE 14 39.6 43.3 4:19p 37.5 7:53p 7.0 0.0 0.00 3.8 16.0 4:11p ESE 15 46.9 56.3 10:48a 41.1 10:17p 9.5 0.0 0.23 4.1 29.0 1:09p ESE 16 37.0 44.3 9:20a 32.4 11:29p 25.5 0.0 0.34 2.3 17.0 10:55a ESE 17 34.1 38.5 12:03p 6.8 5:27a 21.0 0.0 0.00 2.1 12.0 12:10p ESE 18 48.6 58.0 11:35a 37.0 11:06p 8.3 0.0 0.05 2.3 18.0 12:10p ESE 19 20 60.6 66.8 1:44p 47.9 11:05p 2.2 0.0 0.00 3.1 18.0 10:09a ESE 21 62.8 69.3 1:37p 44.5 11:59p 2.0 0.8 0.00 3.4 19.0 2:33p ESE 22 55.0 63.1 5:37p 39.1 1:55a 9.1 0.0 0.00 5.9 32.0 8:32p ESE 23 51.6 60.1 3:11p 38.0 11:03p 6.7 0.0 0.00 4.0 21.0 4:34p ESE 24 54.2 63.2 4:08p 40.3 12:00m 5.8 0.0 0.00 3.0 17.0 12:27p ESE 25 48.6 64.3 1:56p 32.5 3:41a 15.7 0.0 0.00 5.3 32.0 12:55p ESE 26 39.1 56.5 9:27a 4.2 5:31a 21.7 0.0 0.00 2.0 18.0 4:57p ESE 27 44.8 57.0 2:54p 35.3 11:59p 19.0 0.0 0.33 3.6 19.0 3:51p ESE 28 47.3 61.3 1:50p 7.0 1:05a 14.2 0.0 0.01 6.1 27.0 11:20a ESE 29 51.0 67.4 1:51p 33.4 4:43a 11.5 0.0 0.03 3.1 24.0 1:35p ESE 30 57.2 67.4 11:53a 47.1 11:59p 4.3 0.1 0.00 5.9 33.0 5:32p ESE 31 50.2 59.0 3:28p 41.2 6:17a 13.6 0.0 0.00 3.7 21.0 2:10p ESE ------------------------------------------------------------------------------------- 48.3 72.7 6 0.6 2 361.2 2.2 1.72 3.9 33.0 30 ESE Max >= 90.0: 0 Max <= 32.0: 0 Min <= 32.0: 9 Min <= 0.0: 0 Max Rain: 0.47 ON 05/07/16 Days of Rain: 10 (>.01 in) 5 (>.1 in) 0 (>1 in) Heat Base: 65.0 Cool Base: 65.0 Method: Integration

Station affiliations

Weather data published to:,
Weather Underground, Citizen Weather Observer Program, WeatherForYou, AnythingWeather.com

Member of: Weather-Matrix, Weather-Watch.com

Quote from the patron saint of the webmaster, St. Alphonsus Liguori :
"My Jesus, Thou alone art sufficient for me.  My love, do not permit me to separate myself from Thee.  When shall I be able to say, 'My God, I cannot lose thee any more?' "

 ©2007 EstesParkWeather.net and ExceptionalWeather.com. EstesParkWeather.net is part of the ExceptionalWeather Network
Radar/maps © Weather Underground. Used with permission.    Valid XHTML 1.0     Valid CSS
Never base important decisions on this or any weather information obtained from the Internet.