NOAA style reports

Note: Some NOAA reports are not available. For a complete summary of all available archival weather data please this page.

Year to date and all Time Records: Are available on the Live page. Look for the Records push button.

2018: Jan | Feb | Mar | Apr | May | Jun | Jul | Aug | Sep | Oct | Nov | Dec 
2017: Jan | Feb | Mar | Apr | May | Jun | Jul | Aug | Sep | Oct | Nov | Dec 
2016: Jan | Feb | Mar | Apr | May | Jun | Jul | Aug | Sep | Oct | Nov | Dec 
2015: Jan | Feb | Mar | Apr | May | Jun | Jul | Aug | Sep | Oct | Nov | Dec 
2014: Jan | Feb | Mar | Apr | May | Jun | Jul | Aug | Sep | Oct | Nov | Dec 
2013: Jan | Feb | Mar | Apr | May | Jun | Jul | Aug | Sep | Oct | Nov | Dec 
2012: Jan | Feb | Mar | Apr | May | Jun | Jul | Aug | Sep | Oct | Nov | Dec 
2011: Jan | Feb | Mar | Apr | May | Jun | Jul | Aug | Sep | Oct | Nov | Dec 
2010: Jan | Feb | Mar | Apr | May | Jun | Jul | Aug | Sep | Oct | Nov | Dec 
2009: Jan | Feb | Mar | Apr | May | Jun | Jul | Aug | Sep | Oct | Nov | Dec 
 2008: Jan | Feb | Mar | Apr | May | Jun | Jul | Aug | Sep | Oct | Nov | Dec 
2007: Jan | Feb | Mar | Apr | May | Jun | Jul | Aug | Sep | Oct | Nov | Dec 
 2006: Jan | Feb | Mar | Apr | May | Jun | Jul | Aug | Sep | Oct | Nov | Dec 

Report for 2016 04
MONTHLY CLIMATOLOGICAL SUMMARY for MAR. 2016 NAME: Estes Park - Truta CITY: Estes Park STATE: Colorado ELEV: 7700 ft LAT: 39 36' 00" N LONG: 104 54' 00" W TEMPERATURE (F), RAIN (in), WIND SPEED (mph) HEAT COOL AVG MEAN DEG DEG WIND DOM DAY TEMP HIGH TIME LOW TIME DAYS DAYS RAIN SPEED HIGH TIME DIR ------------------------------------------------------------------------------------ 1 35.0 47.0 4:41p 2.6 6:36a 23.0 0.0 0.00 7.5 35.0 9:49p ESE 2 39.9 46.8 2:31p 32.9 7:58a 22.9 0.0 0.04 11.2 42.0 2:18a ESE 3 45.6 56.2 2:41p 31.2 11:39p 10.7 0.0 0.00 6.8 28.0 12:15p N 4 41.2 56.5 2:28p 23.9 11:57p 22.9 0.0 0.00 4.5 26.0 9:34a ESE 5 36.9 58.6 2:29p 0.0 8:10a 22.8 0.0 0.00 3.9 29.0 10:58p ESE 6 46.1 53.3 10:35a 41.3 10:52p 18.1 0.0 0.00 9.8 30.0 11:25a ESE 7 31.6 42.6 2:36p 6.5 11:22a 25.6 0.0 0.00 7.4 27.0 2:09p ESE 8 30.7 38.8 10:16a 20.8 11:54p 18.6 0.0 0.01 2.3 16.0 10:45a ESE 9 31.8 43.3 11:42a 18.4 2:01a 31.8 0.0 0.00 5.0 28.0 1:36p ESE 10 41.7 56.2 3:54p 14.0 8:45p 19.3 0.0 0.00 8.6 32.0 5:40a ESE 11 51.3 63.9 2:15p 34.1 12:00m 7.6 0.0 0.00 5.2 25.0 12:30p ESE 12 42.4 62.1 11:53a 26.3 6:13a 21.1 0.0 0.00 5.2 25.0 9:26p ESE 13 44.3 52.6 1:17p 22.1 4:42p 10.4 0.0 0.00 6.4 26.0 1:37p ESE 14 35.5 43.8 9:56a 13.4 10:26a 15.3 0.0 0.02 5.3 30.0 3:04p ESE 15 27.2 31.9 12:42p 24.1 10:06p 19.2 0.0 0.00 6.4 31.0 2:20p ESE 16 29.6 32.8 1:27p 26.9 9:07a 20.9 0.0 0.00 7.0 31.0 10:44a ESE 17 23.8 28.1 12:32a 20.2 11:22p 40.0 0.0 0.02 2.6 16.0 2:15a ESE 18 16.2 22.7 2:19p 8.8 11:29p 42.1 0.0 0.00 2.5 14.0 2:57a ESE 19 16.5 27.9 10:23a 3.8 11:39p 45.4 0.0 0.13 1.4 19.0 4:39p ESE 20 -2.0 51.9 3:44p-438.2 5:03a 51.9 0.0 0.02 3.1 20.0 11:24a ESE 21 54.3 60.2 2:13p 47.9 9:07a 5.5 0.0 0.00 14.0 37.0 6:58p ESE 22 48.1 55.9 2:20p 33.5 11:40p 10.0 0.0 0.00 10.5 35.0 12:30p ESE 23 27.6 33.5 12:01a 23.3 9:17a 33.4 0.0 0.03 3.4 29.0 8:51a ESE 24 35.1 39.9 1:57p 11.2 4:42p 17.8 0.0 0.21 10.8 31.0 10:08a ESE 25 29.3 37.2 4:52p 17.5 11:53p 34.4 0.0 0.02 8.7 36.0 8:27a ESE 26 19.6 30.9 4:43p 7.4 4:32a 38.7 0.0 0.00 1.8 16.0 10:36a ESE 27 31.7 44.1 4:41p 1.9 12:00m 31.2 0.0 0.00 8.0 32.0 10:24a ESE 28 34.4 52.6 12:42p 0.2 12:52a 23.6 0.0 0.00 3.4 20.0 8:50a ESE 29 39.3 50.1 11:51a 32.7 9:16p 13.1 0.0 0.07 2.7 16.0 2:14p ESE 30 30.9 37.3 11:58a 26.7 8:48p 17.5 0.0 0.02 6.0 22.0 2:18p ESE 31 28.9 36.9 10:59a 18.8 11:38p 21.2 0.0 0.01 4.7 24.0 9:12a ESE ------------------------------------------------------------------------------------- 33.7 63.9 11 -438.2 20 736.0 0.0 0.60 6.0 42.0 2 ESE Max >= 90.0: 0 Max <= 32.0: 5 Min <= 32.0: 25 Min <= 0.0: 2 Max Rain: 0.21 ON 03/24/16 Days of Rain: 10 (>.01 in) 2 (>.1 in) 0 (>1 in) Heat Base: 65.0 Cool Base: 65.0 Method: Integration

Station affiliations

Weather data published to:,
Weather Underground, Citizen Weather Observer Program, WeatherForYou, AnythingWeather.com

Member of: Weather-Matrix, Weather-Watch.com

Quote from the patron saint of the webmaster, St. Alphonsus Liguori :
"My Jesus, Thou alone art sufficient for me.  My love, do not permit me to separate myself from Thee.  When shall I be able to say, 'My God, I cannot lose thee any more?' "

 ©2007 EstesParkWeather.net and ExceptionalWeather.com. EstesParkWeather.net is part of the ExceptionalWeather Network
Radar/maps © Weather Underground. Used with permission.    Valid XHTML 1.0     Valid CSS
Never base important decisions on this or any weather information obtained from the Internet.