NOAA style reports

Note: Some NOAA reports are not available. For a complete summary of all available archival weather data please this page.

Year to date and all Time Records: Are available on the Live page. Look for the Records push button.

2018: Jan | Feb | Mar | Apr | May | Jun | Jul | Aug | Sep | Oct | Nov | Dec 
2017: Jan | Feb | Mar | Apr | May | Jun | Jul | Aug | Sep | Oct | Nov | Dec 
2016: Jan | Feb | Mar | Apr | May | Jun | Jul | Aug | Sep | Oct | Nov | Dec 
2015: Jan | Feb | Mar | Apr | May | Jun | Jul | Aug | Sep | Oct | Nov | Dec 
2014: Jan | Feb | Mar | Apr | May | Jun | Jul | Aug | Sep | Oct | Nov | Dec 
2013: Jan | Feb | Mar | Apr | May | Jun | Jul | Aug | Sep | Oct | Nov | Dec 
2012: Jan | Feb | Mar | Apr | May | Jun | Jul | Aug | Sep | Oct | Nov | Dec 
2011: Jan | Feb | Mar | Apr | May | Jun | Jul | Aug | Sep | Oct | Nov | Dec 
2010: Jan | Feb | Mar | Apr | May | Jun | Jul | Aug | Sep | Oct | Nov | Dec 
2009: Jan | Feb | Mar | Apr | May | Jun | Jul | Aug | Sep | Oct | Nov | Dec 
 2008: Jan | Feb | Mar | Apr | May | Jun | Jul | Aug | Sep | Oct | Nov | Dec 
2007: Jan | Feb | Mar | Apr | May | Jun | Jul | Aug | Sep | Oct | Nov | Dec 
 2006: Jan | Feb | Mar | Apr | May | Jun | Jul | Aug | Sep | Oct | Nov | Dec 

Report for 2016 03
MONTHLY CLIMATOLOGICAL SUMMARY for FEB. 2016 NAME: Estes Park - Truta CITY: Estes Park STATE: Colorado ELEV: 7700 ft LAT: 39 36' 00" N LONG: 104 54' 00" W TEMPERATURE (F), RAIN (in), WIND SPEED (mph) HEAT COOL AVG MEAN DEG DEG WIND DOM DAY TEMP HIGH TIME LOW TIME DAYS DAYS RAIN SPEED HIGH TIME DIR ------------------------------------------------------------------------------------ 1 17.8 22.4 2:17p 13.6 7:16a 32.7 0.0 0.00 2.0 16.0 4:55p ESE 2 12.2 18.1 12:42p 2.8 11:56p 51.0 0.0 0.00 2.0 13.0 11:07a ESE 3 -29.4 18.1 12:33p-441.0 3:02a 73.0 0.0 0.00 6.9 32.0 9:40p W 4 24.1 31.0 12:21p 19.1 10:39p 21.0 0.0 0.00 12.3 34.0 2:35p W 5 26.1 29.1 1:02p 0.2 11:08p 21.4 0.0 0.00 11.1 30.0 5:49p WNW 6 34.3 43.8 1:21p 25.0 1:41a 28.6 0.0 0.03 16.1 56.0 11:04p WNW 7 35.6 38.6 1:08p 9.0 5:41p 16.2 0.0 0.00 10.1 40.0 11:56a N 8 40.2 47.7 12:38p 34.7 1:20a 24.2 0.0 0.00 10.4 37.0 9:18a WNW 9 43.6 53.8 3:38p 36.2 4:25a 17.7 0.0 0.00 10.0 26.0 6:08a W 10 46.7 56.0 3:22p 40.6 5:54a 17.6 0.0 0.00 10.7 37.0 3:47p N 11 46.6 56.3 12:28p 19.3 8:07a 14.7 0.0 0.00 8.7 40.0 6:27a N 12 13 45.6 55.3 1:18p 36.6 11:51p 10.7 0.0 0.00 14.5 42.0 12:22p NNE 14 36.6 41.9 10:09a 31.3 10:05p 26.5 0.0 0.00 16.1 51.0 7:45a W 15 38.8 39.1 11:07p 38.5 12:00m 0.6 0.0 0.00 13.3 30.0 11:20p WNW 16 42.2 49.8 12:35p 36.6 12:33a 20.3 0.0 0.00 11.1 43.0 11:58a NW 17 54.3 60.7 2:43p 49.9 8:54p 5.9 0.0 0.00 10.9 36.0 11:15p N 18 47.5 55.3 3:51p 30.3 9:53p 16.2 0.0 0.01 15.4 57.0 5:51a N 19 45.5 50.2 2:47p 42.8 11:48p 10.7 0.0 0.00 17.4 46.0 1:26p N 20 43.4 51.1 10:39a 36.9 10:37p 20.2 0.0 0.00 12.4 41.0 3:40a NNE 21 22 30.2 40.2 12:01p 22.5 10:49p 17.8 0.0 0.00 3.8 19.0 8:13p ESE 23 25.2 34.3 5:04p 11.2 11:57p 21.6 0.0 0.03 2.4 14.0 3:19p N 24 30.5 42.8 2:59p 11.1 12:03a 33.1 0.0 0.00 9.3 33.0 2:47a WNW 25 24.9 42.9 3:06p 5.1 7:34p 32.1 0.0 0.00 3.2 30.0 10:16p E 26 44.4 57.6 1:53p 13.3 1:05a 19.6 0.0 0.00 8.7 26.0 3:17p ESE 27 45.3 56.3 2:22p 16.0 3:00a 12.2 0.0 0.00 10.9 34.0 8:00p ESE 28 46.3 53.6 2:31p 39.6 11:59p 10.2 0.0 0.00 7.5 28.0 10:34a ESE 29 38.0 46.0 12:20p 27.8 12:00m 25.9 0.0 0.00 11.2 39.0 8:39a ESE ------------------------------------------------------------------------------------- 34.7 60.7 17 -441.0 3 601.7 0.0 0.07 9.9 57.0 18 ESE Max >= 90.0: 0 Max <= 32.0: 5 Min <= 32.0: 17 Min <= 0.0: 1 Max Rain: 0.03 ON 02/06/16 Days of Rain: 2 (>.01 in) 0 (>.1 in) 0 (>1 in) Heat Base: 65.0 Cool Base: 65.0 Method: Integration

Station affiliations

Weather data published to:,
Weather Underground, Citizen Weather Observer Program, WeatherForYou, AnythingWeather.com

Member of: Weather-Matrix, Weather-Watch.com

Quote from the patron saint of the webmaster, St. Alphonsus Liguori :
"My Jesus, Thou alone art sufficient for me.  My love, do not permit me to separate myself from Thee.  When shall I be able to say, 'My God, I cannot lose thee any more?' "

 ©2007 EstesParkWeather.net and ExceptionalWeather.com. EstesParkWeather.net is part of the ExceptionalWeather Network
Radar/maps © Weather Underground. Used with permission.    Valid XHTML 1.0     Valid CSS
Never base important decisions on this or any weather information obtained from the Internet.