NOAA style reports

Note: Some NOAA reports are not available. For a complete summary of all available archival weather data please this page.

Year to date and all Time Records: Are available on the Live page. Look for the Records push button.

2018: Jan | Feb | Mar | Apr | May | Jun | Jul | Aug | Sep | Oct | Nov | Dec 
2017: Jan | Feb | Mar | Apr | May | Jun | Jul | Aug | Sep | Oct | Nov | Dec 
2016: Jan | Feb | Mar | Apr | May | Jun | Jul | Aug | Sep | Oct | Nov | Dec 
2015: Jan | Feb | Mar | Apr | May | Jun | Jul | Aug | Sep | Oct | Nov | Dec 
2014: Jan | Feb | Mar | Apr | May | Jun | Jul | Aug | Sep | Oct | Nov | Dec 
2013: Jan | Feb | Mar | Apr | May | Jun | Jul | Aug | Sep | Oct | Nov | Dec 
2012: Jan | Feb | Mar | Apr | May | Jun | Jul | Aug | Sep | Oct | Nov | Dec 
2011: Jan | Feb | Mar | Apr | May | Jun | Jul | Aug | Sep | Oct | Nov | Dec 
2010: Jan | Feb | Mar | Apr | May | Jun | Jul | Aug | Sep | Oct | Nov | Dec 
2009: Jan | Feb | Mar | Apr | May | Jun | Jul | Aug | Sep | Oct | Nov | Dec 
 2008: Jan | Feb | Mar | Apr | May | Jun | Jul | Aug | Sep | Oct | Nov | Dec 
2007: Jan | Feb | Mar | Apr | May | Jun | Jul | Aug | Sep | Oct | Nov | Dec 
 2006: Jan | Feb | Mar | Apr | May | Jun | Jul | Aug | Sep | Oct | Nov | Dec 

Report for 2016 02
MONTHLY CLIMATOLOGICAL SUMMARY for JAN. 2016 NAME: Estes Park - Truta CITY: Estes Park STATE: Colorado ELEV: 7700 ft LAT: 39 36' 00" N LONG: 104 54' 00" W TEMPERATURE (F), RAIN (in), WIND SPEED (mph) HEAT COOL AVG MEAN DEG DEG WIND DOM DAY TEMP HIGH TIME LOW TIME DAYS DAYS RAIN SPEED HIGH TIME DIR ------------------------------------------------------------------------------------ 1 2 26.7 40.5 12:55p 16.1 10:06a 20.8 0.0 0.00 0.9 13.0 11:54p E 3 31.2 48.8 12:08p 17.0 11:59p 32.8 0.0 0.00 1.8 19.0 1:01a ESE 4 21.0 48.6 2:17p 0.0 6:25p 37.9 0.0 0.00 0.9 14.0 1:13p W 5 28.5 46.0 1:05p 13.8 5:27a 33.8 0.0 0.00 2.0 20.0 9:51p E 6 31.8 42.5 1:38p 20.3 10:43p 16.9 0.0 0.00 2.5 17.0 12:23p W 7 29.9 35.8 12:37p 0.4 11:08p 19.5 0.0 0.00 2.1 14.0 12:59p E 8 19.5 26.0 12:01a 7.9 11:56p 44.3 0.0 0.02 2.3 12.0 3:50p E 9 14.6 29.3 1:31p 0.8 5:58a 39.7 0.0 0.01 3.3 26.0 2:53p NW 10 24.0 29.7 1:07p 1.4 11:39a 28.2 0.0 0.00 10.4 31.0 7:08a WNW 11 28.5 36.0 2:58p 21.6 12:18a 35.5 0.0 0.00 11.8 38.0 8:35p W 12 25.1 40.3 12:32p 1.4 4:11a 33.3 0.0 0.00 11.5 44.0 3:08p W 13 40.3 44.8 3:31p 35.9 11:00p 12.7 0.0 0.00 12.9 36.0 1:20p WNW 14 28.3 32.8 1:52p 1.4 11:24a 19.0 0.0 0.00 11.9 38.0 12:00p W 15 22.5 29.7 11:54a 12.9 10:30p 21.7 0.0 0.00 5.0 20.0 10:42a ESE 16 25.7 31.5 2:32p 0.0 5:41p 20.3 0.0 0.00 7.4 31.0 2:20p W 17 30.6 35.9 12:12p 27.3 7:43p 19.0 0.0 0.00 10.7 32.0 11:48a W 18 35.3 43.3 2:07p 29.4 12:06a 27.8 0.0 0.00 9.8 35.0 1:00a W 19 34.8 40.1 1:24p 29.3 5:36p 16.8 0.0 0.00 6.1 25.0 1:38p W 20 30.7 37.8 1:14p 24.5 8:45p 32.1 0.0 0.00 7.5 32.0 7:41a WNW 21 26.4 28.2 11:06p 25.4 11:53p 1.0 0.0 0.00 2.2 10.0 11:54p NNE 22 41.6 53.8 11:31a 22.4 12:41a 22.6 0.0 0.00 7.3 25.0 1:34p W 23 40.7 50.8 1:41p 10.0 2:43a 20.0 0.0 0.00 6.8 25.0 12:29p W 24 33.3 42.2 2:16p 2.2 9:33p 27.5 0.0 0.00 6.2 31.0 11:52a ESE 25 24.6 32.4 12:01p 13.8 11:43p 22.2 0.0 0.00 5.9 21.0 1:28p WNW 26 27.6 37.9 3:43p 13.5 12:09a 35.1 0.0 0.00 5.5 24.0 1:08a WNW 27 33.0 37.0 11:06p 11.2 11:25p 0.8 0.0 0.00 6.1 18.0 11:10p WSW 28 40.4 50.2 2:34p 9.6 12:41a 22.7 0.0 0.00 10.4 33.0 10:29p WNW 29 41.3 45.1 2:03p 38.0 10:06a 12.1 0.0 0.00 17.0 44.0 6:55p W 30 36.0 47.3 10:38a 25.7 11:57p 16.1 0.0 0.00 6.4 42.0 11:09a W 31 22.3 29.1 11:57a 17.7 7:44a 41.5 0.0 0.00 3.7 29.0 12:36p ESE ------------------------------------------------------------------------------------- 29.9 53.8 22 0.0 4 733.7 0.0 0.03 6.6 44.0 12 W Max >= 90.0: 0 Max <= 32.0: 7 Min <= 32.0: 28 Min <= 0.0: 2 Max Rain: 0.02 ON 01/08/16 Days of Rain: 1 (>.01 in) 0 (>.1 in) 0 (>1 in) Heat Base: 65.0 Cool Base: 65.0 Method: Integration

Station affiliations

Weather data published to:,
Weather Underground, Citizen Weather Observer Program, WeatherForYou, AnythingWeather.com

Member of: Weather-Matrix, Weather-Watch.com

Quote from the patron saint of the webmaster, St. Alphonsus Liguori :
"My Jesus, Thou alone art sufficient for me.  My love, do not permit me to separate myself from Thee.  When shall I be able to say, 'My God, I cannot lose thee any more?' "

 ©2007 EstesParkWeather.net and ExceptionalWeather.com. EstesParkWeather.net is part of the ExceptionalWeather Network
Radar/maps © Weather Underground. Used with permission.    Valid XHTML 1.0     Valid CSS
Never base important decisions on this or any weather information obtained from the Internet.