NOAA style reports

Note: Some NOAA reports are not available. For a complete summary of all available archival weather data please this page.

Year to date and all Time Records: Are available on the Live page. Look for the Records push button.

2018: Jan | Feb | Mar | Apr | May | Jun | Jul | Aug | Sep | Oct | Nov | Dec 
2017: Jan | Feb | Mar | Apr | May | Jun | Jul | Aug | Sep | Oct | Nov | Dec 
2016: Jan | Feb | Mar | Apr | May | Jun | Jul | Aug | Sep | Oct | Nov | Dec 
2015: Jan | Feb | Mar | Apr | May | Jun | Jul | Aug | Sep | Oct | Nov | Dec 
2014: Jan | Feb | Mar | Apr | May | Jun | Jul | Aug | Sep | Oct | Nov | Dec 
2013: Jan | Feb | Mar | Apr | May | Jun | Jul | Aug | Sep | Oct | Nov | Dec 
2012: Jan | Feb | Mar | Apr | May | Jun | Jul | Aug | Sep | Oct | Nov | Dec 
2011: Jan | Feb | Mar | Apr | May | Jun | Jul | Aug | Sep | Oct | Nov | Dec 
2010: Jan | Feb | Mar | Apr | May | Jun | Jul | Aug | Sep | Oct | Nov | Dec 
2009: Jan | Feb | Mar | Apr | May | Jun | Jul | Aug | Sep | Oct | Nov | Dec 
 2008: Jan | Feb | Mar | Apr | May | Jun | Jul | Aug | Sep | Oct | Nov | Dec 
2007: Jan | Feb | Mar | Apr | May | Jun | Jul | Aug | Sep | Oct | Nov | Dec 
 2006: Jan | Feb | Mar | Apr | May | Jun | Jul | Aug | Sep | Oct | Nov | Dec 

Report for 2016 01
MONTHLY CLIMATOLOGICAL SUMMARY for DEC. 2015 NAME: Estes Park - Truta CITY: Estes Park STATE: Colorado ELEV: 7700 ft LAT: 39 36' 00" N LONG: 104 54' 00" W TEMPERATURE (F), RAIN (in), WIND SPEED (mph) HEAT COOL AVG MEAN DEG DEG WIND DOM DAY TEMP HIGH TIME LOW TIME DAYS DAYS RAIN SPEED HIGH TIME DIR ------------------------------------------------------------------------------------ 1 27.0 30.6 11:02p 0.5 1:34p 19.4 0.0 0.00 12.7 41.0 10:26a W 2 35.7 39.1 2:48p 11.3 11:14a 16.1 0.0 0.00 10.1 28.0 11:54a WSW 3 32.6 43.5 1:35p 14.9 11:52p 31.1 0.0 0.00 6.6 30.0 3:47a W 4 39.0 54.1 2:01p 13.3 12:38a 22.6 0.0 0.00 5.7 28.0 12:17p W 5 33.5 42.4 12:22a 21.8 11:06p 29.0 0.0 0.00 6.9 27.0 3:47p W 6 43.8 51.0 2:11p 17.7 6:23p 11.7 0.0 0.00 9.8 34.0 12:16p W 7 43.9 49.8 2:16p 37.0 12:01a 19.6 0.0 0.00 14.7 43.0 7:02a W 8 44.0 48.2 12:11p 41.3 9:44p 10.7 0.0 0.00 13.9 44.0 11:30a WSW 9 49.2 55.9 2:47p 44.3 11:26p 8.6 0.0 0.00 14.0 45.0 4:55p WSW 10 43.4 48.5 7:27p 36.3 5:13a 20.1 0.0 0.00 9.7 34.0 12:57a WSW 11 31.3 41.6 1:15p 25.8 9:02p 18.5 0.0 0.04 2.7 17.0 4:20p ESE 12 23.5 26.7 2:09a 16.1 12:00m 40.1 0.0 0.00 1.6 12.0 7:53a ESE 13 21.3 47.0 2:12p 3.4 8:14a 34.3 0.0 0.04 1.2 17.0 9:40p N 14 30.7 43.6 12:26p 10.9 3:22p 18.7 0.0 0.00 3.9 14.0 11:49a E 15 18.3 21.9 12:06a 14.3 6:07p 43.4 0.0 0.00 4.1 30.0 11:05p W 16 17.5 23.3 11:56a 10.0 8:25p 26.1 0.0 0.00 8.4 31.0 10:19a W 17 17.2 23.0 11:59p 13.3 6:03a 45.9 0.0 0.00 10.8 45.0 2:33p W 18 25.1 42.9 2:11p 0.0 5:28a 32.9 0.0 0.00 13.1 53.0 6:46a W 19 46.8 51.1 12:31p 23.9 11:13a 9.3 0.0 0.00 10.1 35.0 10:08a WNW 20 33.2 41.2 10:18a 28.4 6:37p 16.1 0.0 0.00 7.9 29.0 9:53p ESE 21 32.0 35.3 12:08p 29.7 11:04p 16.9 0.0 0.00 13.0 41.0 2:34p WNW 22 29.8 36.9 2:00p 20.3 11:17p 19.2 0.0 0.00 3.2 25.0 1:07p ESE 23 19.6 28.1 1:12p 11.9 3:24a 43.9 0.0 0.08 4.2 30.0 8:06p W 24 15.5 20.5 11:46a 7.4 9:36p 40.8 0.0 0.00 6.2 27.0 2:07a W 25 20.8 31.5 1:50p 15.2 11:58p 24.1 0.0 0.01 2.1 13.0 7:35p ENE 26 8.7 19.9 3:52p -7.0 11:47p 54.6 0.0 0.02 1.2 12.0 12:00p NE 27 -42.5 33.1 12:56p-448.0 5:33a 87.0 0.0 0.01 1.1 14.0 1:31p NE 28 2.0 36.2 11:09a-441.7 1:44a 60.4 0.0 0.00 4.6 28.0 3:01p WNW 29 -4.9 29.8 12:38p-437.6 6:23a 56.7 0.0 0.00 1.4 13.0 3:57p NE 30 11.8 25.3 12:07p 0.7 6:06a 47.7 0.0 0.00 2.8 21.0 11:04a W 31 -11.1 22.4 1:39p-437.6 6:03a 66.6 0.0 0.00 1.0 13.0 1:46p NE ------------------------------------------------------------------------------------- 23.8 55.9 9 -448.0 27 992.1 0.0 0.20 6.7 53.0 18 W Max >= 90.0: 0 Max <= 32.0: 12 Min <= 32.0: 27 Min <= 0.0: 6 Max Rain: 0.08 ON 12/23/15 Days of Rain: 4 (>.01 in) 0 (>.1 in) 0 (>1 in) Heat Base: 65.0 Cool Base: 65.0 Method: Integration

Station affiliations

Weather data published to:,
Weather Underground, Citizen Weather Observer Program, WeatherForYou, AnythingWeather.com

Member of: Weather-Matrix, Weather-Watch.com

Quote from the patron saint of the webmaster, St. Alphonsus Liguori :
"My Jesus, Thou alone art sufficient for me.  My love, do not permit me to separate myself from Thee.  When shall I be able to say, 'My God, I cannot lose thee any more?' "

 ©2007 EstesParkWeather.net and ExceptionalWeather.com. EstesParkWeather.net is part of the ExceptionalWeather Network
Radar/maps © Weather Underground. Used with permission.    Valid XHTML 1.0     Valid CSS
Never base important decisions on this or any weather information obtained from the Internet.