NOAA style reports

Note: Some NOAA reports are not available. For a complete summary of all available archival weather data please this page.

Year to date and all Time Records: Are available on the Live page. Look for the Records push button.

2018: Jan | Feb | Mar | Apr | May | Jun | Jul | Aug | Sep | Oct | Nov | Dec 
2017: Jan | Feb | Mar | Apr | May | Jun | Jul | Aug | Sep | Oct | Nov | Dec 
2016: Jan | Feb | Mar | Apr | May | Jun | Jul | Aug | Sep | Oct | Nov | Dec 
2015: Jan | Feb | Mar | Apr | May | Jun | Jul | Aug | Sep | Oct | Nov | Dec 
2014: Jan | Feb | Mar | Apr | May | Jun | Jul | Aug | Sep | Oct | Nov | Dec 
2013: Jan | Feb | Mar | Apr | May | Jun | Jul | Aug | Sep | Oct | Nov | Dec 
2012: Jan | Feb | Mar | Apr | May | Jun | Jul | Aug | Sep | Oct | Nov | Dec 
2011: Jan | Feb | Mar | Apr | May | Jun | Jul | Aug | Sep | Oct | Nov | Dec 
2010: Jan | Feb | Mar | Apr | May | Jun | Jul | Aug | Sep | Oct | Nov | Dec 
2009: Jan | Feb | Mar | Apr | May | Jun | Jul | Aug | Sep | Oct | Nov | Dec 
 2008: Jan | Feb | Mar | Apr | May | Jun | Jul | Aug | Sep | Oct | Nov | Dec 
2007: Jan | Feb | Mar | Apr | May | Jun | Jul | Aug | Sep | Oct | Nov | Dec 
 2006: Jan | Feb | Mar | Apr | May | Jun | Jul | Aug | Sep | Oct | Nov | Dec 

Report for 2015 12
MONTHLY CLIMATOLOGICAL SUMMARY for NOV. 2015 NAME: Estes Park - Truta CITY: Estes Park STATE: Colorado ELEV: 7700 ft LAT: 39 36' 00" N LONG: 104 54' 00" W TEMPERATURE (F), RAIN (in), WIND SPEED (mph) HEAT COOL AVG MEAN DEG DEG WIND DOM DAY TEMP HIGH TIME LOW TIME DAYS DAYS RAIN SPEED HIGH TIME DIR ------------------------------------------------------------------------------------ 1 52.2 61.8 2:50p 44.8 7:22a 8.8 0.0 0.00 9.5 34.0 3:16a W 2 50.1 64.8 2:38p 29.1 11:59p 7.6 0.0 0.00 4.9 26.0 11:13a ESE 3 45.7 64.0 3:23p 25.4 2:40a 18.7 0.0 0.00 3.1 26.0 11:36a WNW 4 37.3 48.0 11:06a 30.7 12:05a 14.2 0.0 0.12 1.8 18.0 1:23p E 5 32.2 40.8 1:03p 28.1 7:00a 31.7 0.0 0.03 5.6 34.0 6:31p W 6 30.8 39.2 3:33p 23.9 8:29p 17.5 0.0 0.00 5.4 25.0 11:43a W 7 31.1 52.0 12:48p 13.3 7:35a 33.0 0.0 0.00 1.9 18.0 1:02a ESE 8 33.8 63.9 12:55p 0.2 10:51p 27.3 0.0 0.00 0.8 12.0 1:54p E 9 38.3 55.1 2:06p 2.4 2:54a 25.3 0.0 0.00 5.4 31.0 2:09p W 10 39.4 54.2 12:52p 7.2 9:31p 21.4 0.0 0.00 4.9 32.0 3:45a W 11 29.9 33.1 11:19a 27.0 7:28p 12.9 0.0 0.07 13.9 42.0 4:33p W 12 31.4 40.2 3:30p 23.3 10:58p 32.0 0.0 0.01 8.8 36.0 1:15a WSW 13 42.5 51.3 2:56p 30.3 9:58p 11.6 0.0 0.00 6.6 24.0 11:40a W 14 42.2 60.2 1:21p 23.5 11:48p 22.0 0.0 0.00 2.6 18.0 12:25a WSW 15 40.0 52.6 2:14p 19.9 2:06a 20.7 0.0 0.00 6.0 29.0 12:18p W 16 35.1 45.7 4:23a 27.9 11:32p 27.9 0.0 0.00 2.7 19.0 12:58a ESE 17 33.7 39.8 1:24p 27.9 12:01a 16.1 0.0 0.01 14.6 47.0 5:15p W 18 33.3 38.9 12:30p 29.0 12:38a 30.7 0.0 0.00 15.4 52.0 5:15a W 19 35.1 39.9 2:54p 29.5 3:04a 24.3 0.0 0.00 12.5 40.0 9:34a W 20 33.0 39.9 3:35p 18.8 9:57p 22.8 0.0 0.08 4.4 35.0 1:59p W 21 34.1 35.5 3:43p 30.0 12:44p 13.5 0.0 0.00 11.5 36.0 8:08p W 22 42.7 45.2 8:02p 40.2 10:51p 4.0 0.0 0.00 9.4 25.0 6:36p WSW 23 47.0 53.1 2:20p 42.6 7:42p 9.9 0.0 0.00 7.9 24.0 10:22a W 24 43.0 50.2 1:40p 24.8 10:43p 20.4 0.0 0.00 7.7 39.0 12:21p W 25 27.6 46.0 10:07a 18.9 11:12p 20.4 0.0 0.00 3.6 16.0 10:20a E 26 13.2 19.2 12:24a 5.2 8:10p 50.0 0.0 0.04 2.7 11.0 1:35p ENE 27 10.1 23.0 2:03p 4.2 5:30a 45.4 0.0 0.04 1.7 13.0 4:07p NE 28 16.2 26.9 12:42p 2.2 3:48a 46.6 0.0 0.09 1.0 13.0 2:20p NE 29 17.3 32.1 1:09p 0.0 1:28p 29.0 0.0 0.00 1.8 20.0 1:18p NE 30 18.1 21.8 1:05p 15.9 7:44p 23.8 0.0 0.00 13.1 38.0 10:01p WSW ------------------------------------------------------------------------------------- 33.9 64.8 2 0.0 29 689.5 0.0 0.49 6.4 52.0 18 W Max >= 90.0: 0 Max <= 32.0: 4 Min <= 32.0: 27 Min <= 0.0: 1 Max Rain: 0.12 ON 11/04/15 Days of Rain: 7 (>.01 in) 1 (>.1 in) 0 (>1 in) Heat Base: 65.0 Cool Base: 65.0 Method: Integration

Station affiliations

Weather data published to:,
Weather Underground, Citizen Weather Observer Program, WeatherForYou, AnythingWeather.com

Member of: Weather-Matrix, Weather-Watch.com

Quote from the patron saint of the webmaster, St. Alphonsus Liguori :
"My Jesus, Thou alone art sufficient for me.  My love, do not permit me to separate myself from Thee.  When shall I be able to say, 'My God, I cannot lose thee any more?' "

 ©2007 EstesParkWeather.net and ExceptionalWeather.com. EstesParkWeather.net is part of the ExceptionalWeather Network
Radar/maps © Weather Underground. Used with permission.    Valid XHTML 1.0     Valid CSS
Never base important decisions on this or any weather information obtained from the Internet.