NOAA style reports

Note: Some NOAA reports are not available. For a complete summary of all available archival weather data please this page.

Year to date and all Time Records: Are available on the Live page. Look for the Records push button.

2018: Jan | Feb | Mar | Apr | May | Jun | Jul | Aug | Sep | Oct | Nov | Dec 
2017: Jan | Feb | Mar | Apr | May | Jun | Jul | Aug | Sep | Oct | Nov | Dec 
2016: Jan | Feb | Mar | Apr | May | Jun | Jul | Aug | Sep | Oct | Nov | Dec 
2015: Jan | Feb | Mar | Apr | May | Jun | Jul | Aug | Sep | Oct | Nov | Dec 
2014: Jan | Feb | Mar | Apr | May | Jun | Jul | Aug | Sep | Oct | Nov | Dec 
2013: Jan | Feb | Mar | Apr | May | Jun | Jul | Aug | Sep | Oct | Nov | Dec 
2012: Jan | Feb | Mar | Apr | May | Jun | Jul | Aug | Sep | Oct | Nov | Dec 
2011: Jan | Feb | Mar | Apr | May | Jun | Jul | Aug | Sep | Oct | Nov | Dec 
2010: Jan | Feb | Mar | Apr | May | Jun | Jul | Aug | Sep | Oct | Nov | Dec 
2009: Jan | Feb | Mar | Apr | May | Jun | Jul | Aug | Sep | Oct | Nov | Dec 
 2008: Jan | Feb | Mar | Apr | May | Jun | Jul | Aug | Sep | Oct | Nov | Dec 
2007: Jan | Feb | Mar | Apr | May | Jun | Jul | Aug | Sep | Oct | Nov | Dec 
 2006: Jan | Feb | Mar | Apr | May | Jun | Jul | Aug | Sep | Oct | Nov | Dec 

Report for 2015 11
MONTHLY CLIMATOLOGICAL SUMMARY for OCT. 2015 NAME: Estes Park - Truta CITY: Estes Park STATE: Colorado ELEV: 7700 ft LAT: 39 36' 00" N LONG: 104 54' 00" W TEMPERATURE (F), RAIN (in), WIND SPEED (mph) HEAT COOL AVG MEAN DEG DEG WIND DOM DAY TEMP HIGH TIME LOW TIME DAYS DAYS RAIN SPEED HIGH TIME DIR ------------------------------------------------------------------------------------ 1 61.5 73.9 12:53p 45.5 11:57p 3.2 1.2 0.00 2.6 21.0 3:20p N 2 50.4 68.4 11:46a 40.9 6:54a 14.4 0.1 0.02 3.0 18.0 2:22p E 3 45.2 65.5 1:09p 13.6 5:26a 16.1 0.0 0.04 3.3 19.0 11:46a NE 4 47.1 56.3 10:58a 42.2 12:40a 15.0 0.0 0.04 2.1 17.0 12:37p ESE 5 59.8 68.4 1:47p 47.0 10:20p 3.0 0.3 0.00 3.7 17.0 2:44p E 6 50.7 61.5 11:16a 23.0 5:40p 7.2 0.0 0.16 1.8 16.0 12:03p ESE 7 55.1 67.4 1:17p 38.8 11:44p 5.6 0.1 0.00 1.5 14.0 1:43p SE 8 48.9 69.3 12:27p 32.0 7:30a 16.1 0.3 0.01 2.0 17.0 1:51p S 9 48.9 65.2 2:22p 9.6 5:44a 13.3 0.0 0.00 1.9 17.0 10:35p NNE 10 70.8 77.2 2:05p 64.7 8:13p 0.0 3.0 0.00 7.5 21.0 12:50p W 11 67.2 74.2 3:16p 61.3 10:54p 0.4 1.6 0.00 11.9 41.0 10:58a N 12 64.8 74.9 2:08p 55.3 10:49p 1.7 1.6 0.00 6.1 26.0 12:52p ESE 13 63.1 78.1 3:12p 0.4 7:32a 4.1 2.2 0.00 6.1 26.0 2:44a ESE 14 60.7 76.3 3:44p 15.6 12:00m 5.9 2.0 0.00 7.1 29.0 4:13a WNW 15 46.1 60.4 2:01p 10.0 1:53a 18.3 0.0 0.00 2.0 17.0 9:17a ESE 16 44.0 72.3 1:11p 1.1 7:34a 15.2 0.6 0.00 2.1 20.0 12:55p E 17 58.3 69.8 11:38a 40.2 12:00m 4.3 0.5 0.00 2.3 16.0 12:56p ESE 18 52.3 66.6 12:00p 37.5 4:34a 12.5 0.0 0.00 4.1 24.0 12:06p ESE 19 44.5 62.1 11:26a 9.8 6:41a 16.6 0.0 0.00 3.4 24.0 12:08p NW 20 53.6 64.0 1:44p 18.9 7:10p 5.9 0.0 0.00 3.6 22.0 12:59p ESE 21 40.6 43.3 3:18p 14.7 11:12a 12.7 0.0 0.02 1.0 10.0 4:16p SE 22 35.1 37.8 4:06p 33.1 11:28a 14.2 0.0 0.35 0.1 6.0 6:23p NNE 23 42.5 52.6 4:00p 29.8 12:00m 22.0 0.0 0.06 3.3 19.0 2:46a WNW 24 41.6 56.3 3:31p 26.1 3:12a 19.8 0.0 0.00 4.7 26.0 9:56a W 25 52.2 63.1 1:52p 38.5 12:00m 7.1 0.0 0.00 4.0 25.0 10:15a ESE 26 46.2 56.5 3:25p 36.6 12:59a 18.3 0.0 0.00 4.8 22.0 1:04p W 27 36.6 45.7 8:42a 6.4 5:40a 23.4 0.0 0.00 6.3 28.0 4:34p W 28 48.3 59.2 2:18p 41.6 11:59p 9.2 0.0 0.00 8.5 28.0 11:07a WNW 29 38.3 53.5 2:16p 28.2 6:48a 24.9 0.0 0.00 2.0 14.0 2:01a NE 30 41.3 48.2 4:23p 33.2 7:33p 9.6 0.0 0.00 5.0 37.0 10:35p E 31 44.8 51.4 2:46p 37.3 2:36a 18.7 0.0 0.00 12.0 34.0 4:05a W ------------------------------------------------------------------------------------- 50.3 78.1 13 0.4 13 358.7 13.5 0.70 4.2 41.0 11 ESE Max >= 90.0: 0 Max <= 32.0: 0 Min <= 32.0: 15 Min <= 0.0: 0 Max Rain: 0.35 ON 10/22/15 Days of Rain: 7 (>.01 in) 2 (>.1 in) 0 (>1 in) Heat Base: 65.0 Cool Base: 65.0 Method: Integration

Station affiliations

Weather data published to:,
Weather Underground, Citizen Weather Observer Program, WeatherForYou, AnythingWeather.com

Member of: Weather-Matrix, Weather-Watch.com

Quote from the patron saint of the webmaster, St. Alphonsus Liguori :
"My Jesus, Thou alone art sufficient for me.  My love, do not permit me to separate myself from Thee.  When shall I be able to say, 'My God, I cannot lose thee any more?' "

 ©2007 EstesParkWeather.net and ExceptionalWeather.com. EstesParkWeather.net is part of the ExceptionalWeather Network
Radar/maps © Weather Underground. Used with permission.    Valid XHTML 1.0     Valid CSS
Never base important decisions on this or any weather information obtained from the Internet.