NOAA style reports

Note: Some NOAA reports are not available. For a complete summary of all available archival weather data please this page.

Year to date and all Time Records: Are available on the Live page. Look for the Records push button.

2018: Jan | Feb | Mar | Apr | May | Jun | Jul | Aug | Sep | Oct | Nov | Dec 
2017: Jan | Feb | Mar | Apr | May | Jun | Jul | Aug | Sep | Oct | Nov | Dec 
2016: Jan | Feb | Mar | Apr | May | Jun | Jul | Aug | Sep | Oct | Nov | Dec 
2015: Jan | Feb | Mar | Apr | May | Jun | Jul | Aug | Sep | Oct | Nov | Dec 
2014: Jan | Feb | Mar | Apr | May | Jun | Jul | Aug | Sep | Oct | Nov | Dec 
2013: Jan | Feb | Mar | Apr | May | Jun | Jul | Aug | Sep | Oct | Nov | Dec 
2012: Jan | Feb | Mar | Apr | May | Jun | Jul | Aug | Sep | Oct | Nov | Dec 
2011: Jan | Feb | Mar | Apr | May | Jun | Jul | Aug | Sep | Oct | Nov | Dec 
2010: Jan | Feb | Mar | Apr | May | Jun | Jul | Aug | Sep | Oct | Nov | Dec 
2009: Jan | Feb | Mar | Apr | May | Jun | Jul | Aug | Sep | Oct | Nov | Dec 
 2008: Jan | Feb | Mar | Apr | May | Jun | Jul | Aug | Sep | Oct | Nov | Dec 
2007: Jan | Feb | Mar | Apr | May | Jun | Jul | Aug | Sep | Oct | Nov | Dec 
 2006: Jan | Feb | Mar | Apr | May | Jun | Jul | Aug | Sep | Oct | Nov | Dec 

Report for 2015 10
MONTHLY CLIMATOLOGICAL SUMMARY for SEP. 2015 NAME: Estes Park - Truta CITY: Estes Park STATE: Colorado ELEV: 7700 ft LAT: 39 36' 00" N LONG: 104 54' 00" W TEMPERATURE (F), RAIN (in), WIND SPEED (mph) HEAT COOL AVG MEAN DEG DEG WIND DOM DAY TEMP HIGH TIME LOW TIME DAYS DAYS RAIN SPEED HIGH TIME DIR ------------------------------------------------------------------------------------ 1 67.8 81.8 1:03p 50.1 11:20p 1.6 3.2 0.00 4.2 21.0 11:26a WNW 2 69.9 83.4 2:57p 55.4 12:00m 1.1 5.9 0.00 6.4 27.0 5:24a W 3 59.9 75.4 10:47a 52.0 10:31p 5.0 0.8 0.03 2.7 20.0 12:31p WNW 4 63.0 70.8 1:31p 56.5 10:50p 1.1 0.3 0.01 3.7 24.0 2:00p W 5 64.9 75.3 3:45p 56.9 1:24a 2.1 2.0 0.00 6.4 30.0 2:59p W 6 64.4 76.7 1:57p 52.5 11:38p 2.7 2.1 0.00 4.6 25.0 9:57a W 7 56.1 68.6 12:25p 20.6 2:46a 8.7 0.2 0.01 4.3 27.0 12:47p SW 8 56.2 77.6 4:22p 13.2 3:44a 10.2 2.6 0.00 3.5 24.0 3:23p NW 9 69.8 81.8 3:21p 48.0 11:00p 1.4 3.9 0.00 5.4 26.0 1:27p NNW 10 68.2 80.3 4:16p 47.6 11:04p 1.7 3.3 0.00 4.6 21.0 11:56a WNW 11 60.7 69.8 2:18p 43.9 12:00m 3.0 0.6 0.00 2.8 19.0 12:32p E 12 57.5 80.7 12:12p 35.8 6:28a 11.2 3.8 0.00 2.0 19.0 11:39a SE 13 55.5 81.8 2:34p 9.6 6:11a 11.1 3.3 0.00 3.3 24.0 12:05p WNW 14 69.7 75.1 11:10a 61.0 9:54p 0.3 3.0 0.00 5.5 34.0 9:44p WNW 15 63.0 70.9 4:22p 54.8 9:01a 2.8 0.8 0.00 8.9 41.0 12:23p W 16 62.1 71.8 1:21p 20.5 6:54a 3.7 1.4 0.01 7.1 29.0 3:45p W 17 58.8 65.8 10:23a 46.0 11:01p 5.7 0.0 0.00 4.5 28.0 4:37a NNE 18 58.2 69.6 2:55p 22.3 9:30p 3.8 0.3 0.00 4.0 22.0 10:59a SE 19 64.0 74.7 1:33p 43.3 11:05p 2.1 1.6 0.00 5.2 22.0 11:17a NW 20 64.6 79.0 3:56p 41.6 11:59p 2.7 2.5 0.00 5.8 27.0 10:06a ESE 21 62.1 80.3 3:04p 6.9 7:30a 6.7 3.9 0.00 4.4 25.0 9:14a ESE 22 63.7 74.2 11:57a 49.1 11:01p 1.9 1.2 0.00 2.8 14.0 12:32p E 23 65.4 81.2 11:30a 45.8 12:00m 2.5 2.7 0.00 4.3 31.0 11:10a NNE 24 55.9 77.7 12:54p 33.6 7:31a 11.8 2.9 0.00 1.9 20.0 2:24p N 25 54.7 75.8 2:34p 9.7 6:35a 11.5 2.6 0.00 1.9 18.0 2:26p SE 26 58.3 81.8 1:31p 34.4 7:08a 10.6 4.4 0.00 2.0 20.0 12:50p SE 27 68.1 80.7 1:24p 49.6 11:59p 1.9 3.6 0.00 2.6 21.0 2:38p N 28 54.2 75.4 12:05p 40.6 5:11a 11.6 1.1 0.00 2.2 24.0 2:43p N 29 54.9 69.8 12:57p 22.9 7:10a 8.8 0.3 0.06 1.9 16.0 1:50p ESE 30 60.7 68.8 2:56p 46.1 11:05p 2.5 0.3 0.00 2.8 20.0 5:28p W ------------------------------------------------------------------------------------- 61.7 83.4 2 6.9 21 151.8 64.6 0.12 4.1 41.0 15 W Max >= 90.0: 0 Max <= 32.0: 0 Min <= 32.0: 8 Min <= 0.0: 0 Max Rain: 0.06 ON 09/29/15 Days of Rain: 2 (>.01 in) 0 (>.1 in) 0 (>1 in) Heat Base: 65.0 Cool Base: 65.0 Method: Integration

Station affiliations

Weather data published to:,
Weather Underground, Citizen Weather Observer Program, WeatherForYou, AnythingWeather.com

Member of: Weather-Matrix, Weather-Watch.com

Quote from the patron saint of the webmaster, St. Alphonsus Liguori :
"My Jesus, Thou alone art sufficient for me.  My love, do not permit me to separate myself from Thee.  When shall I be able to say, 'My God, I cannot lose thee any more?' "

 ©2007 EstesParkWeather.net and ExceptionalWeather.com. EstesParkWeather.net is part of the ExceptionalWeather Network
Radar/maps © Weather Underground. Used with permission.    Valid XHTML 1.0     Valid CSS
Never base important decisions on this or any weather information obtained from the Internet.