NOAA style reports

Note: Some NOAA reports are not available. For a complete summary of all available archival weather data please this page.

Year to date and all Time Records: Are available on the Live page. Look for the Records push button.

2018: Jan | Feb | Mar | Apr | May | Jun | Jul | Aug | Sep | Oct | Nov | Dec 
2017: Jan | Feb | Mar | Apr | May | Jun | Jul | Aug | Sep | Oct | Nov | Dec 
2016: Jan | Feb | Mar | Apr | May | Jun | Jul | Aug | Sep | Oct | Nov | Dec 
2015: Jan | Feb | Mar | Apr | May | Jun | Jul | Aug | Sep | Oct | Nov | Dec 
2014: Jan | Feb | Mar | Apr | May | Jun | Jul | Aug | Sep | Oct | Nov | Dec 
2013: Jan | Feb | Mar | Apr | May | Jun | Jul | Aug | Sep | Oct | Nov | Dec 
2012: Jan | Feb | Mar | Apr | May | Jun | Jul | Aug | Sep | Oct | Nov | Dec 
2011: Jan | Feb | Mar | Apr | May | Jun | Jul | Aug | Sep | Oct | Nov | Dec 
2010: Jan | Feb | Mar | Apr | May | Jun | Jul | Aug | Sep | Oct | Nov | Dec 
2009: Jan | Feb | Mar | Apr | May | Jun | Jul | Aug | Sep | Oct | Nov | Dec 
 2008: Jan | Feb | Mar | Apr | May | Jun | Jul | Aug | Sep | Oct | Nov | Dec 
2007: Jan | Feb | Mar | Apr | May | Jun | Jul | Aug | Sep | Oct | Nov | Dec 
 2006: Jan | Feb | Mar | Apr | May | Jun | Jul | Aug | Sep | Oct | Nov | Dec 

Report for 2015 09
MONTHLY CLIMATOLOGICAL SUMMARY for AUG. 2015 NAME: Estes Park - Truta CITY: Estes Park STATE: Colorado ELEV: 7700 ft LAT: 39 36' 00" N LONG: 104 54' 00" W TEMPERATURE (F), RAIN (in), WIND SPEED (mph) HEAT COOL AVG MEAN DEG DEG WIND DOM DAY TEMP HIGH TIME LOW TIME DAYS DAYS RAIN SPEED HIGH TIME DIR ------------------------------------------------------------------------------------ 1 78.2 85.7 11:30a 64.2 9:19p 0.0 5.1 0.00 3.2 18.0 11:51a SSW 2 71.0 78.8 10:22a 59.2 11:03p 0.4 3.3 0.03 4.4 29.0 1:35p SSW 3 67.2 75.3 11:09a 50.7 11:59p 1.1 2.3 0.02 3.8 28.0 12:13p S 4 62.4 78.5 4:04p 46.1 3:29a 6.1 3.6 0.00 4.9 34.0 1:42p WNW 5 60.9 85.5 4:11p 14.2 6:12a 7.8 4.4 0.00 2.9 25.0 5:30p WNW 6 72.6 82.8 4:11p 53.1 11:57p 0.9 5.1 0.00 5.5 31.0 11:05a NW 7 64.4 80.1 4:10p 45.8 6:25a 5.3 4.7 0.00 3.1 24.0 5:48p NNW 8 63.2 79.4 5:18p 22.4 5:58a 4.5 3.0 0.00 4.2 22.0 9:05a W 9 71.0 79.4 5:34p 52.1 5:40p 0.6 3.9 0.00 4.4 24.0 4:33p NW 10 61.1 78.1 1:26p 42.6 6:12a 7.2 3.4 0.00 2.3 21.0 5:23p SE 11 59.9 79.8 12:05p 25.0 5:26a 6.0 1.6 0.06 1.6 19.0 12:38p N 12 67.9 84.5 2:19p 49.6 5:11a 3.2 6.0 0.00 4.6 27.0 10:38a W 13 67.4 80.7 12:45p 52.3 11:57p 1.5 2.8 0.46 3.6 24.0 1:47p W 14 65.1 82.2 1:13p 46.8 5:58a 5.6 5.6 0.00 1.8 16.0 6:46p WNW 15 66.7 88.8 1:55p 51.0 4:27a 4.1 5.6 0.00 3.6 40.0 2:16p WNW 16 65.4 76.5 11:17a 55.0 10:46p 1.2 1.4 0.03 3.5 19.0 1:58p ESE 17 64.6 74.4 10:13a 53.5 11:03p 1.3 1.1 0.16 4.8 19.0 12:11p ESE 18 55.3 69.6 12:27p 44.5 12:00m 5.6 0.2 0.04 5.1 19.0 11:32a ESE 19 49.3 60.9 2:17p 34.6 6:14a 14.8 0.0 0.06 2.3 16.0 1:25p ESE 20 69.4 79.6 3:46p 49.5 11:05p 1.1 3.4 0.00 4.2 28.0 1:37p NNW 21 60.8 65.8 12:00m 55.0 11:12p 0.2 0.0 0.00 3.5 13.0 11:31p W 22 64.5 82.0 3:16p 47.1 12:00m 4.2 3.7 0.00 4.1 27.0 3:25p N 23 53.1 71.6 1:59p 19.8 11:45p 11.5 1.1 0.00 2.4 18.0 12:55p NNE 24 57.6 85.9 2:13p 12.7 6:21a 11.3 4.5 0.00 2.5 21.0 10:53a N 25 72.0 88.0 12:44p 41.6 6:36a 1.8 6.8 0.00 2.6 18.0 2:03p NNW 26 64.5 84.3 11:45a 46.8 5:04a 5.2 4.8 0.07 2.6 20.0 1:48p NNW 27 66.7 74.4 1:19p 54.5 11:58p 0.9 1.9 0.00 4.4 20.0 12:30p ESE 28 62.6 72.5 11:58a 51.6 11:03p 4.1 1.9 0.02 2.7 18.0 8:43a SE 29 71.0 80.1 1:53p 52.2 12:00m 1.2 4.6 0.00 2.7 20.0 4:31p SE 30 66.6 86.3 4:32p 42.5 6:26a 6.0 7.5 0.00 3.9 27.0 10:33a N 31 66.9 77.0 1:11p 54.1 11:04p 0.9 1.9 0.00 5.8 25.0 3:23p WSW ------------------------------------------------------------------------------------- 64.8 88.8 15 12.7 24 125.6 105.2 0.95 3.6 40.0 15 WNW Max >= 90.0: 0 Max <= 32.0: 0 Min <= 32.0: 5 Min <= 0.0: 0 Max Rain: 0.46 ON 08/13/15 Days of Rain: 10 (>.01 in) 2 (>.1 in) 0 (>1 in) Heat Base: 65.0 Cool Base: 65.0 Method: Integration

Station affiliations

Weather data published to:,
Weather Underground, Citizen Weather Observer Program, WeatherForYou, AnythingWeather.com

Member of: Weather-Matrix, Weather-Watch.com

Quote from the patron saint of the webmaster, St. Alphonsus Liguori :
"My Jesus, Thou alone art sufficient for me.  My love, do not permit me to separate myself from Thee.  When shall I be able to say, 'My God, I cannot lose thee any more?' "

 ©2007 EstesParkWeather.net and ExceptionalWeather.com. EstesParkWeather.net is part of the ExceptionalWeather Network
Radar/maps © Weather Underground. Used with permission.    Valid XHTML 1.0     Valid CSS
Never base important decisions on this or any weather information obtained from the Internet.