NOAA style reports

Note: Some NOAA reports are not available. For a complete summary of all available archival weather data please this page.

Year to date and all Time Records: Are available on the Live page. Look for the Records push button.

2018: Jan | Feb | Mar | Apr | May | Jun | Jul | Aug | Sep | Oct | Nov | Dec 
2017: Jan | Feb | Mar | Apr | May | Jun | Jul | Aug | Sep | Oct | Nov | Dec 
2016: Jan | Feb | Mar | Apr | May | Jun | Jul | Aug | Sep | Oct | Nov | Dec 
2015: Jan | Feb | Mar | Apr | May | Jun | Jul | Aug | Sep | Oct | Nov | Dec 
2014: Jan | Feb | Mar | Apr | May | Jun | Jul | Aug | Sep | Oct | Nov | Dec 
2013: Jan | Feb | Mar | Apr | May | Jun | Jul | Aug | Sep | Oct | Nov | Dec 
2012: Jan | Feb | Mar | Apr | May | Jun | Jul | Aug | Sep | Oct | Nov | Dec 
2011: Jan | Feb | Mar | Apr | May | Jun | Jul | Aug | Sep | Oct | Nov | Dec 
2010: Jan | Feb | Mar | Apr | May | Jun | Jul | Aug | Sep | Oct | Nov | Dec 
2009: Jan | Feb | Mar | Apr | May | Jun | Jul | Aug | Sep | Oct | Nov | Dec 
 2008: Jan | Feb | Mar | Apr | May | Jun | Jul | Aug | Sep | Oct | Nov | Dec 
2007: Jan | Feb | Mar | Apr | May | Jun | Jul | Aug | Sep | Oct | Nov | Dec 
 2006: Jan | Feb | Mar | Apr | May | Jun | Jul | Aug | Sep | Oct | Nov | Dec 

Report for 2015 08
MONTHLY CLIMATOLOGICAL SUMMARY for JUL. 2015 NAME: Estes Park - Truta CITY: Estes Park STATE: Colorado ELEV: 7700 ft LAT: 39 36' 00" N LONG: 104 54' 00" W TEMPERATURE (F), RAIN (in), WIND SPEED (mph) HEAT COOL AVG MEAN DEG DEG WIND DOM DAY TEMP HIGH TIME LOW TIME DAYS DAYS RAIN SPEED HIGH TIME DIR ------------------------------------------------------------------------------------ 1 62.1 77.2 1:04p 51.4 5:03a 4.9 2.1 0.15 2.5 33.0 1:30p NNW 2 59.6 72.5 3:52p 23.6 3:47a 6.0 1.4 0.47 3.0 42.0 6:16p SE 3 65.6 72.8 1:20p 52.9 11:59p 1.2 1.5 0.01 2.6 17.0 1:24p NNE 4 63.6 83.0 11:32a 46.7 5:14a 6.0 4.7 0.16 2.8 37.0 6:14p N 5 59.7 79.4 12:00p 22.6 5:26a 5.8 1.8 0.30 3.3 21.0 7:58a N 6 54.1 56.3 1:39p 52.0 10:04p 5.7 0.0 0.17 2.4 11.0 10:10a ESE 7 55.1 59.5 5:00p 50.4 11:12p 5.6 0.0 0.40 2.1 14.0 6:12p E 8 52.0 59.3 11:18a 48.3 2:51a 12.7 0.0 0.34 1.4 17.0 5:07p E 9 54.7 69.3 1:02p 19.4 5:44a 9.2 0.1 0.01 1.7 18.0 1:48p ESE 10 61.8 73.2 3:31p 47.9 6:13a 5.0 1.8 0.06 5.4 30.0 11:19a WNW 11 60.8 76.8 3:38p 19.2 4:30a 6.4 2.7 0.00 3.8 32.0 5:43p W 12 66.4 81.1 4:34p 49.6 1:09a 3.5 4.8 0.00 5.6 30.0 2:22p WNW 13 66.1 77.7 1:35p 58.0 3:13p 1.0 1.7 0.06 3.9 19.0 11:41a W 14 60.5 76.1 9:57a 50.8 11:57p 6.3 1.8 0.45 2.5 18.0 12:10p W 15 60.2 74.2 1:11p 22.6 5:26a 5.3 1.7 0.01 4.3 24.0 8:40p ESE 16 68.0 74.9 12:54p 57.2 11:03p 0.5 2.0 0.00 6.8 24.0 11:16a W 17 71.9 78.3 1:51p 57.6 11:03p 0.5 4.0 0.00 7.5 37.0 2:31p WNW 18 63.9 76.3 12:48p 48.5 12:00m 2.0 1.4 0.00 4.3 29.0 4:35p ESE 19 58.8 70.8 1:34p 44.2 3:10a 6.8 1.0 0.00 3.3 18.0 12:59p W 20 57.5 73.2 11:52a 14.0 6:20a 8.0 1.6 0.00 1.9 16.0 12:55p ESE 21 62.2 68.4 6:46p 54.7 11:59p 1.8 0.3 0.13 4.5 19.0 12:32p ESE 22 63.5 78.1 4:29p 48.8 4:09a 4.6 3.2 0.00 4.5 26.0 12:16p W 23 77.5 80.7 4:12p 54.3 5:40p 0.0 4.1 0.00 6.7 28.0 2:03p W 24 72.8 78.5 2:15p 66.6 10:09p 0.0 3.8 0.00 3.6 17.0 2:48p WNW 25 77.4 80.9 1:23p 68.4 7:40p 0.0 4.1 0.00 3.2 19.0 3:14p SSE 26 67.6 82.0 4:44p 45.1 6:12a 2.8 4.1 0.00 2.8 21.0 12:44p SSW 27 79.9 83.6 3:58p 74.0 8:23p 0.0 5.4 0.00 8.1 32.0 3:17p W 28 71.1 79.4 3:24p 61.3 11:05p 0.1 2.8 0.00 7.0 26.0 1:20p ESE 29 70.1 75.1 12:21p 53.1 11:58p 0.6 2.7 0.00 4.1 19.0 12:25p E 30 64.0 82.0 12:14p 42.8 6:06a 5.6 4.8 0.00 2.5 20.0 3:43p N 31 72.1 77.0 4:32p 56.6 11:02p 0.1 1.3 0.00 1.9 16.0 5:26p SE ------------------------------------------------------------------------------------- 64.5 83.6 27 14.0 20 118.0 72.7 2.72 3.9 42.0 2 W Max >= 90.0: 0 Max <= 32.0: 0 Min <= 32.0: 6 Min <= 0.0: 0 Max Rain: 0.47 ON 07/02/15 Days of Rain: 11 (>.01 in) 9 (>.1 in) 0 (>1 in) Heat Base: 65.0 Cool Base: 65.0 Method: Integration

Station affiliations

Weather data published to:,
Weather Underground, Citizen Weather Observer Program, WeatherForYou, AnythingWeather.com

Member of: Weather-Matrix, Weather-Watch.com

Quote from the patron saint of the webmaster, St. Alphonsus Liguori :
"My Jesus, Thou alone art sufficient for me.  My love, do not permit me to separate myself from Thee.  When shall I be able to say, 'My God, I cannot lose thee any more?' "

 ©2007 EstesParkWeather.net and ExceptionalWeather.com. EstesParkWeather.net is part of the ExceptionalWeather Network
Radar/maps © Weather Underground. Used with permission.    Valid XHTML 1.0     Valid CSS
Never base important decisions on this or any weather information obtained from the Internet.