NOAA style reports

Note: Some NOAA reports are not available. For a complete summary of all available archival weather data please this page.

Year to date and all Time Records: Are available on the Live page. Look for the Records push button.

2018: Jan | Feb | Mar | Apr | May | Jun | Jul | Aug | Sep | Oct | Nov | Dec 
2017: Jan | Feb | Mar | Apr | May | Jun | Jul | Aug | Sep | Oct | Nov | Dec 
2016: Jan | Feb | Mar | Apr | May | Jun | Jul | Aug | Sep | Oct | Nov | Dec 
2015: Jan | Feb | Mar | Apr | May | Jun | Jul | Aug | Sep | Oct | Nov | Dec 
2014: Jan | Feb | Mar | Apr | May | Jun | Jul | Aug | Sep | Oct | Nov | Dec 
2013: Jan | Feb | Mar | Apr | May | Jun | Jul | Aug | Sep | Oct | Nov | Dec 
2012: Jan | Feb | Mar | Apr | May | Jun | Jul | Aug | Sep | Oct | Nov | Dec 
2011: Jan | Feb | Mar | Apr | May | Jun | Jul | Aug | Sep | Oct | Nov | Dec 
2010: Jan | Feb | Mar | Apr | May | Jun | Jul | Aug | Sep | Oct | Nov | Dec 
2009: Jan | Feb | Mar | Apr | May | Jun | Jul | Aug | Sep | Oct | Nov | Dec 
 2008: Jan | Feb | Mar | Apr | May | Jun | Jul | Aug | Sep | Oct | Nov | Dec 
2007: Jan | Feb | Mar | Apr | May | Jun | Jul | Aug | Sep | Oct | Nov | Dec 
 2006: Jan | Feb | Mar | Apr | May | Jun | Jul | Aug | Sep | Oct | Nov | Dec 

Report for 2015 07
MONTHLY CLIMATOLOGICAL SUMMARY for JUN. 2015 NAME: Estes Park - Truta CITY: Estes Park STATE: Colorado ELEV: 7700 ft LAT: 39 36' 00" N LONG: 104 54' 00" W TEMPERATURE (F), RAIN (in), WIND SPEED (mph) HEAT COOL AVG MEAN DEG DEG WIND DOM DAY TEMP HIGH TIME LOW TIME DAYS DAYS RAIN SPEED HIGH TIME DIR ------------------------------------------------------------------------------------ 1 59.0 77.2 1:22p 6.4 7:32a 7.9 2.1 0.06 2.5 24.0 12:39p N 2 60.2 76.1 4:07p 39.1 6:11a 8.2 3.6 0.00 5.1 28.0 2:32p N 3 55.4 69.1 1:45p 38.5 6:01a 9.4 0.2 0.04 2.7 17.0 7:51p ESE 4 58.7 75.4 1:45p 42.2 5:16a 8.0 2.0 0.00 2.8 27.0 7:31p ESE 5 53.7 63.2 3:43p 40.6 5:38a 10.9 0.0 0.14 1.9 28.0 10:41a SE 6 56.2 68.4 10:22a 39.5 5:47a 8.7 0.2 0.00 2.7 20.0 7:36p ESE 7 55.5 67.6 10:54a 41.1 2:50a 9.2 0.1 0.00 3.5 21.0 1:29p SE 8 57.0 72.7 1:40p 37.3 5:35a 9.4 1.7 0.00 1.7 18.0 11:50a SE 9 60.7 79.6 1:33p 0.1 7:30a 7.7 3.6 0.00 2.1 29.0 1:36p SW 10 57.0 65.8 10:58a 49.4 11:54p 7.7 0.0 0.03 1.5 13.0 10:58a NW 11 53.2 64.7 1:27p 47.4 3:51a 11.3 0.0 0.24 2.0 16.0 3:12p ESE 12 56.6 66.9 2:07p 46.5 7:30a 8.2 0.2 0.01 1.7 16.0 4:09p ESE 13 56.1 78.3 12:54p 7.2 7:30a 10.2 1.7 0.19 2.8 21.0 12:54p NW 14 56.3 72.7 11:51a 42.8 5:39a 9.4 1.1 0.09 2.2 19.0 4:09p NW 15 53.0 64.2 11:05a 43.6 6:06a 11.6 0.0 0.07 2.1 18.0 11:54a NW 16 55.5 73.0 1:15p 45.8 4:16a 9.6 0.4 0.10 2.4 27.0 4:16p W 17 59.3 76.8 11:46a 1.2 7:30a 7.5 2.0 0.00 2.6 17.0 4:44p NNW 18 60.4 73.2 2:38p 41.8 5:53a 6.6 2.1 0.00 2.8 16.0 12:44p NW 19 67.2 84.7 3:36p 44.6 5:38a 5.5 7.6 0.00 3.5 21.0 10:47a WSW 20 64.3 79.0 3:10p 8.8 7:32a 5.0 4.3 0.00 2.8 18.0 12:15p NW 21 67.2 86.1 4:08p 0.5 7:32a 5.7 7.8 0.00 5.1 31.0 2:48p N 22 64.3 77.6 9:49a 54.7 10:39p 3.0 2.3 0.00 4.0 19.0 9:03a NW 23 65.3 85.5 1:59p 43.3 5:39a 5.8 6.0 0.00 3.3 27.0 12:56p WSW 24 62.7 81.6 2:01p 48.6 5:57a 5.7 3.4 0.01 2.3 21.0 3:36p NNW 25 67.7 78.8 11:46a 50.4 12:40a 1.8 4.3 0.00 4.8 25.0 2:57p WNW 26 62.5 70.9 2:54p 53.2 12:00m 3.6 1.2 0.01 2.8 20.0 10:42a E 27 61.0 79.4 2:08p 17.5 5:26a 7.0 3.7 0.00 2.1 18.0 12:34p SW 28 65.5 80.9 11:31a 52.3 11:04p 2.3 2.6 0.15 3.1 22.0 4:43p NE 29 63.5 76.5 1:05p 46.2 5:44a 5.4 3.9 0.00 2.2 18.0 12:35p SSW 30 61.6 84.9 11:50a 19.9 5:55a 6.4 3.3 0.08 2.2 32.0 9:24p WSW ------------------------------------------------------------------------------------- 59.9 86.1 21 0.1 9 218.7 71.4 1.22 2.8 32.0 30 ESE Max >= 90.0: 0 Max <= 32.0: 0 Min <= 32.0: 8 Min <= 0.0: 0 Max Rain: 0.24 ON 06/11/15 Days of Rain: 11 (>.01 in) 4 (>.1 in) 0 (>1 in) Heat Base: 65.0 Cool Base: 65.0 Method: Integration

Station affiliations

Weather data published to:,
Weather Underground, Citizen Weather Observer Program, WeatherForYou, AnythingWeather.com

Member of: Weather-Matrix, Weather-Watch.com

Quote from the patron saint of the webmaster, St. Alphonsus Liguori :
"My Jesus, Thou alone art sufficient for me.  My love, do not permit me to separate myself from Thee.  When shall I be able to say, 'My God, I cannot lose thee any more?' "

 ©2007 EstesParkWeather.net and ExceptionalWeather.com. EstesParkWeather.net is part of the ExceptionalWeather Network
Radar/maps © Weather Underground. Used with permission.    Valid XHTML 1.0     Valid CSS
Never base important decisions on this or any weather information obtained from the Internet.