NOAA style reports

Note: Some NOAA reports are not available. For a complete summary of all available archival weather data please this page.

Year to date and all Time Records: Are available on the Live page. Look for the Records push button.

2018: Jan | Feb | Mar | Apr | May | Jun | Jul | Aug | Sep | Oct | Nov | Dec 
2017: Jan | Feb | Mar | Apr | May | Jun | Jul | Aug | Sep | Oct | Nov | Dec 
2016: Jan | Feb | Mar | Apr | May | Jun | Jul | Aug | Sep | Oct | Nov | Dec 
2015: Jan | Feb | Mar | Apr | May | Jun | Jul | Aug | Sep | Oct | Nov | Dec 
2014: Jan | Feb | Mar | Apr | May | Jun | Jul | Aug | Sep | Oct | Nov | Dec 
2013: Jan | Feb | Mar | Apr | May | Jun | Jul | Aug | Sep | Oct | Nov | Dec 
2012: Jan | Feb | Mar | Apr | May | Jun | Jul | Aug | Sep | Oct | Nov | Dec 
2011: Jan | Feb | Mar | Apr | May | Jun | Jul | Aug | Sep | Oct | Nov | Dec 
2010: Jan | Feb | Mar | Apr | May | Jun | Jul | Aug | Sep | Oct | Nov | Dec 
2009: Jan | Feb | Mar | Apr | May | Jun | Jul | Aug | Sep | Oct | Nov | Dec 
 2008: Jan | Feb | Mar | Apr | May | Jun | Jul | Aug | Sep | Oct | Nov | Dec 
2007: Jan | Feb | Mar | Apr | May | Jun | Jul | Aug | Sep | Oct | Nov | Dec 
 2006: Jan | Feb | Mar | Apr | May | Jun | Jul | Aug | Sep | Oct | Nov | Dec 

Report for 2015 06
MONTHLY CLIMATOLOGICAL SUMMARY for MAY. 2015 NAME: Estes Park - Truta CITY: Estes Park STATE: Colorado ELEV: 7700 ft LAT: 39 36' 00" N LONG: 104 54' 00" W TEMPERATURE (F), RAIN (in), WIND SPEED (mph) HEAT COOL AVG MEAN DEG DEG WIND DOM DAY TEMP HIGH TIME LOW TIME DAYS DAYS RAIN SPEED HIGH TIME DIR ------------------------------------------------------------------------------------ 1 48.1 59.3 9:45a 38.2 2:59a 16.2 0.0 0.04 3.8 26.0 6:03p W 2 48.9 66.0 10:19a 34.6 3:36a 15.5 0.0 0.02 3.9 29.0 1:41p WNW 3 50.3 63.9 9:08a 38.2 3:57a 14.2 0.0 0.00 3.8 20.0 8:33a E 4 44.1 49.5 10:49a 40.5 4:41a 20.1 0.0 0.31 1.4 11.0 11:14a SE 5 44.7 51.6 9:37a 38.8 5:13a 19.5 0.0 0.03 1.6 12.0 10:12a ENE 6 46.3 58.3 1:46p 38.3 3:22a 17.9 0.0 0.04 2.9 24.0 11:48a NNE 7 43.3 56.2 8:19a 37.8 2:57a 20.8 0.0 0.15 3.5 17.0 1:52p NNE 8 37.5 43.2 1:51p 32.7 9:50p 26.5 0.0 0.84 1.2 11.0 8:38a ESE 9 34.0 36.5 6:09a 32.0 5:13a 11.1 0.0 0.15 1.2 12.0 5:32a ESE 10 11 12 13 14 15 45.6 49.1 12:38p 41.5 10:20p 5.5 0.0 0.01 6.1 21.0 8:57p W 16 42.0 54.4 12:32p 29.0 6:01a 22.4 0.0 0.02 3.9 25.0 1:55p W 17 46.2 59.5 3:47p 35.0 3:03a 18.0 0.0 0.00 4.2 24.0 9:51a W 18 40.5 45.1 11:25a 15.6 1:32p 23.5 0.0 0.18 2.2 13.0 12:14p SE 19 35.7 40.5 1:36a 32.5 10:51p 28.2 0.0 0.69 1.2 16.0 9:22a ENE 20 35.5 45.7 1:15p 28.0 7:30a 28.5 0.0 0.16 2.2 17.0 1:17p E 21 42.5 55.1 11:15a 32.4 7:30a 21.7 0.0 0.00 2.3 17.0 12:32p ESE 22 43.1 51.3 2:58p 40.3 9:43p 21.1 0.0 0.16 2.5 17.0 2:03p ESE 23 42.7 52.8 9:58a 36.2 11:56p 21.3 0.0 0.11 2.4 27.0 6:18p WNW 24 41.5 53.5 5:04p 28.4 5:50a 22.7 0.0 0.02 2.6 21.0 12:59p ENE 25 43.9 61.0 3:24p 31.2 6:10a 20.3 0.0 0.14 3.2 22.0 12:17p W 26 47.7 60.7 3:40p 33.8 5:20a 16.7 0.0 0.01 3.8 29.0 2:15p W 27 53.1 66.4 5:43p 39.3 5:55a 11.5 0.0 0.00 4.4 25.0 4:24p WNW 28 51.5 64.5 3:38p 1.2 7:31a 13.0 0.0 0.00 5.6 27.0 5:31p W 29 47.7 55.4 12:43p 24.9 5:40p 16.7 0.0 0.06 3.3 24.0 4:03p E 30 50.9 63.2 1:15p 34.9 5:46a 13.6 0.0 0.00 2.4 19.0 1:51p ESE 31 59.6 78.8 3:56p 41.2 2:48a 7.6 2.4 0.00 5.3 32.0 10:56a WNW ------------------------------------------------------------------------------------- 44.9 78.8 31 1.2 28 474.1 2.4 3.14 3.1 32.0 31 ESE Max >= 90.0: 0 Max <= 32.0: 0 Min <= 32.0: 8 Min <= 0.0: 0 Max Rain: 0.84 ON 05/08/15 Days of Rain: 17 (>.01 in) 10 (>.1 in) 0 (>1 in) Heat Base: 65.0 Cool Base: 65.0 Method: Integration

Station affiliations

Weather data published to:,
Weather Underground, Citizen Weather Observer Program, WeatherForYou, AnythingWeather.com

Member of: Weather-Matrix, Weather-Watch.com

Quote from the patron saint of the webmaster, St. Alphonsus Liguori :
"My Jesus, Thou alone art sufficient for me.  My love, do not permit me to separate myself from Thee.  When shall I be able to say, 'My God, I cannot lose thee any more?' "

 ©2007 EstesParkWeather.net and ExceptionalWeather.com. EstesParkWeather.net is part of the ExceptionalWeather Network
Radar/maps © Weather Underground. Used with permission.    Valid XHTML 1.0     Valid CSS
Never base important decisions on this or any weather information obtained from the Internet.