NOAA style reports

Note: Some NOAA reports are not available. For a complete summary of all available archival weather data please this page.

Year to date and all Time Records: Are available on the Live page. Look for the Records push button.

2018: Jan | Feb | Mar | Apr | May | Jun | Jul | Aug | Sep | Oct | Nov | Dec 
2017: Jan | Feb | Mar | Apr | May | Jun | Jul | Aug | Sep | Oct | Nov | Dec 
2016: Jan | Feb | Mar | Apr | May | Jun | Jul | Aug | Sep | Oct | Nov | Dec 
2015: Jan | Feb | Mar | Apr | May | Jun | Jul | Aug | Sep | Oct | Nov | Dec 
2014: Jan | Feb | Mar | Apr | May | Jun | Jul | Aug | Sep | Oct | Nov | Dec 
2013: Jan | Feb | Mar | Apr | May | Jun | Jul | Aug | Sep | Oct | Nov | Dec 
2012: Jan | Feb | Mar | Apr | May | Jun | Jul | Aug | Sep | Oct | Nov | Dec 
2011: Jan | Feb | Mar | Apr | May | Jun | Jul | Aug | Sep | Oct | Nov | Dec 
2010: Jan | Feb | Mar | Apr | May | Jun | Jul | Aug | Sep | Oct | Nov | Dec 
2009: Jan | Feb | Mar | Apr | May | Jun | Jul | Aug | Sep | Oct | Nov | Dec 
 2008: Jan | Feb | Mar | Apr | May | Jun | Jul | Aug | Sep | Oct | Nov | Dec 
2007: Jan | Feb | Mar | Apr | May | Jun | Jul | Aug | Sep | Oct | Nov | Dec 
 2006: Jan | Feb | Mar | Apr | May | Jun | Jul | Aug | Sep | Oct | Nov | Dec 

Report for 2015 03
MONTHLY CLIMATOLOGICAL SUMMARY for FEB. 2015 NAME: Estes Park - Truta CITY: Estes Park STATE: Colorado ELEV: 7700 ft LAT: 39 36' 00" N LONG: 104 54' 00" W TEMPERATURE (F), RAIN (in), WIND SPEED (mph) HEAT COOL AVG MEAN DEG DEG WIND DOM DAY TEMP HIGH TIME LOW TIME DAYS DAYS RAIN SPEED HIGH TIME DIR ------------------------------------------------------------------------------------ 1 24.7 32.7 1:30p 12.6 5:46a 38.7 0.0 0.08 6.5 42.0 11:54p W 2 35.7 41.1 2:10p 30.0 4:27a 28.2 0.0 0.00 13.8 47.0 1:48a W 3 40.3 46.4 12:42p 33.5 2:27a 23.7 0.0 0.00 14.9 46.0 11:20a W 4 27.0 40.1 11:41p 19.1 7:01a 36.6 0.0 0.00 2.8 31.0 11:37p ENE 5 45.0 52.6 12:51p 24.4 12:13p 19.3 0.0 0.13 10.9 42.0 8:03p SW 6 49.6 56.0 12:09p 43.1 4:40a 14.8 0.0 0.00 10.8 38.0 8:08p WSW 7 49.1 57.0 11:18a 43.3 8:43p 15.3 0.0 0.00 12.3 40.0 7:55a WSW 8 45.3 54.8 1:51p 32.8 11:52p 18.9 0.0 0.00 10.5 37.0 2:34a W 9 45.8 55.9 12:48p 28.1 1:30a 18.4 0.0 0.00 7.0 36.0 7:15a WSW 10 36.0 48.5 1:13p 23.8 10:25p 27.9 0.0 0.02 5.2 35.0 11:17a W 11 30.4 44.3 11:55a 19.2 11:40p 33.1 0.0 0.00 1.5 14.0 12:47p E 12 41.2 51.6 12:30p 18.8 12:37a 22.9 0.0 0.00 9.8 38.0 4:14a WSW 13 43.7 58.3 12:54p 28.5 11:59p 20.4 0.0 0.00 5.4 22.0 11:02a W 14 48.7 60.5 12:28p 26.9 1:10a 15.6 0.0 0.00 7.1 27.0 10:20a W 15 27.3 47.3 12:03a 19.1 11:40p 36.0 0.0 0.00 3.4 22.0 9:35a E 16 16.4 23.2 1:51p 2.4 11:38p 46.9 0.0 0.00 1.3 12.0 12:09p E 17 20.3 30.3 10:50p 0.0 9:53a 43.1 0.0 0.16 5.6 35.0 7:53p WNW 18 34.9 45.8 1:13p 20.6 4:18a 28.8 0.0 0.01 7.8 34.0 11:31p W 19 43.9 52.2 12:40p 38.3 12:14a 20.2 0.0 0.00 14.6 43.0 9:33p W 20 32.4 42.2 12:01a 23.5 11:20p 31.2 0.0 0.00 6.2 37.0 1:18a WSW 21 18.1 26.6 8:42a 5.6 10:46p 45.1 0.0 0.06 2.7 19.0 2:44p E 22 3.4 6.5 12:29p 0.5 5:42p 59.2 0.0 0.00 2.0 10.0 8:10a E 23 11.1 31.2 11:46a-412.7 5:31a 51.8 0.0 0.27 1.0 11.0 1:38p ENE 24 22.0 41.8 12:02p -1.2 5:14a 41.4 0.0 0.00 2.2 33.0 11:57p NE 25 27.0 36.6 9:11a 10.4 11:59p 36.5 0.0 0.00 6.7 35.0 12:20a WSW 26 8.2 17.3 8:21a 2.4 10:12p 54.4 0.0 0.00 2.7 16.0 11:05a E 27 6.8 22.2 12:20p -7.9 5:36a 55.9 0.0 0.07 1.7 14.0 12:08p E 28 12.4 26.3 1:08p -2.0 4:27a 50.6 0.0 0.00 2.3 14.0 12:11p E ------------------------------------------------------------------------------------- 30.2 60.5 14 -412.7 23 934.9 0.0 0.80 6.4 47.0 2 W Max >= 90.0: 0 Max <= 32.0: 8 Min <= 32.0: 23 Min <= 0.0: 5 Max Rain: 0.27 ON 02/23/15 Days of Rain: 7 (>.01 in) 3 (>.1 in) 0 (>1 in) Heat Base: 65.0 Cool Base: 65.0 Method: Integration

Station affiliations

Weather data published to:,
Weather Underground, Citizen Weather Observer Program, WeatherForYou, AnythingWeather.com

Member of: Weather-Matrix, Weather-Watch.com

Quote from the patron saint of the webmaster, St. Alphonsus Liguori :
"My Jesus, Thou alone art sufficient for me.  My love, do not permit me to separate myself from Thee.  When shall I be able to say, 'My God, I cannot lose thee any more?' "

 ©2007 EstesParkWeather.net and ExceptionalWeather.com. EstesParkWeather.net is part of the ExceptionalWeather Network
Radar/maps © Weather Underground. Used with permission.    Valid XHTML 1.0     Valid CSS
Never base important decisions on this or any weather information obtained from the Internet.