NOAA style reports

Note: Some NOAA reports are not available. For a complete summary of all available archival weather data please this page.

Year to date and all Time Records: Are available on the Live page. Look for the Records push button.

2018: Jan | Feb | Mar | Apr | May | Jun | Jul | Aug | Sep | Oct | Nov | Dec 
2017: Jan | Feb | Mar | Apr | May | Jun | Jul | Aug | Sep | Oct | Nov | Dec 
2016: Jan | Feb | Mar | Apr | May | Jun | Jul | Aug | Sep | Oct | Nov | Dec 
2015: Jan | Feb | Mar | Apr | May | Jun | Jul | Aug | Sep | Oct | Nov | Dec 
2014: Jan | Feb | Mar | Apr | May | Jun | Jul | Aug | Sep | Oct | Nov | Dec 
2013: Jan | Feb | Mar | Apr | May | Jun | Jul | Aug | Sep | Oct | Nov | Dec 
2012: Jan | Feb | Mar | Apr | May | Jun | Jul | Aug | Sep | Oct | Nov | Dec 
2011: Jan | Feb | Mar | Apr | May | Jun | Jul | Aug | Sep | Oct | Nov | Dec 
2010: Jan | Feb | Mar | Apr | May | Jun | Jul | Aug | Sep | Oct | Nov | Dec 
2009: Jan | Feb | Mar | Apr | May | Jun | Jul | Aug | Sep | Oct | Nov | Dec 
 2008: Jan | Feb | Mar | Apr | May | Jun | Jul | Aug | Sep | Oct | Nov | Dec 
2007: Jan | Feb | Mar | Apr | May | Jun | Jul | Aug | Sep | Oct | Nov | Dec 
 2006: Jan | Feb | Mar | Apr | May | Jun | Jul | Aug | Sep | Oct | Nov | Dec 

Report for 2015 02
MONTHLY CLIMATOLOGICAL SUMMARY for JAN. 2015 NAME: Estes Park - Truta CITY: Estes Park STATE: Colorado ELEV: 7700 ft LAT: 39 36' 00" N LONG: 104 54' 00" W TEMPERATURE (F), RAIN (in), WIND SPEED (mph) HEAT COOL AVG MEAN DEG DEG WIND DOM DAY TEMP HIGH TIME LOW TIME DAYS DAYS RAIN SPEED HIGH TIME DIR ------------------------------------------------------------------------------------ 1 8.9 31.3 10:40a -9.1 4:47a 53.8 0.0 0.01 1.2 14.0 12:23p E 2 21.9 36.2 1:57p 9.5 6:55a 41.3 0.0 0.00 3.6 22.0 11:53p NNW 3 23.4 34.4 8:46a 7.9 7:07p 39.8 0.0 0.00 7.3 29.0 1:16a SW 4 27.2 33.5 10:51p 3.9 4:22p 36.1 0.0 0.00 11.1 44.0 3:50p SW 5 39.6 46.8 6:43p 32.0 6:12a 24.3 0.0 0.01 20.8 56.0 7:56a WSW 6 43.3 49.5 12:16p 23.5 11:58p 20.8 0.0 0.00 9.4 35.0 7:15a W 7 29.1 46.7 8:56p 11.2 6:30a 34.5 0.0 0.00 3.7 28.0 9:36p E 8 38.5 53.3 1:08p 15.4 11:36p 25.4 0.0 0.00 7.7 35.0 6:54a E 9 27.4 40.6 10:18p 15.4 12:01a 36.0 0.0 0.00 3.2 28.0 9:39p SW 10 38.8 43.5 2:14p 14.3 4:21p 25.1 0.0 0.00 8.0 30.0 12:24p SW 11 34.1 39.3 4:52a 24.8 11:30p 29.6 0.0 0.00 4.0 20.0 2:17a E 12 23.7 36.5 11:09a 13.8 9:55p 39.7 0.0 0.00 2.0 14.0 11:25a NNE 13 24.6 36.0 11:43a 13.5 12:19a 38.7 0.0 0.00 1.5 14.0 1:57p ESE 14 26.6 47.3 2:00p 9.0 6:18a 36.9 0.0 0.03 1.4 19.0 12:59p N 15 41.6 52.6 11:12a 21.1 12:01a 22.3 0.0 0.00 7.8 29.0 11:11p SW 16 41.7 50.2 12:24p 30.3 11:53p 22.3 0.0 0.00 12.4 44.0 3:06p SW 17 35.4 43.3 1:39p 26.1 6:12a 28.3 0.0 0.00 12.5 48.0 11:09p W 18 42.7 49.8 10:16a 37.5 2:03a 21.3 0.0 0.00 16.5 51.0 2:48a SW 19 37.0 42.5 8:58a 26.9 11:41p 26.9 0.0 0.00 14.0 41.0 12:06a SW 20 26.5 34.3 11:48a 20.1 6:09a 36.9 0.0 0.00 5.2 30.0 12:14p ESE 21 15.5 20.5 12:01a -1.8 11:58p 47.5 0.0 0.00 1.4 14.0 11:44a E 22 14.2 37.5 1:44p-416.8 1:54a 48.4 0.0 0.06 1.4 13.0 2:29p SW 23 28.3 43.1 1:44p 16.2 3:23a 35.0 0.0 0.00 2.0 16.0 12:53p N 24 37.4 43.5 12:29p 27.5 1:08a 26.6 0.0 0.00 11.9 42.0 6:52a SW 25 42.6 47.4 7:15p 36.3 1:39a 21.5 0.0 0.00 12.8 34.0 2:15a SW 26 48.0 64.7 1:26p 27.0 11:10p 16.3 0.0 0.00 4.3 21.0 1:44a W 27 47.3 64.2 12:27p 25.7 1:44a 16.9 0.0 0.00 6.5 33.0 11:51p WSW 28 40.7 45.7 11:18a 18.2 9:53a 23.4 0.0 0.00 10.4 41.0 11:25a SW 29 30.9 42.6 12:31p 23.5 11:29p 33.0 0.0 0.00 1.7 11.0 4:28a SE 30 31.5 43.1 10:58a 23.5 12:01a 32.3 0.0 0.00 1.1 12.0 4:44p NNE 31 30.3 43.2 2:55p 21.6 11:55p 33.2 0.0 0.02 2.3 29.0 8:17p ESE ------------------------------------------------------------------------------------- 32.2 64.7 26 -416.8 22 974.1 0.0 0.13 6.7 56.0 5 SW Max >= 90.0: 0 Max <= 32.0: 2 Min <= 32.0: 29 Min <= 0.0: 3 Max Rain: 0.06 ON 01/22/15 Days of Rain: 3 (>.01 in) 0 (>.1 in) 0 (>1 in) Heat Base: 65.0 Cool Base: 65.0 Method: Integration

Station affiliations

Weather data published to:,
Weather Underground, Citizen Weather Observer Program, WeatherForYou, AnythingWeather.com

Member of: Weather-Matrix, Weather-Watch.com

Quote from the patron saint of the webmaster, St. Alphonsus Liguori :
"My Jesus, Thou alone art sufficient for me.  My love, do not permit me to separate myself from Thee.  When shall I be able to say, 'My God, I cannot lose thee any more?' "

 ©2007 EstesParkWeather.net and ExceptionalWeather.com. EstesParkWeather.net is part of the ExceptionalWeather Network
Radar/maps © Weather Underground. Used with permission.    Valid XHTML 1.0     Valid CSS
Never base important decisions on this or any weather information obtained from the Internet.