NOAA style reports

Note: Some NOAA reports are not available. For a complete summary of all available archival weather data please this page.

Year to date and all Time Records: Are available on the Live page. Look for the Records push button.

2018: Jan | Feb | Mar | Apr | May | Jun | Jul | Aug | Sep | Oct | Nov | Dec 
2017: Jan | Feb | Mar | Apr | May | Jun | Jul | Aug | Sep | Oct | Nov | Dec 
2016: Jan | Feb | Mar | Apr | May | Jun | Jul | Aug | Sep | Oct | Nov | Dec 
2015: Jan | Feb | Mar | Apr | May | Jun | Jul | Aug | Sep | Oct | Nov | Dec 
2014: Jan | Feb | Mar | Apr | May | Jun | Jul | Aug | Sep | Oct | Nov | Dec 
2013: Jan | Feb | Mar | Apr | May | Jun | Jul | Aug | Sep | Oct | Nov | Dec 
2012: Jan | Feb | Mar | Apr | May | Jun | Jul | Aug | Sep | Oct | Nov | Dec 
2011: Jan | Feb | Mar | Apr | May | Jun | Jul | Aug | Sep | Oct | Nov | Dec 
2010: Jan | Feb | Mar | Apr | May | Jun | Jul | Aug | Sep | Oct | Nov | Dec 
2009: Jan | Feb | Mar | Apr | May | Jun | Jul | Aug | Sep | Oct | Nov | Dec 
 2008: Jan | Feb | Mar | Apr | May | Jun | Jul | Aug | Sep | Oct | Nov | Dec 
2007: Jan | Feb | Mar | Apr | May | Jun | Jul | Aug | Sep | Oct | Nov | Dec 
 2006: Jan | Feb | Mar | Apr | May | Jun | Jul | Aug | Sep | Oct | Nov | Dec 

Report for 2015 01
MONTHLY CLIMATOLOGICAL SUMMARY for DEC. 2014 NAME: Estes Park - Truta CITY: Estes Park STATE: Colorado ELEV: 7700 ft LAT: 39 36' 00" N LONG: 104 54' 00" W TEMPERATURE (F), RAIN (in), WIND SPEED (mph) HEAT COOL AVG MEAN DEG DEG WIND DOM DAY TEMP HIGH TIME LOW TIME DAYS DAYS RAIN SPEED HIGH TIME DIR ------------------------------------------------------------------------------------ 1 31.3 44.1 11:52a 12.8 6:16a 32.2 0.0 0.03 10.4 41.0 4:52p SW 2 39.2 48.5 1:52p 26.1 11:53p 24.7 0.0 0.00 11.2 34.0 10:51a SW 3 36.7 49.4 11:10a 24.2 3:36a 26.9 0.0 0.00 8.6 46.0 9:18p SW 4 43.2 48.6 10:58a 36.0 11:59p 20.9 0.0 0.00 8.7 38.0 12:04a SW 5 35.4 48.8 12:19p 22.2 11:57p 28.3 0.0 0.00 4.3 28.0 10:39a WSW 6 34.4 51.9 12:45p 21.4 4:22a 29.1 0.0 0.00 3.7 27.0 10:33p SW 7 41.3 48.3 12:19p 37.8 11:52p 22.6 0.0 0.00 10.8 37.0 12:35p WSW 8 36.9 55.3 10:19a 20.3 11:19p 27.0 0.0 0.00 3.7 21.0 3:31a N 9 38.4 57.6 12:44p 20.5 12:14a 25.5 0.0 0.00 4.4 26.0 9:32a SW 10 37.5 57.6 11:31a 20.3 11:58p 26.2 0.0 0.00 1.8 18.0 12:36p N 11 36.2 56.2 11:58a 16.5 5:48a 27.6 0.0 0.00 3.8 27.0 10:45a N 12 44.0 65.6 11:31a 24.7 12:58a 20.2 0.0 0.00 2.6 16.0 5:26a NNE 13 36.5 53.2 1:21p 20.5 12:00m 27.3 0.0 0.00 1.2 16.0 12:05a N 14 29.0 32.5 9:19a 19.7 12:23a 34.5 0.0 0.07 4.1 27.0 10:50p WSW 15 27.5 32.8 12:48p 18.6 11:57p 35.7 0.0 0.00 10.8 33.0 8:38a SW 16 29.2 43.3 12:12p 9.1 6:15a 34.5 0.0 0.01 3.8 20.0 1:53p SW 17 29.8 39.2 11:14a 16.9 11:53p 34.0 0.0 0.00 1.8 13.0 9:07a NNE 18 27.0 38.2 11:06a 12.8 3:52a 36.4 0.0 0.01 5.3 22.0 10:39a WSW 19 30.4 35.8 11:41a 25.6 6:24a 33.0 0.0 0.00 12.5 34.0 12:57p SW 20 33.2 42.3 11:59a 26.9 6:12a 30.5 0.0 0.00 5.7 24.0 12:21a SW 21 33.0 39.6 1:39p 26.6 11:57p 30.7 0.0 0.00 9.5 42.0 7:56a W 22 24.2 30.9 10:09a 16.7 10:29p 39.0 0.0 0.04 5.0 33.0 6:39p W 23 19.0 26.7 11:45a 7.6 10:31p 44.1 0.0 0.01 5.8 27.0 5:25p W 24 32.2 40.8 11:03a 9.9 4:22p 31.3 0.0 0.00 13.0 36.0 2:00p SW 25 26.3 37.3 4:56a 11.9 10:46p 37.1 0.0 0.01 5.2 32.0 12:04a E 26 8.6 15.1 11:02a -4.8 11:57p 53.9 0.0 0.01 1.2 10.0 1:37p E 27 11.5 20.5 12:07p -11.0 3:59a 51.4 0.0 0.00 10.2 33.0 7:26p SW 28 19.3 24.4 11:38a 8.3 12:00m 43.8 0.0 0.00 9.6 42.0 9:04a WSW 29 3.8 11.4 6:52a -4.8 11:51p 58.7 0.0 0.00 3.1 13.0 8:49a ENE 30 -10.9 0.0 11:10a-416.4 1:55a 72.9 0.0 0.00 1.8 11.0 1:56p NNE 31 -0.3 26.3 11:11a -21.1 12:04a 62.6 0.0 0.04 0.8 11.0 12:18p NW ------------------------------------------------------------------------------------- 27.9 65.6 12 -416.4 30 1102.6 0.0 0.23 5.9 46.0 3 SW Max >= 90.0: 0 Max <= 32.0: 8 Min <= 32.0: 29 Min <= 0.0: 5 Max Rain: 0.07 ON 12/14/14 Days of Rain: 4 (>.01 in) 0 (>.1 in) 0 (>1 in) Heat Base: 65.0 Cool Base: 65.0 Method: Integration

Station affiliations

Weather data published to:,
Weather Underground, Citizen Weather Observer Program, WeatherForYou, AnythingWeather.com

Member of: Weather-Matrix, Weather-Watch.com

Quote from the patron saint of the webmaster, St. Alphonsus Liguori :
"My Jesus, Thou alone art sufficient for me.  My love, do not permit me to separate myself from Thee.  When shall I be able to say, 'My God, I cannot lose thee any more?' "

 ©2007 EstesParkWeather.net and ExceptionalWeather.com. EstesParkWeather.net is part of the ExceptionalWeather Network
Radar/maps © Weather Underground. Used with permission.    Valid XHTML 1.0     Valid CSS
Never base important decisions on this or any weather information obtained from the Internet.