NOAA style reports

Note: Some NOAA reports are not available. For a complete summary of all available archival weather data please this page.

Year to date and all Time Records: Are available on the Live page. Look for the Records push button.

2018: Jan | Feb | Mar | Apr | May | Jun | Jul | Aug | Sep | Oct | Nov | Dec 
2017: Jan | Feb | Mar | Apr | May | Jun | Jul | Aug | Sep | Oct | Nov | Dec 
2016: Jan | Feb | Mar | Apr | May | Jun | Jul | Aug | Sep | Oct | Nov | Dec 
2015: Jan | Feb | Mar | Apr | May | Jun | Jul | Aug | Sep | Oct | Nov | Dec 
2014: Jan | Feb | Mar | Apr | May | Jun | Jul | Aug | Sep | Oct | Nov | Dec 
2013: Jan | Feb | Mar | Apr | May | Jun | Jul | Aug | Sep | Oct | Nov | Dec 
2012: Jan | Feb | Mar | Apr | May | Jun | Jul | Aug | Sep | Oct | Nov | Dec 
2011: Jan | Feb | Mar | Apr | May | Jun | Jul | Aug | Sep | Oct | Nov | Dec 
2010: Jan | Feb | Mar | Apr | May | Jun | Jul | Aug | Sep | Oct | Nov | Dec 
2009: Jan | Feb | Mar | Apr | May | Jun | Jul | Aug | Sep | Oct | Nov | Dec 
 2008: Jan | Feb | Mar | Apr | May | Jun | Jul | Aug | Sep | Oct | Nov | Dec 
2007: Jan | Feb | Mar | Apr | May | Jun | Jul | Aug | Sep | Oct | Nov | Dec 
 2006: Jan | Feb | Mar | Apr | May | Jun | Jul | Aug | Sep | Oct | Nov | Dec 

Report for 2014 12
MONTHLY CLIMATOLOGICAL SUMMARY for NOV. 2014 NAME: Estes Park - Truta CITY: Estes Park STATE: Colorado ELEV: 7700 ft LAT: 39 36' 00" N LONG: 104 54' 00" W TEMPERATURE (F), RAIN (in), WIND SPEED (mph) HEAT COOL AVG MEAN DEG DEG WIND DOM DAY TEMP HIGH TIME LOW TIME DAYS DAYS RAIN SPEED HIGH TIME DIR ------------------------------------------------------------------------------------ 1 50.8 64.3 3:22p 27.9 1:12a 13.6 0.0 0.00 4.6 27.0 6:50a SW 2 44.5 58.6 10:49a 29.3 2:49a 19.5 0.0 0.00 4.8 26.0 2:50p W 3 33.1 38.5 12:04p 25.7 10:11p 30.2 0.0 0.12 3.1 21.0 6:40a ENE 4 38.8 52.3 2:12p 22.2 7:58a 25.0 0.0 0.01 7.2 31.0 8:11p W 5 43.8 58.6 3:03p 27.6 11:32p 20.4 0.0 0.00 6.1 34.0 3:05a W 6 45.1 65.3 2:56p 21.4 6:33a 19.0 0.0 0.00 5.3 36.0 11:10p N 7 50.6 61.2 12:14p 33.7 11:53p 13.9 0.0 0.09 8.6 40.0 1:03a W 8 43.8 60.2 3:45p 25.1 8:11a 20.4 0.0 0.02 7.9 34.0 2:47p W 9 52.7 63.9 1:34p 45.2 8:32a 11.8 0.0 0.00 11.0 34.0 8:56a SW 10 32.6 50.7 12:18a 7.6 11:59p 31.0 0.0 0.00 6.9 47.0 3:09a SW 11 5.2 10.2 10:58a -2.0 11:26p 57.1 0.0 0.00 3.3 13.0 12:28p ENE 12 -8.6 -0.2 11:50a-875.6 8:32a 70.2 0.0 0.00 2.2 11.0 2:06p ENE 13 -5.3 15.1 1:11p-888.7 8:32a 67.2 0.0 0.02 1.1 14.0 2:47p NNE 14 34.6 39.5 2:25p 9.6 6:42p 28.9 0.0 0.01 10.9 40.0 10:33a WSW 15 17.9 34.4 3:59a -0.6 11:58p 44.7 0.0 0.00 4.0 29.0 5:59a E 16 12.1 28.4 3:11p -10.5 4:24a 50.8 0.0 0.01 5.6 28.0 2:21p SW 17 23.8 33.1 2:14p 17.0 1:48a 39.3 0.0 0.00 8.1 29.0 9:11a W 18 29.9 39.6 3:03p 22.5 1:10a 33.6 0.0 0.00 14.7 39.0 6:43p SW 19 35.9 42.6 2:53p 31.0 3:16a 27.7 0.0 0.00 11.1 35.0 6:12a SW 20 39.7 48.9 12:42p 34.4 8:32a 24.0 0.0 0.00 8.7 24.0 6:17a SW 21 37.6 45.2 1:46p 26.6 11:26p 26.2 0.0 0.00 8.4 28.0 11:00a SW 22 39.5 48.5 2:47p 28.5 12:01a 24.0 0.0 0.00 15.4 48.0 11:46a SW 23 28.3 35.9 1:06a 20.8 8:01p 35.0 0.0 0.00 9.0 32.0 1:48a SW 24 23.2 31.5 2:05p 18.9 9:40p 39.7 0.0 0.00 9.2 37.0 1:28a W 25 28.0 38.0 7:50p 20.4 8:32a 27.8 0.0 0.00 11.9 50.0 10:50a W 26 40.1 47.6 12:03p 12.3 3:39a 17.2 0.0 0.00 8.5 41.0 9:46p W 27 47.1 52.9 12:48p 40.5 2:10a 17.5 0.0 0.00 15.2 47.0 5:09p SW 28 49.3 56.3 12:09p 44.3 4:55a 15.1 0.0 0.00 17.5 48.0 8:56a SW 29 45.7 53.9 11:43a 24.6 9:54a 18.5 0.0 0.00 9.5 37.0 8:56a W 30 32.1 47.9 11:39a 14.0 5:05p 31.3 0.0 0.00 6.4 32.0 3:55a SW ------------------------------------------------------------------------------------- 33.1 65.3 6 -888.7 13 900.6 0.0 0.28 8.2 50.0 25 SW Max >= 90.0: 0 Max <= 32.0: 5 Min <= 32.0: 25 Min <= 0.0: 5 Max Rain: 0.12 ON 11/03/14 Days of Rain: 4 (>.01 in) 1 (>.1 in) 0 (>1 in) Heat Base: 65.0 Cool Base: 65.0 Method: Integration

Station affiliations

Weather data published to:,
Weather Underground, Citizen Weather Observer Program, WeatherForYou, AnythingWeather.com

Member of: Weather-Matrix, Weather-Watch.com

Quote from the patron saint of the webmaster, St. Alphonsus Liguori :
"My Jesus, Thou alone art sufficient for me.  My love, do not permit me to separate myself from Thee.  When shall I be able to say, 'My God, I cannot lose thee any more?' "

 ©2007 EstesParkWeather.net and ExceptionalWeather.com. EstesParkWeather.net is part of the ExceptionalWeather Network
Radar/maps © Weather Underground. Used with permission.    Valid XHTML 1.0     Valid CSS
Never base important decisions on this or any weather information obtained from the Internet.