NOAA style reports

Note: Some NOAA reports are not available. For a complete summary of all available archival weather data please this page.

Year to date and all Time Records: Are available on the Live page. Look for the Records push button.

2018: Jan | Feb | Mar | Apr | May | Jun | Jul | Aug | Sep | Oct | Nov | Dec 
2017: Jan | Feb | Mar | Apr | May | Jun | Jul | Aug | Sep | Oct | Nov | Dec 
2016: Jan | Feb | Mar | Apr | May | Jun | Jul | Aug | Sep | Oct | Nov | Dec 
2015: Jan | Feb | Mar | Apr | May | Jun | Jul | Aug | Sep | Oct | Nov | Dec 
2014: Jan | Feb | Mar | Apr | May | Jun | Jul | Aug | Sep | Oct | Nov | Dec 
2013: Jan | Feb | Mar | Apr | May | Jun | Jul | Aug | Sep | Oct | Nov | Dec 
2012: Jan | Feb | Mar | Apr | May | Jun | Jul | Aug | Sep | Oct | Nov | Dec 
2011: Jan | Feb | Mar | Apr | May | Jun | Jul | Aug | Sep | Oct | Nov | Dec 
2010: Jan | Feb | Mar | Apr | May | Jun | Jul | Aug | Sep | Oct | Nov | Dec 
2009: Jan | Feb | Mar | Apr | May | Jun | Jul | Aug | Sep | Oct | Nov | Dec 
 2008: Jan | Feb | Mar | Apr | May | Jun | Jul | Aug | Sep | Oct | Nov | Dec 
2007: Jan | Feb | Mar | Apr | May | Jun | Jul | Aug | Sep | Oct | Nov | Dec 
 2006: Jan | Feb | Mar | Apr | May | Jun | Jul | Aug | Sep | Oct | Nov | Dec 

Report for 2014 09
MONTHLY CLIMATOLOGICAL SUMMARY for APR. 2014 NAME: Greg Truta CITY: Littleton STATE: CO ELEV: 7700 ft LAT: 39 36' 00" N LONG: 104 54' 00" W TEMPERATURE (F), RAIN (in), WIND SPEED (mph) HEAT COOL AVG MEAN DEG DEG WIND DOM DAY TEMP HIGH TIME LOW TIME DAYS DAYS RAIN SPEED HIGH TIME DIR ------------------------------------------------------------------------------------ 1 34.3 44.2 10:55a 23.2 4:24a 29.4 0.0 0.00 4.0 26.0 10:10a W 2 33.4 46.0 1:30p 23.3 2:35a 30.2 0.0 0.00 6.0 31.0 11:49a SW 3 29.4 39.9 2:30p 17.2 11:39p 33.5 0.0 0.05 5.0 25.0 9:57a NNE 4 33.4 46.0 12:46p 16.7 12:26a 30.3 0.0 0.00 5.2 21.0 6:14a WNW 5 34.3 48.0 9:16a 23.6 11:54p 28.7 0.0 0.00 3.7 25.0 10:49a SSW 6 34.5 45.7 11:03a 21.1 1:31a 29.2 0.0 0.00 5.8 30.0 11:07a WNW 7 36.6 45.8 1:12p 24.4 4:18a 27.1 0.0 0.03 5.7 30.0 7:39a WNW 8 49.1 59.5 2:53p 38.3 1:56a 15.3 0.0 0.00 9.4 32.0 11:35p WNW 9 54.4 65.6 11:28a 46.1 1:01a 10.1 0.0 0.00 11.9 40.0 6:59p WSW 10 48.6 60.7 10:52a 19.9 6:53p 15.6 0.0 0.00 7.2 37.0 11:51a W 11 50.2 65.8 1:32p 27.2 4:00a 14.2 0.0 0.00 5.8 27.0 2:45p W 12 50.6 62.4 11:54a 33.1 11:57p 13.8 0.0 0.09 6.1 31.0 2:20p WSW 13 21.2 33.1 12:01a 12.3 11:52p 42.0 0.0 0.00 3.8 20.0 9:44a E 14 24.5 35.3 3:12p 2.8 4:08a 37.5 0.0 0.16 6.2 30.0 11:09p W 15 42.1 50.8 12:47p 31.0 12:29a 21.6 0.0 0.02 11.6 40.0 1:33p WSW 16 37.0 49.6 1:41p 30.3 12:00m 26.9 0.0 0.00 6.7 30.0 6:13a ESE 17 33.9 51.1 9:13a 23.3 4:01a 11.6 0.0 0.00 2.2 20.0 8:36a WSW 18 19 20 21 22 54.1 66.6 12:00p 38.2 11:08p 7.1 0.0 0.00 4.9 31.0 2:00p SW 23 46.0 55.7 11:07a 21.7 3:03p 18.1 0.0 0.00 10.4 44.0 8:50a WSW 24 44.6 57.8 1:11p 30.9 3:27a 19.7 0.0 0.00 11.5 33.0 9:01a WSW 25 49.0 60.7 10:34a 32.7 11:32p 15.3 0.0 0.00 3.7 26.0 8:59a SE 26 52.3 64.7 2:31p 33.8 12:01a 12.1 0.0 0.00 6.6 30.0 11:07p WSW 27 37.7 41.5 12:01a 12.2 10:55a 26.2 0.0 0.00 14.9 48.0 12:38p WSW 28 34.9 43.2 11:01a 31.2 8:25p 28.9 0.0 0.00 10.4 40.0 7:22a W 29 34.5 41.6 9:59a 29.5 7:10p 29.3 0.0 0.00 6.3 32.0 6:28a WNW 30 36.1 46.5 1:52p 27.9 3:44a 27.6 0.0 0.00 5.9 37.0 8:20a WNW ------------------------------------------------------------------------------------- 39.9 66.6 22 2.8 14 601.3 0.0 0.35 7.0 48.0 27 WSW Max >= 90.0: 0 Max <= 32.0: 0 Min <= 32.0: 20 Min <= 0.0: 0 Max Rain: 0.16 ON 04/14/14 Days of Rain: 5 (>.01 in) 1 (>.1 in) 0 (>1 in) Heat Base: 65.0 Cool Base: 65.0 Method: Integration

Station affiliations

Weather data published to:,
Weather Underground, Citizen Weather Observer Program, WeatherForYou, AnythingWeather.com

Member of: Weather-Matrix, Weather-Watch.com

Quote from the patron saint of the webmaster, St. Alphonsus Liguori :
"My Jesus, Thou alone art sufficient for me.  My love, do not permit me to separate myself from Thee.  When shall I be able to say, 'My God, I cannot lose thee any more?' "

 ©2007 EstesParkWeather.net and ExceptionalWeather.com. EstesParkWeather.net is part of the ExceptionalWeather Network
Radar/maps © Weather Underground. Used with permission.    Valid XHTML 1.0     Valid CSS
Never base important decisions on this or any weather information obtained from the Internet.