NOAA style reports

Note: Some NOAA reports are not available. For a complete summary of all available archival weather data please this page.

Year to date and all Time Records: Are available on the Live page. Look for the Records push button.

2018: Jan | Feb | Mar | Apr | May | Jun | Jul | Aug | Sep | Oct | Nov | Dec 
2017: Jan | Feb | Mar | Apr | May | Jun | Jul | Aug | Sep | Oct | Nov | Dec 
2016: Jan | Feb | Mar | Apr | May | Jun | Jul | Aug | Sep | Oct | Nov | Dec 
2015: Jan | Feb | Mar | Apr | May | Jun | Jul | Aug | Sep | Oct | Nov | Dec 
2014: Jan | Feb | Mar | Apr | May | Jun | Jul | Aug | Sep | Oct | Nov | Dec 
2013: Jan | Feb | Mar | Apr | May | Jun | Jul | Aug | Sep | Oct | Nov | Dec 
2012: Jan | Feb | Mar | Apr | May | Jun | Jul | Aug | Sep | Oct | Nov | Dec 
2011: Jan | Feb | Mar | Apr | May | Jun | Jul | Aug | Sep | Oct | Nov | Dec 
2010: Jan | Feb | Mar | Apr | May | Jun | Jul | Aug | Sep | Oct | Nov | Dec 
2009: Jan | Feb | Mar | Apr | May | Jun | Jul | Aug | Sep | Oct | Nov | Dec 
 2008: Jan | Feb | Mar | Apr | May | Jun | Jul | Aug | Sep | Oct | Nov | Dec 
2007: Jan | Feb | Mar | Apr | May | Jun | Jul | Aug | Sep | Oct | Nov | Dec 
 2006: Jan | Feb | Mar | Apr | May | Jun | Jul | Aug | Sep | Oct | Nov | Dec 

Report for 2014 04
MONTHLY CLIMATOLOGICAL SUMMARY for MAR. 2014 NAME: Greg Truta CITY: Littleton STATE: CO ELEV: 7700 ft LAT: 39 36' 00" N LONG: 104 54' 00" W TEMPERATURE (F), RAIN (in), WIND SPEED (mph) HEAT COOL AVG MEAN DEG DEG WIND DOM DAY TEMP HIGH TIME LOW TIME DAYS DAYS RAIN SPEED HIGH TIME DIR ------------------------------------------------------------------------------------ 1 20.9 43.2 2:15a 9.3 4:08p 41.7 0.0 0.06 6.7 32.0 11:53p NE 2 31.1 40.6 9:41a 6.8 4:03p 28.7 0.0 0.01 3.8 28.0 12:01a NE 3 38.8 48.2 1:39p 27.9 12:21a 24.9 0.0 0.00 6.6 28.0 11:53a SW 4 37.0 50.5 10:42a 23.8 11:40p 26.7 0.0 0.00 7.1 29.0 2:42a SW 5 34.9 46.4 1:50p 17.3 5:17a 28.6 0.0 0.07 7.2 32.0 9:07p WSW 6 44.4 55.6 1:03p 38.5 12:28a 19.6 0.0 0.00 9.0 34.0 9:41a SW 7 30.0 40.5 12:01a 21.3 11:43p 32.5 0.0 0.11 2.4 16.0 12:55p E 8 32.5 45.4 1:18p 17.0 5:11a 31.0 0.0 0.09 2.6 21.0 10:45p W 9 46.8 55.9 1:34p 38.2 4:02a 17.4 0.0 0.00 13.6 45.0 9:52a SW 10 49.6 58.7 1:10p 39.9 12:00m 14.7 0.0 0.00 11.9 40.0 2:11p SW 11 27.3 39.9 12:01a 0.0 3:03p 35.7 0.0 0.00 7.5 33.0 9:16a WNW 12 29.4 50.5 12:58p 2.0 4:54a 34.0 0.0 0.00 3.2 22.0 2:52p WNW 13 41.0 50.1 11:00a 30.7 11:30p 22.9 0.0 0.00 11.4 45.0 1:29p W 14 40.1 51.9 1:24p 21.9 4:59a 23.7 0.0 0.00 6.2 29.0 11:52a WSW 15 32.3 41.1 11:58a 25.8 5:07p 31.0 0.0 0.00 6.1 28.0 1:22p W 16 40.4 53.3 12:11p 28.8 1:46a 23.6 0.0 0.00 12.3 37.0 8:02a SW 17 39.4 52.0 11:18a 24.7 9:39p 24.5 0.0 0.00 12.3 39.0 9:28p SW 18 26.2 34.3 1:50p 14.3 12:00m 37.2 0.0 0.00 7.3 39.0 3:12a N 19 32.5 44.2 1:57p 14.0 12:08a 30.8 0.0 0.00 10.1 42.0 8:50p W 20 42.0 52.0 1:17p 32.1 4:53a 22.2 0.0 0.00 16.4 41.0 1:31a WSW 21 33.3 41.8 5:58a 22.9 11:52p 30.2 0.0 0.00 5.3 26.0 12:22a SE 22 17.4 23.0 12:01a 4.8 11:58p 45.4 0.0 0.00 3.0 13.0 1:02p E 23 30.8 46.7 1:48p 2.8 1:38a 32.4 0.0 0.05 8.6 44.0 3:43p WSW 24 30.2 45.8 1:46p 19.2 4:54a 33.4 0.0 0.00 6.2 30.0 2:22p NE 25 38.1 57.6 1:45p 19.4 4:10a 25.9 0.0 0.00 5.4 28.0 10:03a SW 26 43.8 52.8 9:32a 16.7 3:03p 20.3 0.0 0.00 10.7 36.0 6:21p SW 27 33.5 45.8 11:19a 25.6 10:21p 30.0 0.0 0.00 7.6 37.0 7:42a W 28 32.9 41.1 12:24p 25.6 2:42a 30.8 0.0 0.02 10.0 31.0 10:20a W 29 43.6 51.1 1:07p 33.1 5:55a 20.5 0.0 0.00 12.5 42.0 9:55a SW 30 44.8 56.6 12:46p 31.9 11:54p 19.3 0.0 0.01 11.2 44.0 8:34p WSW 31 33.9 42.9 2:29p 26.7 9:40p 29.7 0.0 0.00 11.2 52.0 12:12a W ------------------------------------------------------------------------------------- 35.4 58.7 10 0.0 11 869.3 0.0 0.42 8.2 52.0 31 WSW Max >= 90.0: 0 Max <= 32.0: 1 Min <= 32.0: 26 Min <= 0.0: 1 Max Rain: 0.11 ON 03/07/14 Days of Rain: 6 (>.01 in) 1 (>.1 in) 0 (>1 in) Heat Base: 65.0 Cool Base: 65.0 Method: Integration

Station affiliations

Weather data published to:,
Weather Underground, Citizen Weather Observer Program, WeatherForYou, AnythingWeather.com

Member of: Weather-Matrix, Weather-Watch.com

Quote from the patron saint of the webmaster, St. Alphonsus Liguori :
"My Jesus, Thou alone art sufficient for me.  My love, do not permit me to separate myself from Thee.  When shall I be able to say, 'My God, I cannot lose thee any more?' "

 ©2007 EstesParkWeather.net and ExceptionalWeather.com. EstesParkWeather.net is part of the ExceptionalWeather Network
Radar/maps © Weather Underground. Used with permission.    Valid XHTML 1.0     Valid CSS
Never base important decisions on this or any weather information obtained from the Internet.