NOAA style reports

Note: Some NOAA reports are not available. For a complete summary of all available archival weather data please this page.

Year to date and all Time Records: Are available on the Live page. Look for the Records push button.

2018: Jan | Feb | Mar | Apr | May | Jun | Jul | Aug | Sep | Oct | Nov | Dec 
2017: Jan | Feb | Mar | Apr | May | Jun | Jul | Aug | Sep | Oct | Nov | Dec 
2016: Jan | Feb | Mar | Apr | May | Jun | Jul | Aug | Sep | Oct | Nov | Dec 
2015: Jan | Feb | Mar | Apr | May | Jun | Jul | Aug | Sep | Oct | Nov | Dec 
2014: Jan | Feb | Mar | Apr | May | Jun | Jul | Aug | Sep | Oct | Nov | Dec 
2013: Jan | Feb | Mar | Apr | May | Jun | Jul | Aug | Sep | Oct | Nov | Dec 
2012: Jan | Feb | Mar | Apr | May | Jun | Jul | Aug | Sep | Oct | Nov | Dec 
2011: Jan | Feb | Mar | Apr | May | Jun | Jul | Aug | Sep | Oct | Nov | Dec 
2010: Jan | Feb | Mar | Apr | May | Jun | Jul | Aug | Sep | Oct | Nov | Dec 
2009: Jan | Feb | Mar | Apr | May | Jun | Jul | Aug | Sep | Oct | Nov | Dec 
 2008: Jan | Feb | Mar | Apr | May | Jun | Jul | Aug | Sep | Oct | Nov | Dec 
2007: Jan | Feb | Mar | Apr | May | Jun | Jul | Aug | Sep | Oct | Nov | Dec 
 2006: Jan | Feb | Mar | Apr | May | Jun | Jul | Aug | Sep | Oct | Nov | Dec 

Report for 2014 02
MONTHLY CLIMATOLOGICAL SUMMARY for FEB. 2014 NAME: Greg Truta CITY: Littleton STATE: CO ELEV: 7700 ft LAT: 39 36' 00" N LONG: 104 54' 00" W TEMPERATURE (F), RAIN (in), WIND SPEED (mph) HEAT COOL AVG MEAN DEG DEG WIND DOM DAY TEMP HIGH TIME LOW TIME DAYS DAYS RAIN SPEED HIGH TIME DIR ------------------------------------------------------------------------------------ 1 12.6 22.4 11:32a -1.0 11:53p 45.8 0.0 0.04 1.8 16.0 4:03p ENE 2 13.6 29.5 11:35a -2.6 12:42a 48.3 0.0 0.05 4.3 30.0 3:10a ENE 3 20.8 28.8 12:12p 14.1 11:48p 42.6 0.0 0.01 5.4 27.0 2:00a ENE 4 5.0 15.2 9:58a-410.8 5:26p 53.9 0.0 0.00 3.4 16.0 12:47p ENE 5 -12.6 7.2 1:00p-894.4 7:14a 74.0 0.0 0.02 1.9 17.0 2:03p NNE 6 10.5 24.4 10:31p -6.5 2:44a 51.3 0.0 0.00 3.9 24.0 11:42a SW 7 26.0 32.8 12:41p 1.3 5:24p 37.2 0.0 0.02 6.6 27.0 11:05p SW 8 31.2 37.3 12:20p 11.0 11:28a 31.9 0.0 0.01 8.5 31.0 12:03a SW 9 29.1 40.5 8:50a 17.0 12:37a 31.3 0.0 0.11 4.1 27.0 9:02a WSW 10 28.3 40.5 3:43p 3.4 11:32a 34.5 0.0 0.01 3.7 19.0 2:19a WSW 11 28.4 35.8 12:57p 13.6 12:11a 34.8 0.0 0.00 8.7 34.0 11:02p SW 12 32.1 38.5 11:51p 2.0 6:54a 31.2 0.0 0.00 13.9 43.0 5:20p WSW 13 38.9 44.9 12:05p 32.8 7:16p 24.9 0.0 0.00 12.8 43.0 10:27a W 14 37.3 43.2 1:48p 3.2 11:30a 26.1 0.0 0.01 13.0 42.0 2:01a W 15 45.7 49.4 11:44a 39.5 12:49a 16.7 0.0 0.01 13.6 44.0 3:58a W 16 40.1 49.4 9:37a 23.8 11:37p 21.3 0.0 0.00 10.7 42.0 9:16a W 17 35.4 44.3 2:25p 22.4 2:26a 28.0 0.0 0.00 18.3 51.0 9:31p WSW 18 39.4 46.1 1:35p 28.2 11:03p 24.4 0.0 0.00 12.7 45.0 7:29a WSW 19 36.1 46.4 10:25a 20.3 11:59p 27.5 0.0 0.00 11.7 38.0 11:40a SW 20 19.8 24.4 2:26p 13.3 6:37a 42.7 0.0 0.00 13.6 50.0 8:13p W 21 27.7 32.4 2:25p 3.9 4:39p 35.3 0.0 0.00 11.3 39.0 12:17a W 22 27.8 34.0 3:04p 19.4 11:01p 35.5 0.0 0.00 4.4 27.0 3:16p WSW 23 35.3 44.2 1:31p 19.5 12:01a 28.1 0.0 0.00 12.9 49.0 10:54p WSW 24 39.0 40.5 6:05a 37.2 1:36a 6.7 0.0 0.00 18.7 43.0 12:05a WSW 25 12.4 47.6 10:13a-409.8 11:48p 17.5 0.0 0.00 5.0 38.0 8:17a E 26 29.9 46.8 12:33p-411.8 1:52a 31.3 0.0 0.06 6.0 26.0 9:16a WNW 27 41.3 50.4 10:12a 29.4 12:01a 16.9 0.0 0.00 6.6 25.0 12:38a WSW 28 38.1 42.6 2:12p 29.0 12:00m 12.9 0.0 0.00 12.0 37.0 3:09p WSW ------------------------------------------------------------------------------------- 27.5 50.4 27 -894.4 5 912.6 0.0 0.35 8.9 51.0 17 WSW Max >= 90.0: 0 Max <= 32.0: 7 Min <= 32.0: 25 Min <= 0.0: 7 Max Rain: 0.11 ON 02/09/14 Days of Rain: 6 (>.01 in) 1 (>.1 in) 0 (>1 in) Heat Base: 65.0 Cool Base: 65.0 Method: Integration

Station affiliations

Weather data published to:,
Weather Underground, Citizen Weather Observer Program, WeatherForYou, AnythingWeather.com

Member of: Weather-Matrix, Weather-Watch.com

Quote from the patron saint of the webmaster, St. Alphonsus Liguori :
"My Jesus, Thou alone art sufficient for me.  My love, do not permit me to separate myself from Thee.  When shall I be able to say, 'My God, I cannot lose thee any more?' "

 ©2007 EstesParkWeather.net and ExceptionalWeather.com. EstesParkWeather.net is part of the ExceptionalWeather Network
Radar/maps © Weather Underground. Used with permission.    Valid XHTML 1.0     Valid CSS
Never base important decisions on this or any weather information obtained from the Internet.