NOAA style reports

Note: Some NOAA reports are not available. For a complete summary of all available archival weather data please this page.

Year to date and all Time Records: Are available on the Live page. Look for the Records push button.

2018: Jan | Feb | Mar | Apr | May | Jun | Jul | Aug | Sep | Oct | Nov | Dec 
2017: Jan | Feb | Mar | Apr | May | Jun | Jul | Aug | Sep | Oct | Nov | Dec 
2016: Jan | Feb | Mar | Apr | May | Jun | Jul | Aug | Sep | Oct | Nov | Dec 
2015: Jan | Feb | Mar | Apr | May | Jun | Jul | Aug | Sep | Oct | Nov | Dec 
2014: Jan | Feb | Mar | Apr | May | Jun | Jul | Aug | Sep | Oct | Nov | Dec 
2013: Jan | Feb | Mar | Apr | May | Jun | Jul | Aug | Sep | Oct | Nov | Dec 
2012: Jan | Feb | Mar | Apr | May | Jun | Jul | Aug | Sep | Oct | Nov | Dec 
2011: Jan | Feb | Mar | Apr | May | Jun | Jul | Aug | Sep | Oct | Nov | Dec 
2010: Jan | Feb | Mar | Apr | May | Jun | Jul | Aug | Sep | Oct | Nov | Dec 
2009: Jan | Feb | Mar | Apr | May | Jun | Jul | Aug | Sep | Oct | Nov | Dec 
 2008: Jan | Feb | Mar | Apr | May | Jun | Jul | Aug | Sep | Oct | Nov | Dec 
2007: Jan | Feb | Mar | Apr | May | Jun | Jul | Aug | Sep | Oct | Nov | Dec 
 2006: Jan | Feb | Mar | Apr | May | Jun | Jul | Aug | Sep | Oct | Nov | Dec 

Report for 2013 12
MONTHLY CLIMATOLOGICAL SUMMARY for DEC. 2013 NAME: Greg Truta CITY: Littleton STATE: CO ELEV: 7700 ft LAT: 39 36' 00" N LONG: 104 54' 00" W TEMPERATURE (F), RAIN (in), WIND SPEED (mph) HEAT COOL AVG MEAN DEG DEG WIND DOM DAY TEMP HIGH TIME LOW TIME DAYS DAYS RAIN SPEED HIGH TIME DIR ------------------------------------------------------------------------------------ 1 37.1 44.8 3:56p 28.5 5:30a 26.7 0.0 0.00 12.7 47.0 4:39p WSW 2 38.0 40.8 11:07a 14.2 12:22p 26.0 0.0 0.00 21.1 51.0 8:49a WSW 3 29.0 38.0 10:13a 6.3 11:58p 34.4 0.0 0.00 5.6 36.0 12:31a W 4 1.0 6.7 12:14p-409.8 6:43p 61.2 0.0 0.00 1.9 12.0 11:34p E 5 -7.7 10.7 12:42p-883.1 8:31a 69.7 0.0 0.07 3.3 17.0 1:53p NE 6 -4.3 8.1 12:58p -13.0 6:48a 66.1 0.0 0.00 2.9 16.0 2:08p NNE 7 3.3 17.5 1:06p -7.5 12:16a 58.8 0.0 0.00 2.5 16.0 2:18p NNE 8 7.3 18.8 10:45a -7.7 12:55a 55.6 0.0 0.00 4.2 33.0 11:44a WSW 9 5.8 17.2 10:08p -7.7 4:04a 56.6 0.0 0.01 14.7 47.0 11:20p WSW 10 18.1 25.0 9:54a 12.8 12:33a 18.7 0.0 0.00 22.0 54.0 2:14a WSW 11 12 44.3 49.9 2:19p 22.8 12:22p 10.6 0.0 0.00 11.5 30.0 1:04p WSW 13 35.5 41.5 11:44a 27.2 10:44p 28.3 0.0 0.00 10.4 30.0 12:12a WSW 14 28.8 37.0 1:45p 1.2 12:22p 34.6 0.0 0.00 11.1 43.0 10:06p WSW 15 35.7 43.6 1:50p 28.5 12:31a 27.9 0.0 0.00 18.1 42.0 2:19p SW 16 40.3 47.4 2:58p 32.9 8:33a 23.7 0.0 0.00 16.7 45.0 5:54a W 17 44.0 51.4 2:08p 38.8 5:01a 20.0 0.0 0.00 11.1 37.0 3:47a WSW 18 46.1 53.2 3:03p 41.8 2:54a 18.0 0.0 0.00 12.2 33.0 2:14p SW 19 38.6 48.8 1:00p 16.7 12:00m 25.1 0.0 0.00 8.9 39.0 12:15p SW 20 23.6 37.8 1:09p 9.2 8:31a 39.6 0.0 0.00 5.3 28.0 7:57p WSW 21 26.6 29.8 1:52p 20.2 7:01p 29.4 0.0 0.00 7.7 28.0 6:06a WSW 22 23 24 25 26 27 28 30.7 44.2 10:38a 17.5 11:57p 18.4 0.0 20.48 5.9 21.0 1:58p ENE 29 21.2 31.6 1:38p 7.2 7:32a 40.9 0.0 0.06 6.0 38.0 8:47p WSW 30 30.2 35.9 2:10p 24.8 7:10a 33.0 0.0 0.00 10.7 36.0 2:50a SW 31 35.5 40.8 1:36p 31.5 7:42a 28.1 0.0 0.00 13.2 46.0 3:24a WSW ------------------------------------------------------------------------------------- 25.4 53.2 18 -883.1 5 851.4 0.0 20.62 10.0 54.0 10 WSW Max >= 90.0: 0 Max <= 32.0: 9 Min <= 32.0: 21 Min <= 0.0: 6 Max Rain: 20.48 ON 12/28/13 Days of Rain: 3 (>.01 in) 1 (>.1 in) 1 (>1 in) Heat Base: 65.0 Cool Base: 65.0 Method: Integration

Station affiliations

Weather data published to:,
Weather Underground, Citizen Weather Observer Program, WeatherForYou, AnythingWeather.com

Member of: Weather-Matrix, Weather-Watch.com

Quote from the patron saint of the webmaster, St. Alphonsus Liguori :
"My Jesus, Thou alone art sufficient for me.  My love, do not permit me to separate myself from Thee.  When shall I be able to say, 'My God, I cannot lose thee any more?' "

 ©2007 EstesParkWeather.net and ExceptionalWeather.com. EstesParkWeather.net is part of the ExceptionalWeather Network
Radar/maps © Weather Underground. Used with permission.    Valid XHTML 1.0     Valid CSS
Never base important decisions on this or any weather information obtained from the Internet.