NOAA style reports

Note: Some NOAA reports are not available. For a complete summary of all available archival weather data please this page.

Year to date and all Time Records: Are available on the Live page. Look for the Records push button.

2018: Jan | Feb | Mar | Apr | May | Jun | Jul | Aug | Sep | Oct | Nov | Dec 
2017: Jan | Feb | Mar | Apr | May | Jun | Jul | Aug | Sep | Oct | Nov | Dec 
2016: Jan | Feb | Mar | Apr | May | Jun | Jul | Aug | Sep | Oct | Nov | Dec 
2015: Jan | Feb | Mar | Apr | May | Jun | Jul | Aug | Sep | Oct | Nov | Dec 
2014: Jan | Feb | Mar | Apr | May | Jun | Jul | Aug | Sep | Oct | Nov | Dec 
2013: Jan | Feb | Mar | Apr | May | Jun | Jul | Aug | Sep | Oct | Nov | Dec 
2012: Jan | Feb | Mar | Apr | May | Jun | Jul | Aug | Sep | Oct | Nov | Dec 
2011: Jan | Feb | Mar | Apr | May | Jun | Jul | Aug | Sep | Oct | Nov | Dec 
2010: Jan | Feb | Mar | Apr | May | Jun | Jul | Aug | Sep | Oct | Nov | Dec 
2009: Jan | Feb | Mar | Apr | May | Jun | Jul | Aug | Sep | Oct | Nov | Dec 
 2008: Jan | Feb | Mar | Apr | May | Jun | Jul | Aug | Sep | Oct | Nov | Dec 
2007: Jan | Feb | Mar | Apr | May | Jun | Jul | Aug | Sep | Oct | Nov | Dec 
 2006: Jan | Feb | Mar | Apr | May | Jun | Jul | Aug | Sep | Oct | Nov | Dec 

Report for 2013 11
MONTHLY CLIMATOLOGICAL SUMMARY for NOV. 2013 NAME: Greg Truta CITY: Littleton STATE: CO ELEV: 7700 ft LAT: 39 36' 00" N LONG: 104 54' 00" W TEMPERATURE (F), RAIN (in), WIND SPEED (mph) HEAT COOL AVG MEAN DEG DEG WIND DOM DAY TEMP HIGH TIME LOW TIME DAYS DAYS RAIN SPEED HIGH TIME DIR ------------------------------------------------------------------------------------ 1 37.0 42.9 3:57p 32.9 8:01a 26.6 0.0 0.00 6.8 26.0 12:08p W 2 47.8 56.7 3:28p 37.0 12:10a 16.4 0.0 0.00 12.4 38.0 9:51p WSW 3 47.4 54.1 2:56p 24.9 11:58a 16.7 0.0 0.00 11.7 41.0 12:55a SW 4 29.2 34.6 1:28p 6.4 12:22p 34.2 0.0 0.00 7.3 37.0 4:41a ESE 5 26.2 33.5 2:26p 20.3 5:55a 37.2 0.0 0.00 7.5 39.0 11:59p W 6 31.1 38.2 12:47p 9.0 10:31p 32.5 0.0 0.00 13.5 45.0 11:05a WSW 7 42.2 53.3 3:26p 33.1 2:52a 21.7 0.0 0.00 10.1 28.0 1:15a SW 8 46.3 49.6 10:55a 43.1 12:36a 8.9 0.0 0.00 16.9 49.0 11:54a WSW 9 10 11 12 13 14 15 16 17 18 19 20 21 22 21.0 25.4 6:01p 17.3 12:00m 10.8 0.0 0.00 2.3 8.0 7:59p NNE 23 20.1 31.3 12:17p 11.9 10:07p 42.7 0.0 0.10 0.7 7.0 12:20p NNE 24 24.7 39.8 1:43p 6.0 6:41p 38.6 0.0 0.06 0.9 24.0 11:57p NNW 25 31.0 39.6 2:48p 18.1 11:59p 32.7 0.0 0.00 2.4 32.0 12:15a NNW 26 26.2 45.8 1:55p 14.3 3:52a 37.0 0.0 0.00 2.1 26.0 12:00p NNW 27 39.7 51.4 3:13p 21.8 12:01a 24.1 0.0 0.00 8.0 27.0 6:16a WSW 28 28.6 50.7 2:07p 14.1 8:31a 34.9 0.0 0.00 1.0 13.0 3:31p NNE 29 39.1 47.7 2:19p 23.3 12:01a 24.7 0.0 0.00 9.2 34.0 2:36p WSW 30 39.1 45.5 12:50p 34.0 10:40p 24.6 0.0 0.00 10.8 29.0 3:23a WSW ------------------------------------------------------------------------------------- 33.9 56.7 2 6.0 24 464.3 0.0 0.16 7.3 49.0 8 WSW Max >= 90.0: 0 Max <= 32.0: 2 Min <= 32.0: 12 Min <= 0.0: 0 Max Rain: 0.10 ON 11/23/13 Days of Rain: 2 (>.01 in) 0 (>.1 in) 0 (>1 in) Heat Base: 65.0 Cool Base: 65.0 Method: Integration

Station affiliations

Weather data published to:,
Weather Underground, Citizen Weather Observer Program, WeatherForYou, AnythingWeather.com

Member of: Weather-Matrix, Weather-Watch.com

Quote from the patron saint of the webmaster, St. Alphonsus Liguori :
"My Jesus, Thou alone art sufficient for me.  My love, do not permit me to separate myself from Thee.  When shall I be able to say, 'My God, I cannot lose thee any more?' "

 ©2007 EstesParkWeather.net and ExceptionalWeather.com. EstesParkWeather.net is part of the ExceptionalWeather Network
Radar/maps © Weather Underground. Used with permission.    Valid XHTML 1.0     Valid CSS
Never base important decisions on this or any weather information obtained from the Internet.