NOAA style reports

Note: Some NOAA reports are not available. For a complete summary of all available archival weather data please this page.

Year to date and all Time Records: Are available on the Live page. Look for the Records push button.

2018: Jan | Feb | Mar | Apr | May | Jun | Jul | Aug | Sep | Oct | Nov | Dec 
2017: Jan | Feb | Mar | Apr | May | Jun | Jul | Aug | Sep | Oct | Nov | Dec 
2016: Jan | Feb | Mar | Apr | May | Jun | Jul | Aug | Sep | Oct | Nov | Dec 
2015: Jan | Feb | Mar | Apr | May | Jun | Jul | Aug | Sep | Oct | Nov | Dec 
2014: Jan | Feb | Mar | Apr | May | Jun | Jul | Aug | Sep | Oct | Nov | Dec 
2013: Jan | Feb | Mar | Apr | May | Jun | Jul | Aug | Sep | Oct | Nov | Dec 
2012: Jan | Feb | Mar | Apr | May | Jun | Jul | Aug | Sep | Oct | Nov | Dec 
2011: Jan | Feb | Mar | Apr | May | Jun | Jul | Aug | Sep | Oct | Nov | Dec 
2010: Jan | Feb | Mar | Apr | May | Jun | Jul | Aug | Sep | Oct | Nov | Dec 
2009: Jan | Feb | Mar | Apr | May | Jun | Jul | Aug | Sep | Oct | Nov | Dec 
 2008: Jan | Feb | Mar | Apr | May | Jun | Jul | Aug | Sep | Oct | Nov | Dec 
2007: Jan | Feb | Mar | Apr | May | Jun | Jul | Aug | Sep | Oct | Nov | Dec 
 2006: Jan | Feb | Mar | Apr | May | Jun | Jul | Aug | Sep | Oct | Nov | Dec 

Report for 2013 10
MONTHLY CLIMATOLOGICAL SUMMARY for OCT. 2013 NAME: Greg Truta CITY: Littleton STATE: CO ELEV: 7700 ft LAT: 39 36' 00" N LONG: 104 54' 00" W TEMPERATURE (F), RAIN (in), WIND SPEED (mph) HEAT COOL AVG MEAN DEG DEG WIND DOM DAY TEMP HIGH TIME LOW TIME DAYS DAYS RAIN SPEED HIGH TIME DIR ------------------------------------------------------------------------------------ 1 52.0 66.3 2:26p 38.9 7:06a 12.5 0.0 0.00 2.0 16.0 2:32p SE 2 49.5 69.1 12:17p 32.2 6:44a 15.1 0.3 0.00 2.9 19.0 9:41a NNW 3 46.8 63.1 10:30a 21.7 5:41p 13.7 0.0 0.00 4.2 17.0 9:59a E 4 5 6 52.4 65.3 2:40p 39.1 10:09p 5.0 0.0 0.00 3.3 19.0 11:23p N 7 57.5 70.8 12:56p 40.9 2:04a 8.1 0.9 0.00 6.6 26.0 2:19p W 8 56.9 69.4 2:41p 38.5 11:20p 8.0 0.3 0.00 8.7 33.0 4:08a WSW 9 48.1 61.3 11:50a 20.1 9:37a 16.3 0.0 0.00 2.7 16.0 1:56p E 10 43.0 51.9 12:43p 34.9 7:25a 21.0 0.0 0.06 4.5 32.0 8:47p WSW 11 41.9 48.9 3:30p 32.9 11:58p 22.1 0.0 0.00 11.2 46.0 2:30a WSW 12 37.8 53.5 3:19p 25.6 7:35a 26.2 0.0 0.00 2.0 17.0 3:42p NNE 13 40.5 59.5 11:56a 22.0 7:35a 23.6 0.0 0.01 1.4 14.0 12:05p NNW 14 40.1 50.4 2:32p 32.5 2:40a 23.3 0.0 0.01 5.0 25.0 6:31a W 15 30.3 38.8 11:00a 26.4 11:58p 32.7 0.0 0.00 2.5 14.0 11:37a SE 16 34.5 46.7 12:18p 18.6 5:56a 29.9 0.0 0.01 6.1 29.0 12:55p W 17 36.0 45.7 2:42p 29.1 12:00m 25.8 0.0 0.00 6.9 31.0 1:06a WSW 18 31.2 39.9 3:36p 19.2 7:46a 32.3 0.0 0.13 5.8 28.0 11:38a W 19 42.7 53.3 3:16p 34.3 2:58a 21.4 0.0 0.00 12.6 39.0 11:49p W 20 37.3 45.1 12:01a 24.2 12:00m 26.3 0.0 0.02 5.4 35.0 12:04a SW 21 35.3 49.5 3:28p 14.9 7:31a 28.0 0.0 0.04 5.1 26.0 3:13p W 22 49.5 60.4 3:22p 41.8 4:30a 14.8 0.0 0.00 7.3 22.0 2:33a W 23 47.6 62.3 12:29p 24.6 5:41p 16.6 0.0 0.00 4.6 21.0 6:25a SE 24 38.1 61.3 1:18p 21.8 7:46a 25.7 0.0 0.00 1.7 16.0 12:21p E 25 40.1 63.5 1:43p 20.4 7:31a 23.8 0.0 0.01 2.0 19.0 11:32a NNW 26 38.2 58.1 2:12p 23.5 7:18a 25.6 0.0 0.00 1.4 12.0 1:03p SE 27 48.2 58.7 2:56p 33.8 11:55p 16.0 0.0 0.00 6.4 26.0 11:19a WSW 28 30.3 34.7 11:31a 6.6 12:25p 33.2 0.0 0.00 2.8 11.0 8:02a NE 29 33.5 53.6 2:26p 21.3 7:31a 30.1 0.0 0.02 3.0 20.0 1:55p NE 30 35.3 42.8 2:02p 12.0 3:11p 28.3 0.0 0.04 9.6 36.0 6:16a WSW 31 35.1 40.6 2:35p 31.8 3:11a 28.5 0.0 0.00 14.0 43.0 10:26a WSW ------------------------------------------------------------------------------------- 41.7 70.8 7 6.6 28 633.9 1.5 0.35 5.2 46.0 11 W Max >= 90.0: 0 Max <= 32.0: 0 Min <= 32.0: 18 Min <= 0.0: 0 Max Rain: 0.13 ON 10/18/13 Days of Rain: 6 (>.01 in) 1 (>.1 in) 0 (>1 in) Heat Base: 65.0 Cool Base: 65.0 Method: Integration

Station affiliations

Weather data published to:,
Weather Underground, Citizen Weather Observer Program, WeatherForYou, AnythingWeather.com

Member of: Weather-Matrix, Weather-Watch.com

Quote from the patron saint of the webmaster, St. Alphonsus Liguori :
"My Jesus, Thou alone art sufficient for me.  My love, do not permit me to separate myself from Thee.  When shall I be able to say, 'My God, I cannot lose thee any more?' "

 ©2007 EstesParkWeather.net and ExceptionalWeather.com. EstesParkWeather.net is part of the ExceptionalWeather Network
Radar/maps © Weather Underground. Used with permission.    Valid XHTML 1.0     Valid CSS
Never base important decisions on this or any weather information obtained from the Internet.