NOAA style reports

Note: Some NOAA reports are not available. For a complete summary of all available archival weather data please this page.

Year to date and all Time Records: Are available on the Live page. Look for the Records push button.

2018: Jan | Feb | Mar | Apr | May | Jun | Jul | Aug | Sep | Oct | Nov | Dec 
2017: Jan | Feb | Mar | Apr | May | Jun | Jul | Aug | Sep | Oct | Nov | Dec 
2016: Jan | Feb | Mar | Apr | May | Jun | Jul | Aug | Sep | Oct | Nov | Dec 
2015: Jan | Feb | Mar | Apr | May | Jun | Jul | Aug | Sep | Oct | Nov | Dec 
2014: Jan | Feb | Mar | Apr | May | Jun | Jul | Aug | Sep | Oct | Nov | Dec 
2013: Jan | Feb | Mar | Apr | May | Jun | Jul | Aug | Sep | Oct | Nov | Dec 
2012: Jan | Feb | Mar | Apr | May | Jun | Jul | Aug | Sep | Oct | Nov | Dec 
2011: Jan | Feb | Mar | Apr | May | Jun | Jul | Aug | Sep | Oct | Nov | Dec 
2010: Jan | Feb | Mar | Apr | May | Jun | Jul | Aug | Sep | Oct | Nov | Dec 
2009: Jan | Feb | Mar | Apr | May | Jun | Jul | Aug | Sep | Oct | Nov | Dec 
 2008: Jan | Feb | Mar | Apr | May | Jun | Jul | Aug | Sep | Oct | Nov | Dec 
2007: Jan | Feb | Mar | Apr | May | Jun | Jul | Aug | Sep | Oct | Nov | Dec 
 2006: Jan | Feb | Mar | Apr | May | Jun | Jul | Aug | Sep | Oct | Nov | Dec 

Report for 2013 09
MONTHLY CLIMATOLOGICAL SUMMARY for SEP. 2013 NAME: Greg Truta CITY: Littleton STATE: CO ELEV: 7700 ft LAT: 39 36' 00" N LONG: 104 54' 00" W TEMPERATURE (F), RAIN (in), WIND SPEED (mph) HEAT COOL AVG MEAN DEG DEG WIND DOM DAY TEMP HIGH TIME LOW TIME DAYS DAYS RAIN SPEED HIGH TIME DIR ------------------------------------------------------------------------------------ 1 58.3 74.0 1:55p 46.7 4:59a 7.4 1.1 0.01 1.9 16.0 4:25p SE 2 63.6 82.4 12:00p 47.0 6:14a 6.3 5.0 0.01 2.4 24.0 1:41p N 3 68.3 85.3 12:46p 51.7 3:59a 3.6 6.7 0.00 3.7 28.0 12:43p W 4 60.4 85.3 12:05p 47.6 7:33a 4.4 2.1 0.00 1.2 20.0 12:43p SE 5 6 63.8 67.1 9:11p 60.5 8:32p 0.3 0.0 0.00 5.0 29.0 9:18p SW 7 65.3 81.2 11:42a 48.0 6:39a 4.3 4.6 0.00 2.1 20.0 12:19p NNW 8 61.2 79.0 11:11a 45.8 6:43a 6.2 2.5 0.03 2.4 20.0 11:47p SE 9 60.8 72.0 12:10p 7.7 7:31a 4.8 0.8 0.23 2.7 18.0 12:09a SE 10 54.4 57.6 4:45p 51.7 8:50a 10.1 0.0 0.28 3.2 13.0 8:51a ENE 11 55.1 58.6 12:35p 53.3 1:27a 9.7 0.0 1.35 3.9 16.0 10:41p NE 12 52.9 54.2 12:01a 51.7 5:08a 4.4 0.0 2.27 1.6 11.0 2:54a W 13 14 53.1 62.1 5:21p 23.8 9:56p 3.3 0.0 0.04 0.9 11.0 7:01p W 15 50.2 52.3 4:40p 24.8 12:25p 10.6 0.0 0.52 2.0 16.0 9:50a E 16 17 52.9 57.2 9:54p 49.4 12:00m 1.1 0.0 0.00 1.0 5.0 10:17p W 18 56.6 67.4 1:25p 46.8 1:14a 8.1 0.1 0.11 5.9 35.0 12:06p WSW 19 48.5 57.5 1:31p 23.2 4:03a 15.5 0.0 0.25 2.7 28.0 4:32a NNE 20 38.3 58.9 11:00a 31.9 6:52a 11.9 0.0 0.01 0.1 5.0 10:50a NNW 21 55.1 68.3 5:36p 43.9 11:47p 2.7 0.1 0.00 1.3 10.0 5:40p NNW 22 49.4 63.4 8:46a 20.2 8:06p 14.8 0.0 0.23 3.2 34.0 4:41p W 23 47.0 50.7 12:07p 43.6 2:26a 9.0 0.0 0.13 10.0 37.0 12:28p W 24 25 26 27 41.7 46.8 1:53p 13.5 6:15p 12.8 0.0 0.05 8.0 34.0 10:13p W 28 46.1 56.0 12:44p 0.5 6:38p 17.9 0.0 0.00 10.2 37.0 8:10a SW 29 54.7 64.3 4:08p 45.1 1:56a 10.0 0.0 0.00 10.3 34.0 10:48p WSW 30 60.0 73.5 3:17p 48.3 11:53p 5.8 0.9 0.00 9.2 38.0 1:36a WSW ------------------------------------------------------------------------------------- 54.9 85.3 3 0.5 28 185.0 23.9 5.52 4.0 38.0 30 W Max >= 90.0: 0 Max <= 32.0: 0 Min <= 32.0: 8 Min <= 0.0: 0 Max Rain: 2.27 ON 09/12/13 Days of Rain: 12 (>.01 in) 9 (>.1 in) 2 (>1 in) Heat Base: 65.0 Cool Base: 65.0 Method: Integration

Station affiliations

Weather data published to:,
Weather Underground, Citizen Weather Observer Program, WeatherForYou, AnythingWeather.com

Member of: Weather-Matrix, Weather-Watch.com

Quote from the patron saint of the webmaster, St. Alphonsus Liguori :
"My Jesus, Thou alone art sufficient for me.  My love, do not permit me to separate myself from Thee.  When shall I be able to say, 'My God, I cannot lose thee any more?' "

 ©2007 EstesParkWeather.net and ExceptionalWeather.com. EstesParkWeather.net is part of the ExceptionalWeather Network
Radar/maps © Weather Underground. Used with permission.    Valid XHTML 1.0     Valid CSS
Never base important decisions on this or any weather information obtained from the Internet.