NOAA style reports

Note: Some NOAA reports are not available. For a complete summary of all available archival weather data please this page.

Year to date and all Time Records: Are available on the Live page. Look for the Records push button.

2018: Jan | Feb | Mar | Apr | May | Jun | Jul | Aug | Sep | Oct | Nov | Dec 
2017: Jan | Feb | Mar | Apr | May | Jun | Jul | Aug | Sep | Oct | Nov | Dec 
2016: Jan | Feb | Mar | Apr | May | Jun | Jul | Aug | Sep | Oct | Nov | Dec 
2015: Jan | Feb | Mar | Apr | May | Jun | Jul | Aug | Sep | Oct | Nov | Dec 
2014: Jan | Feb | Mar | Apr | May | Jun | Jul | Aug | Sep | Oct | Nov | Dec 
2013: Jan | Feb | Mar | Apr | May | Jun | Jul | Aug | Sep | Oct | Nov | Dec 
2012: Jan | Feb | Mar | Apr | May | Jun | Jul | Aug | Sep | Oct | Nov | Dec 
2011: Jan | Feb | Mar | Apr | May | Jun | Jul | Aug | Sep | Oct | Nov | Dec 
2010: Jan | Feb | Mar | Apr | May | Jun | Jul | Aug | Sep | Oct | Nov | Dec 
2009: Jan | Feb | Mar | Apr | May | Jun | Jul | Aug | Sep | Oct | Nov | Dec 
 2008: Jan | Feb | Mar | Apr | May | Jun | Jul | Aug | Sep | Oct | Nov | Dec 
2007: Jan | Feb | Mar | Apr | May | Jun | Jul | Aug | Sep | Oct | Nov | Dec 
 2006: Jan | Feb | Mar | Apr | May | Jun | Jul | Aug | Sep | Oct | Nov | Dec 

Report for 2013 08
MONTHLY CLIMATOLOGICAL SUMMARY for AUG. 2013 NAME: Greg Truta CITY: STATE: ELEV: 7700 ft LAT: 39 36' 00" N LONG: 104 54' 00" W TEMPERATURE (F), RAIN (in), WIND SPEED (mph) HEAT COOL AVG MEAN DEG DEG WIND DOM DAY TEMP HIGH TIME LOW TIME DAYS DAYS RAIN SPEED HIGH TIME DIR ------------------------------------------------------------------------------------ 1 2 3 58.1 61.6 6:47p 55.6 10:51p 0.8 0.0 0.00 2.6 17.0 9:16p SE 4 56.1 72.1 8:24a 20.1 9:38a 0.8 0.0 0.07 0.4 14.0 1:58p NW 5 64.6 73.7 12:34p 52.6 1:03a 1.2 1.0 0.00 4.2 19.0 6:36a W 6 66.9 79.9 12:52p 52.2 11:31p 1.5 3.3 0.00 6.8 29.0 1:43p WSW 7 56.8 69.6 5:45p 46.0 6:48a 8.0 0.2 0.00 2.0 20.0 4:31p NNW 8 54.6 71.6 12:59p 2.0 8:49a 10.4 0.4 0.01 2.7 21.0 3:52p NNE 9 53.5 68.3 11:27a 16.0 5:14a 11.0 0.2 0.12 2.3 21.0 1:47p NNW 10 48.1 74.9 11:34a 40.2 5:45a 7.5 0.3 0.00 0.6 19.0 11:34a NNW 11 52.6 60.9 4:02p 0.8 7:32a 5.3 0.0 0.20 0.8 14.0 2:46a NNW 12 51.1 64.7 5:53p 41.2 6:15a 8.0 0.0 0.15 2.2 25.0 7:22p W 13 51.3 60.5 5:38p 41.6 6:31a 10.2 0.0 0.09 2.2 18.0 3:31p WSW 14 49.0 73.0 11:14a 39.3 6:08a 9.4 0.1 0.05 1.2 26.0 7:16p NNW 15 48.0 80.1 2:03p 39.3 4:55a 8.0 0.4 0.00 1.0 21.0 2:04p NW 16 52.9 77.4 5:16p 41.1 6:25a 7.7 0.8 0.00 0.7 7.0 5:16p NNE 17 52.3 76.1 7:32p 43.3 5:18a 6.6 0.4 0.00 0.8 30.0 7:13p NNW 18 66.2 84.0 11:41a 49.8 2:58a 3.8 4.8 0.00 4.1 28.0 10:02p NNW 19 67.4 86.1 11:49a 47.6 4:46a 4.5 6.8 0.00 2.2 17.0 12:16p NNW 20 66.6 86.7 12:21p 27.2 9:36a 5.5 7.0 0.00 2.5 34.0 2:47p NW 21 66.9 79.0 1:29p 55.0 6:12a 2.9 4.7 0.00 2.8 19.0 10:44a SE 22 59.4 75.8 12:12p 48.5 5:11a 6.8 1.5 0.08 2.2 21.0 1:51p WNW 23 64.1 80.9 1:03p 51.3 6:26a 4.3 3.4 0.05 3.4 25.0 11:21p WNW 24 61.4 76.8 1:32p 45.4 5:39a 6.6 3.2 0.06 3.5 26.0 11:57a W 25 61.0 78.3 12:44p 45.8 6:39a 6.5 2.7 0.03 2.1 20.0 3:47p SW 26 65.4 82.2 1:48p 49.2 3:00a 4.2 4.5 0.10 5.0 26.0 6:10a W 27 63.1 79.9 12:15p 49.4 6:21a 4.9 3.1 0.09 1.5 25.0 9:52p NNW 28 64.1 82.6 12:55p 2.1 7:31a 4.9 4.1 0.02 2.5 28.0 5:19p W 29 62.2 84.0 1:59p 1.6 7:33a 6.8 4.2 0.07 3.3 31.0 6:23p NNW 30 62.4 82.0 1:14p 24.9 7:44a 6.3 3.8 0.02 3.1 30.0 1:48p NW 31 64.3 84.1 11:54a 49.4 11:58p 3.4 2.8 0.01 3.4 26.0 4:56p WSW ------------------------------------------------------------------------------------- 59.0 86.7 20 0.8 11 167.8 63.7 1.22 2.5 34.0 20 NNW Max >= 90.0: 0 Max <= 32.0: 0 Min <= 32.0: 8 Min <= 0.0: 0 Max Rain: 0.20 ON 08/11/13 Days of Rain: 15 (>.01 in) 3 (>.1 in) 0 (>1 in) Heat Base: 65.0 Cool Base: 65.0 Method: Integration

Station affiliations

Weather data published to:,
Weather Underground, Citizen Weather Observer Program, WeatherForYou, AnythingWeather.com

Member of: Weather-Matrix, Weather-Watch.com

Quote from the patron saint of the webmaster, St. Alphonsus Liguori :
"My Jesus, Thou alone art sufficient for me.  My love, do not permit me to separate myself from Thee.  When shall I be able to say, 'My God, I cannot lose thee any more?' "

 ©2007 EstesParkWeather.net and ExceptionalWeather.com. EstesParkWeather.net is part of the ExceptionalWeather Network
Radar/maps © Weather Underground. Used with permission.    Valid XHTML 1.0     Valid CSS
Never base important decisions on this or any weather information obtained from the Internet.