NOAA style reports

Note: Some NOAA reports are not available. For a complete summary of all available archival weather data please this page.

Year to date and all Time Records: Are available on the Live page. Look for the Records push button.

2018: Jan | Feb | Mar | Apr | May | Jun | Jul | Aug | Sep | Oct | Nov | Dec 
2017: Jan | Feb | Mar | Apr | May | Jun | Jul | Aug | Sep | Oct | Nov | Dec 
2016: Jan | Feb | Mar | Apr | May | Jun | Jul | Aug | Sep | Oct | Nov | Dec 
2015: Jan | Feb | Mar | Apr | May | Jun | Jul | Aug | Sep | Oct | Nov | Dec 
2014: Jan | Feb | Mar | Apr | May | Jun | Jul | Aug | Sep | Oct | Nov | Dec 
2013: Jan | Feb | Mar | Apr | May | Jun | Jul | Aug | Sep | Oct | Nov | Dec 
2012: Jan | Feb | Mar | Apr | May | Jun | Jul | Aug | Sep | Oct | Nov | Dec 
2011: Jan | Feb | Mar | Apr | May | Jun | Jul | Aug | Sep | Oct | Nov | Dec 
2010: Jan | Feb | Mar | Apr | May | Jun | Jul | Aug | Sep | Oct | Nov | Dec 
2009: Jan | Feb | Mar | Apr | May | Jun | Jul | Aug | Sep | Oct | Nov | Dec 
 2008: Jan | Feb | Mar | Apr | May | Jun | Jul | Aug | Sep | Oct | Nov | Dec 
2007: Jan | Feb | Mar | Apr | May | Jun | Jul | Aug | Sep | Oct | Nov | Dec 
 2006: Jan | Feb | Mar | Apr | May | Jun | Jul | Aug | Sep | Oct | Nov | Dec 

Report for 2012 12
<PRE> MONTHLY CLIMATOLOGICAL SUMMARY for DEC. 2011 NAME: Truta's EstesParkWeather.net CITY: Estes Park STATE: Colorado ELEV: 7700 LAT: 040:23:00 LONG: 0105:29:00 TEMPERATURE ( F), RAIN (in.), WIND SPEED (mph) HEAT COOL AVG MEAN DEG DEG WIND DOM DAY TEMP HIGH TIME LOW TIME DAYS DAYS RAIN SPEED HIGH TIME DIR ---------------------------------------------------------------------------------------------------------------------------------------------------------- 21 26.7 037.3 13:38 18.6 00:00 38.2 00.0 00.00 04.0 17.3 19:41 SSW 22 11.1 023.2 13:16 -07.2 00:00 53.9 00.0 00.09 02.1 17.3 02:06 WNW 23 13.1 038.8 14:28 -09.1 02:38 51.8 00.0 00.08 00.6 11.5 15:23 WSW 24 18.0 043.3 15:10 00.9 07:26 46.9 00.0 00.01 00.9 13.8 14:43 S 25 21.1 053.9 14:12 04.3 07:44 43.8 00.0 00.00 00.4 06.9 23:40 S 26 37.4 041.9 03:09 19.1 00:17 27.5 00.0 00.00 12.1 42.5 06:08 SSW 27 35.7 045.4 12:21 28.8 06:16 29.2 00.0 00.00 12.1 46.0 17:24 SW 28 38.7 045.7 12:57 30.1 00:45 26.2 00.0 00.00 17.5 50.6 13:56 SW 29 39.5 045.7 12:52 34.1 23:33 25.4 00.0 00.01 17.2 50.6 02:53 WSW 30 41.9 051.1 14:38 34.9 00:01 23.1 00.0 00.00 14.3 49.5 06:44 SW 31 29.6 044.5 02:00 22.1 17:05 35.4 00.0 00.00 12.6 51.8 05:26 WSW ---------------------------------------------------------------------------------------------------------------------------------------------------------- 28.4 (29.4) 53.9 day 25 -09.1 day 23 401.5 000.0 00.30 08.5 51.8 day 28 SW Max <= 32: 1 Min <= 86: 11 Min <= 0: 2 Min <= 23: 7 Min <= 5: 4 Min <= 0: 2 Min <= -4: 2 Max Rain: 0.09 ON 22-12-12 Days of Rain: 4 (> .008in) 1 (> .08in) 0 (> 0.8in)

Station affiliations

Weather data published to:,
Weather Underground, Citizen Weather Observer Program, WeatherForYou, AnythingWeather.com

Member of: Weather-Matrix, Weather-Watch.com

Quote from the patron saint of the webmaster, St. Alphonsus Liguori :
"My Jesus, Thou alone art sufficient for me.  My love, do not permit me to separate myself from Thee.  When shall I be able to say, 'My God, I cannot lose thee any more?' "

 ©2007 EstesParkWeather.net and ExceptionalWeather.com. EstesParkWeather.net is part of the ExceptionalWeather Network
Radar/maps © Weather Underground. Used with permission.    Valid XHTML 1.0     Valid CSS
Never base important decisions on this or any weather information obtained from the Internet.