NOAA style reports

Note: Some NOAA reports are not available. For a complete summary of all available archival weather data please this page.

Year to date and all Time Records: Are available on the Live page. Look for the Records push button.

2018: Jan | Feb | Mar | Apr | May | Jun | Jul | Aug | Sep | Oct | Nov | Dec 
2017: Jan | Feb | Mar | Apr | May | Jun | Jul | Aug | Sep | Oct | Nov | Dec 
2016: Jan | Feb | Mar | Apr | May | Jun | Jul | Aug | Sep | Oct | Nov | Dec 
2015: Jan | Feb | Mar | Apr | May | Jun | Jul | Aug | Sep | Oct | Nov | Dec 
2014: Jan | Feb | Mar | Apr | May | Jun | Jul | Aug | Sep | Oct | Nov | Dec 
2013: Jan | Feb | Mar | Apr | May | Jun | Jul | Aug | Sep | Oct | Nov | Dec 
2012: Jan | Feb | Mar | Apr | May | Jun | Jul | Aug | Sep | Oct | Nov | Dec 
2011: Jan | Feb | Mar | Apr | May | Jun | Jul | Aug | Sep | Oct | Nov | Dec 
2010: Jan | Feb | Mar | Apr | May | Jun | Jul | Aug | Sep | Oct | Nov | Dec 
2009: Jan | Feb | Mar | Apr | May | Jun | Jul | Aug | Sep | Oct | Nov | Dec 
 2008: Jan | Feb | Mar | Apr | May | Jun | Jul | Aug | Sep | Oct | Nov | Dec 
2007: Jan | Feb | Mar | Apr | May | Jun | Jul | Aug | Sep | Oct | Nov | Dec 
 2006: Jan | Feb | Mar | Apr | May | Jun | Jul | Aug | Sep | Oct | Nov | Dec 

Report for 2012 10
MONTHLY CLIMATOLOGICAL SUMMARY for OCT. 2012 NAME: Truta's Estes Park Weather CITY: Estes Park STATE: CO ELEV: 7700 ft LAT: 39 36' 00" N LONG: 104 54' 00" W TEMPERATURE (F), RAIN (in), WIND SPEED (mph) HEAT COOL AVG MEAN DEG DEG WIND DOM DAY TEMP HIGH TIME LOW TIME DAYS DAYS RAIN SPEED HIGH TIME DIR ------------------------------------------------------------------------------------ 1 50.5 63.1 2:47p 13.3 10:58p 13.7 0.0 0.00 2.1 14.0 12:32p E 2 57.3 74.9 4:35p 32.4 3:14a 9.0 1.7 0.00 6.9 30.0 11:30a WSW 3 55.6 70.6 3:34p 9.4 9:34p 9.6 0.7 0.00 7.5 39.0 12:31p WSW 4 31.6 35.8 1:01p 2.8 9:38a 31.5 0.0 0.00 2.4 12.0 11:32a SE 5 30.6 44.2 11:20a 26.9 7:35a 32.1 0.0 0.02 3.6 22.0 12:13p ENE 6 28.3 41.8 11:01a 24.4 7:22a 34.5 0.0 0.00 3.2 22.0 11:53a ESE 7 32.3 47.6 3:50p 7.1 8:11p 30.7 0.0 0.00 2.2 14.0 11:33a E 8 51.2 65.8 2:56p 0.0 9:38a 13.2 0.0 0.00 7.7 29.0 1:39p WSW 9 41.6 52.3 3:41a 8.7 9:56p 22.1 0.0 0.00 6.7 30.0 3:06a NE 10 43.8 70.3 3:27p 22.4 7:09a 20.5 0.5 0.00 4.0 33.0 3:49p W 11 45.1 67.4 12:37p 9.9 3:11a 18.9 0.1 0.00 3.1 21.0 12:22p NW 12 45.8 67.1 11:27a 2.4 9:38a 18.3 0.0 0.01 3.3 28.0 3:54p WSW 13 45.0 58.3 4:25p 15.9 1:33p 19.1 0.0 0.05 7.9 33.0 10:02a W 14 49.1 57.8 3:22p 11.9 6:15a 14.9 0.0 0.00 7.6 28.0 4:25p WSW 15 55.6 65.5 3:49p 48.3 6:13a 8.9 0.0 0.00 11.7 37.0 1:52p WSW 16 52.8 65.8 2:39p 1.2 9:36a 11.7 0.0 0.09 11.0 41.0 2:09a WSW 17 39.1 45.1 3:59p 11.2 10:52a 24.7 0.0 0.00 13.1 46.0 2:51a W 18 44.7 54.4 3:26p 34.4 4:00a 19.3 0.0 0.00 10.6 35.0 6:05a WSW 19 53.5 64.3 2:35p 45.2 7:38a 10.8 0.0 0.00 11.1 36.0 1:10p WSW 20 55.0 67.3 2:59p 0.1 9:40a 9.7 0.1 0.00 6.6 26.0 8:32p WSW 21 49.5 66.4 1:32p 16.7 8:23p 14.8 0.0 0.00 3.5 29.0 11:04a NW 22 48.0 66.4 2:18p 26.6 4:25a 16.3 0.0 0.00 5.6 33.0 4:49p WSW 23 53.8 62.6 2:05p 21.5 9:31p 10.6 0.0 0.00 9.0 43.0 10:04a WSW 24 35.1 45.7 12:01a 6.2 7:05p 28.6 0.0 0.01 3.4 14.0 11:52p ENE 25 24.3 32.5 2:17p 12.9 9:37a 38.6 0.0 0.15 1.9 17.0 2:45p ESE 26 23.6 34.1 12:45p 0.1 7:05p 39.4 0.0 0.13 2.9 24.0 1:33p NNE 27 33.6 40.9 5:06p 2.8 3:41a 29.5 0.0 0.00 7.5 39.0 11:40a WSW 28 44.0 53.9 4:01p 9.6 12:06a 20.0 0.0 0.00 8.7 35.0 1:46p WSW 29 49.5 59.2 3:50p 42.6 10:38p 14.7 0.0 0.00 8.3 28.0 9:37a WSW 30 51.8 62.7 2:19p 45.7 6:31a 12.5 0.0 0.00 8.0 25.0 3:31a WSW 31 49.9 64.0 2:33p 18.5 7:11p 14.2 0.0 0.00 6.0 28.0 10:20a WSW ------------------------------------------------------------------------------------- 44.2 74.9 2 0.0 8 612.4 3.1 0.46 6.4 46.0 17 WSW Max >= 90.0: 0 Max <= 32.0: 0 Min <= 32.0: 25 Min <= 0.0: 1 Max Rain: 0.15 ON 10/25/12 Days of Rain: 5 (>.01 in) 2 (>.1 in) 0 (>1 in) Heat Base: 65.0 Cool Base: 65.0 Method: Integration

Station affiliations

Weather data published to:,
Weather Underground, Citizen Weather Observer Program, WeatherForYou, AnythingWeather.com

Member of: Weather-Matrix, Weather-Watch.com

Quote from the patron saint of the webmaster, St. Alphonsus Liguori :
"My Jesus, Thou alone art sufficient for me.  My love, do not permit me to separate myself from Thee.  When shall I be able to say, 'My God, I cannot lose thee any more?' "

 ©2007 EstesParkWeather.net and ExceptionalWeather.com. EstesParkWeather.net is part of the ExceptionalWeather Network
Radar/maps © Weather Underground. Used with permission.    Valid XHTML 1.0     Valid CSS
Never base important decisions on this or any weather information obtained from the Internet.