NOAA style reports

Note: Some NOAA reports are not available. For a complete summary of all available archival weather data please this page.

Year to date and all Time Records: Are available on the Live page. Look for the Records push button.

2018: Jan | Feb | Mar | Apr | May | Jun | Jul | Aug | Sep | Oct | Nov | Dec 
2017: Jan | Feb | Mar | Apr | May | Jun | Jul | Aug | Sep | Oct | Nov | Dec 
2016: Jan | Feb | Mar | Apr | May | Jun | Jul | Aug | Sep | Oct | Nov | Dec 
2015: Jan | Feb | Mar | Apr | May | Jun | Jul | Aug | Sep | Oct | Nov | Dec 
2014: Jan | Feb | Mar | Apr | May | Jun | Jul | Aug | Sep | Oct | Nov | Dec 
2013: Jan | Feb | Mar | Apr | May | Jun | Jul | Aug | Sep | Oct | Nov | Dec 
2012: Jan | Feb | Mar | Apr | May | Jun | Jul | Aug | Sep | Oct | Nov | Dec 
2011: Jan | Feb | Mar | Apr | May | Jun | Jul | Aug | Sep | Oct | Nov | Dec 
2010: Jan | Feb | Mar | Apr | May | Jun | Jul | Aug | Sep | Oct | Nov | Dec 
2009: Jan | Feb | Mar | Apr | May | Jun | Jul | Aug | Sep | Oct | Nov | Dec 
 2008: Jan | Feb | Mar | Apr | May | Jun | Jul | Aug | Sep | Oct | Nov | Dec 
2007: Jan | Feb | Mar | Apr | May | Jun | Jul | Aug | Sep | Oct | Nov | Dec 
 2006: Jan | Feb | Mar | Apr | May | Jun | Jul | Aug | Sep | Oct | Nov | Dec 

Report for 2012 08
MONTHLY CLIMATOLOGICAL SUMMARY for AUG. 2012 NAME: Truta's Estes Park Weather CITY: Estes Park STATE: CO ELEV: 7700 ft LAT: 39 36' 00" N LONG: 104 54' 00" W TEMPERATURE (F), RAIN (in), WIND SPEED (mph) HEAT COOL AVG MEAN DEG DEG WIND DOM DAY TEMP HIGH TIME LOW TIME DAYS DAYS RAIN SPEED HIGH TIME DIR ------------------------------------------------------------------------------------ 1 2 3 4 5 6 7 8 9 73.1 83.0 10:49a 61.2 11:45p 0.1 4.4 0.00 3.7 19.0 10:59a N 10 65.6 82.6 1:14p 54.1 6:19a 3.9 4.5 0.03 2.2 19.0 1:23p E 11 67.1 81.2 4:55p 53.3 11:59p 1.4 3.5 0.00 5.3 34.0 5:25p WSW 12 60.4 75.4 3:17p 41.5 6:34a 7.5 3.1 0.00 2.1 19.0 12:52p NW 13 58.3 75.1 10:19a 42.6 5:33a 8.0 1.6 0.00 4.4 26.0 11:33a N 14 62.9 82.2 12:43p 42.3 3:55a 6.9 4.9 0.00 2.3 20.0 12:18p WNW 15 65.8 82.8 2:04p 25.1 11:06p 3.2 4.0 0.00 5.3 31.0 1:59p SW 16 54.6 64.2 2:07p 0.4 9:40a 9.9 0.0 0.00 3.1 19.0 12:10p ESE 17 58.2 82.8 12:41p 13.3 9:40a 10.1 3.6 0.03 2.9 24.0 3:37p WSW 18 57.2 72.7 1:31p 41.6 6:21a 8.9 1.4 0.00 2.8 19.0 2:07p N 19 56.9 75.1 2:11p 35.0 6:37a 10.1 2.4 0.00 2.8 21.0 1:55p WSW 20 56.2 73.5 2:09p 24.2 10:58p 10.1 1.6 0.00 2.6 39.0 6:33p W 21 58.5 77.4 1:27p 38.8 6:25a 9.4 3.2 0.00 1.7 19.0 1:57p SE 22 61.0 79.2 3:52p 44.6 1:48a 6.7 2.8 0.01 4.3 27.0 10:15a SW 23 58.4 73.9 3:45p 49.9 11:55p 7.1 0.8 0.39 1.7 25.0 4:48p SW 24 59.6 79.6 11:30a 21.5 3:12a 8.2 3.0 0.04 2.8 35.0 7:22p NNW 25 61.8 73.3 2:27p 2.8 7:32a 4.7 1.7 0.00 3.4 18.0 2:56a ESE 26 60.4 82.6 11:55a 13.9 6:15a 8.6 4.3 0.00 2.0 16.0 1:03p WNW 27 62.2 83.4 12:35p 43.1 6:04a 6.9 4.4 0.00 3.4 25.0 6:27p WNW 28 62.2 85.1 11:40a 0.0 7:34a 6.4 3.7 0.02 2.8 21.0 4:24p NNW 29 66.4 85.1 1:20p 7.2 7:34a 4.8 6.2 0.00 5.1 28.0 7:35p WSW 30 62.6 84.7 11:19a 50.7 6:47a 4.3 2.1 0.01 3.6 26.0 8:15p SW 31 63.9 81.6 2:20p 45.7 6:29a 5.5 4.5 0.00 2.3 17.0 11:59a WNW ------------------------------------------------------------------------------------- 61.4 85.1 28 0.0 28 152.7 71.7 0.53 3.2 39.0 20 WSW Max >= 90.0: 0 Max <= 32.0: 0 Min <= 32.0: 9 Min <= 0.0: 1 Max Rain: 0.39 ON 08/23/12 Days of Rain: 5 (>.01 in) 1 (>.1 in) 0 (>1 in) Heat Base: 65.0 Cool Base: 65.0 Method: Integration

Station affiliations

Weather data published to:,
Weather Underground, Citizen Weather Observer Program, WeatherForYou, AnythingWeather.com

Member of: Weather-Matrix, Weather-Watch.com

Quote from the patron saint of the webmaster, St. Alphonsus Liguori :
"My Jesus, Thou alone art sufficient for me.  My love, do not permit me to separate myself from Thee.  When shall I be able to say, 'My God, I cannot lose thee any more?' "

 ©2007 EstesParkWeather.net and ExceptionalWeather.com. EstesParkWeather.net is part of the ExceptionalWeather Network
Radar/maps © Weather Underground. Used with permission.    Valid XHTML 1.0     Valid CSS
Never base important decisions on this or any weather information obtained from the Internet.