NOAA style reports

Note: Some NOAA reports are not available. For a complete summary of all available archival weather data please this page.

Year to date and all Time Records: Are available on the Live page. Look for the Records push button.

2018: Jan | Feb | Mar | Apr | May | Jun | Jul | Aug | Sep | Oct | Nov | Dec 
2017: Jan | Feb | Mar | Apr | May | Jun | Jul | Aug | Sep | Oct | Nov | Dec 
2016: Jan | Feb | Mar | Apr | May | Jun | Jul | Aug | Sep | Oct | Nov | Dec 
2015: Jan | Feb | Mar | Apr | May | Jun | Jul | Aug | Sep | Oct | Nov | Dec 
2014: Jan | Feb | Mar | Apr | May | Jun | Jul | Aug | Sep | Oct | Nov | Dec 
2013: Jan | Feb | Mar | Apr | May | Jun | Jul | Aug | Sep | Oct | Nov | Dec 
2012: Jan | Feb | Mar | Apr | May | Jun | Jul | Aug | Sep | Oct | Nov | Dec 
2011: Jan | Feb | Mar | Apr | May | Jun | Jul | Aug | Sep | Oct | Nov | Dec 
2010: Jan | Feb | Mar | Apr | May | Jun | Jul | Aug | Sep | Oct | Nov | Dec 
2009: Jan | Feb | Mar | Apr | May | Jun | Jul | Aug | Sep | Oct | Nov | Dec 
 2008: Jan | Feb | Mar | Apr | May | Jun | Jul | Aug | Sep | Oct | Nov | Dec 
2007: Jan | Feb | Mar | Apr | May | Jun | Jul | Aug | Sep | Oct | Nov | Dec 
 2006: Jan | Feb | Mar | Apr | May | Jun | Jul | Aug | Sep | Oct | Nov | Dec 

Report for 2012 06
MONTHLY CLIMATOLOGICAL SUMMARY for MAY. 2012 NAME: Truta's Estes Park Weather CITY: Estes Park STATE: CO ELEV: 7700 ft LAT: 39 36' 00" N LONG: 104 54' 00" W TEMPERATURE (F), RAIN (in), WIND SPEED (mph) HEAT COOL AVG MEAN DEG DEG WIND DOM DAY TEMP HIGH TIME LOW TIME DAYS DAYS RAIN SPEED HIGH TIME DIR ------------------------------------------------------------------------------------ 1 2 3 4 5 6 7 8 9 10 11 12 13 14 15 16 17 18 19 20 21 58.9 74.7 5:21p 43.5 11:59p 2.6 0.7 0.00 1.7 13.0 5:41p W 22 60.4 80.3 3:11p 36.2 5:02a 8.3 4.1 0.00 5.1 35.0 12:20p W 23 48.1 55.3 1:44a 15.0 9:31p 15.8 0.0 0.21 2.3 13.0 6:54a ESE 24 44.1 54.4 5:12p 36.2 2:33a 19.9 0.0 0.00 6.2 33.0 1:49p SW 25 43.4 49.9 6:46p 23.5 5:41p 20.6 0.0 0.00 2.0 11.0 6:06p WSW 26 57.6 75.1 4:52p 34.9 5:57a 9.7 2.6 0.00 5.5 36.0 7:56p NNW 27 49.1 58.4 2:06p 19.3 6:23p 15.1 0.0 0.00 11.5 38.0 7:54p WSW 28 52.6 65.2 5:11p 42.6 12:00m 11.9 0.0 0.00 12.4 44.0 2:00a WSW 29 37.3 55.7 9:02a 30.1 5:47a 10.0 0.0 0.00 0.7 7.0 4:38a NW 30 48.3 53.1 9:06p 42.9 12:00m 2.0 0.0 0.00 2.2 8.0 9:13p NNE 31 51.1 64.2 1:56p 25.1 9:31p 13.2 0.0 0.00 2.9 20.0 1:53p NNE ------------------------------------------------------------------------------------- 50.1 80.3 22 15.0 23 129.1 7.4 0.21 4.8 44.0 28 WSW Max >= 90.0: 0 Max <= 32.0: 0 Min <= 32.0: 5 Min <= 0.0: 0 Max Rain: 0.21 ON 05/23/12 Days of Rain: 1 (>.01 in) 1 (>.1 in) 0 (>1 in) Heat Base: 65.0 Cool Base: 65.0 Method: Integration

Station affiliations

Weather data published to:,
Weather Underground, Citizen Weather Observer Program, WeatherForYou, AnythingWeather.com

Member of: Weather-Matrix, Weather-Watch.com

Quote from the patron saint of the webmaster, St. Alphonsus Liguori :
"My Jesus, Thou alone art sufficient for me.  My love, do not permit me to separate myself from Thee.  When shall I be able to say, 'My God, I cannot lose thee any more?' "

 ©2007 EstesParkWeather.net and ExceptionalWeather.com. EstesParkWeather.net is part of the ExceptionalWeather Network
Radar/maps © Weather Underground. Used with permission.    Valid XHTML 1.0     Valid CSS
Never base important decisions on this or any weather information obtained from the Internet.