NOAA style reports

Note: Some NOAA reports are not available. For a complete summary of all available archival weather data please this page.

Year to date and all Time Records: Are available on the Live page. Look for the Records push button.

2018: Jan | Feb | Mar | Apr | May | Jun | Jul | Aug | Sep | Oct | Nov | Dec 
2017: Jan | Feb | Mar | Apr | May | Jun | Jul | Aug | Sep | Oct | Nov | Dec 
2016: Jan | Feb | Mar | Apr | May | Jun | Jul | Aug | Sep | Oct | Nov | Dec 
2015: Jan | Feb | Mar | Apr | May | Jun | Jul | Aug | Sep | Oct | Nov | Dec 
2014: Jan | Feb | Mar | Apr | May | Jun | Jul | Aug | Sep | Oct | Nov | Dec 
2013: Jan | Feb | Mar | Apr | May | Jun | Jul | Aug | Sep | Oct | Nov | Dec 
2012: Jan | Feb | Mar | Apr | May | Jun | Jul | Aug | Sep | Oct | Nov | Dec 
2011: Jan | Feb | Mar | Apr | May | Jun | Jul | Aug | Sep | Oct | Nov | Dec 
2010: Jan | Feb | Mar | Apr | May | Jun | Jul | Aug | Sep | Oct | Nov | Dec 
2009: Jan | Feb | Mar | Apr | May | Jun | Jul | Aug | Sep | Oct | Nov | Dec 
 2008: Jan | Feb | Mar | Apr | May | Jun | Jul | Aug | Sep | Oct | Nov | Dec 
2007: Jan | Feb | Mar | Apr | May | Jun | Jul | Aug | Sep | Oct | Nov | Dec 
 2006: Jan | Feb | Mar | Apr | May | Jun | Jul | Aug | Sep | Oct | Nov | Dec 

Report for 2011 11
<PRE> MONTHLY CLIMATOLOGICAL SUMMARY for NOV. 2011 NAME: Truta's EstesParkWeather.net CITY: Estes Park STATE: Colorado ELEV: 7700 LAT: 040:23:00 LONG: 0105:29:00 TEMPERATURE ( F), RAIN (in.), WIND SPEED (mph) HEAT COOL AVG MEAN DEG DEG WIND DOM DAY TEMP HIGH TIME LOW TIME DAYS DAYS RAIN SPEED HIGH TIME DIR ---------------------------------------------------------------------------------------------------------------------------------------------------------- 01 34.0 045.4 05:28 21.1 00:00 31.0 00.0 00.00 04.8 19.6 22:01 ENE 02 21.4 029.5 13:33 15.4 00:00 43.5 00.0 00.20 01.9 11.5 17:59 E 04 28.9 055.0 16:11 02.6 05:26 36.1 00.0 00.00 02.1 21.9 15:49 NW 05 33.4 051.0 11:51 22.2 07:46 31.5 00.0 00.00 07.8 52.9 19:38 W 06 26.7 034.0 14:26 17.0 00:00 38.3 00.0 00.00 10.9 39.1 01:10 W 07 24.6 039.1 12:05 14.8 06:21 40.3 00.0 00.00 02.2 19.6 14:26 ENE 08 25.4 039.3 12:33 11.6 06:55 39.6 00.0 00.00 03.8 27.6 12:05 W 09 30.5 043.3 13:50 14.8 02:34 34.5 00.0 00.00 05.7 27.6 23:12 WNW 10 39.4 047.3 16:08 32.2 04:51 25.6 00.0 00.00 12.8 46.0 23:09 W 11 43.4 054.1 14:12 36.2 19:16 21.5 00.0 00.00 12.7 38.0 06:57 W 12 37.4 043.3 13:22 30.0 19:29 27.5 00.0 00.00 18.4 77.0 23:27 W 13 35.5 041.3 14:10 28.8 20:19 29.4 00.0 00.00 13.4 67.8 01:09 W 14 34.9 041.3 12:42 30.1 06:34 30.1 00.0 00.00 00.7 28.8 01:14 W 15 32.8 036.2 13:18 28.4 23:26 32.1 00.0 00.00 00.0 00.0 00:00 WNW 16 27.7 033.7 13:54 22.0 07:16 37.2 00.0 00.00 00.0 01.1 21:42 W 17 38.0 045.2 15:14 27.9 00:01 27.0 00.0 00.00 11.0 52.9 13:18 W 18 42.5 050.5 14:04 36.3 21:57 22.4 00.0 00.00 11.6 44.9 11:45 W 19 29.0 042.8 00:42 23.5 00:00 35.9 00.0 00.04 05.8 34.5 01:17 W 20 33.2 044.2 15:29 18.2 04:48 31.7 00.0 00.06 07.5 28.8 12:40 W 21 38.5 045.7 13:38 29.3 23:13 26.5 00.0 00.00 07.3 32.2 00:13 W 22 37.8 044.1 13:48 29.4 00:48 27.2 00.0 00.00 10.6 40.3 12:28 W 23 42.0 055.4 14:24 29.7 22:17 22.9 00.0 00.00 01.1 26.4 00:23 W 24 47.9 056.0 14:02 30.0 00:05 17.0 00.0 00.00 00.0 00.0 00:00 W 25 36.9 046.2 00:06 23.0 00:00 28.1 00.0 00.00 08.3 43.7 05:24 WNW 26 24.5 034.1 14:41 16.6 05:29 40.5 00.0 00.00 07.5 27.6 14:03 WNW 27 45.4 056.5 13:35 32.2 05:27 19.5 00.0 00.00 11.3 36.8 15:42 WNW 28 45.8 056.5 11:09 30.0 23:52 19.2 00.0 00.00 09.8 40.3 07:22 W 29 37.9 051.9 12:54 20.5 06:15 27.0 00.0 00.00 07.9 28.8 20:35 W 30 40.9 049.6 13:44 27.0 23:54 24.0 00.0 00.00 08.6 31.1 11:25 W ---------------------------------------------------------------------------------------------------------------------------------------------------------- 35.0 (34.7) 56.5 day 28 02.6 day 03 867.0 000.0 00.30 07.1 77.1 day 12 W Max <= 32: 1 Min <= 86: 29 Min <= 23: 13 Min <= 5: 1 Max Rain: 0.20 ON 2-11-11 Days of Rain: 3 (> .008in) 1 (> .08in) 0 (> 0.8in)

Station affiliations

Weather data published to:,
Weather Underground, Citizen Weather Observer Program, WeatherForYou, AnythingWeather.com

Member of: Weather-Matrix, Weather-Watch.com

Quote from the patron saint of the webmaster, St. Alphonsus Liguori :
"My Jesus, Thou alone art sufficient for me.  My love, do not permit me to separate myself from Thee.  When shall I be able to say, 'My God, I cannot lose thee any more?' "

 ©2007 EstesParkWeather.net and ExceptionalWeather.com. EstesParkWeather.net is part of the ExceptionalWeather Network
Radar/maps © Weather Underground. Used with permission.    Valid XHTML 1.0     Valid CSS
Never base important decisions on this or any weather information obtained from the Internet.