NOAA style reports

Note: Some NOAA reports are not available. For a complete summary of all available archival weather data please this page.

Year to date and all Time Records: Are available on the Live page. Look for the Records push button.

2018: Jan | Feb | Mar | Apr | May | Jun | Jul | Aug | Sep | Oct | Nov | Dec 
2017: Jan | Feb | Mar | Apr | May | Jun | Jul | Aug | Sep | Oct | Nov | Dec 
2016: Jan | Feb | Mar | Apr | May | Jun | Jul | Aug | Sep | Oct | Nov | Dec 
2015: Jan | Feb | Mar | Apr | May | Jun | Jul | Aug | Sep | Oct | Nov | Dec 
2014: Jan | Feb | Mar | Apr | May | Jun | Jul | Aug | Sep | Oct | Nov | Dec 
2013: Jan | Feb | Mar | Apr | May | Jun | Jul | Aug | Sep | Oct | Nov | Dec 
2012: Jan | Feb | Mar | Apr | May | Jun | Jul | Aug | Sep | Oct | Nov | Dec 
2011: Jan | Feb | Mar | Apr | May | Jun | Jul | Aug | Sep | Oct | Nov | Dec 
2010: Jan | Feb | Mar | Apr | May | Jun | Jul | Aug | Sep | Oct | Nov | Dec 
2009: Jan | Feb | Mar | Apr | May | Jun | Jul | Aug | Sep | Oct | Nov | Dec 
 2008: Jan | Feb | Mar | Apr | May | Jun | Jul | Aug | Sep | Oct | Nov | Dec 
2007: Jan | Feb | Mar | Apr | May | Jun | Jul | Aug | Sep | Oct | Nov | Dec 
 2006: Jan | Feb | Mar | Apr | May | Jun | Jul | Aug | Sep | Oct | Nov | Dec 

Report for 2011 08
MONTHLY CLIMATOLOGICAL SUMMARY for AUG. 2011 NAME: Truta's EstesParkWeather.net CITY: Estes Park STATE: Colorado ELEV: 7700 LAT: 040:23:00 LONG: 0105:29:00 TEMPERATURE ( F), RAIN (in.), WIND SPEED (mph) HEAT COOL AVG MEAN DEG DEG WIND DOM DAY TEMP HIGH TIME LOW TIME DAYS DAYS RAIN SPEED HIGH TIME DIR ----------------------------------------------------------------------------------------------------- 01 70.6 081.1 12:03 61.5 02:38 00.0 05.7 00.00 08.4 29.9 14:08 W 02 67.9 078.3 11:43 60.9 00:00 00.0 02.9 00.00 04.2 21.9 01:55 WNW 03 64.6 079.0 11:20 51.3 06:59 00.3 00.0 00.01 02.7 24.1 15:15 NE 04 65.3 077.4 13:50 52.9 06:42 00.0 00.3 00.00 04.8 24.1 11:05 W 05 67.4 080.7 14:43 51.6 03:52 00.0 02.5 00.00 06.4 32.2 17:00 WNW 06 64.4 082.8 16:24 43.5 06:30 00.5 00.0 00.00 03.9 28.8 15:05 WNW 07 65.5 084.5 13:40 41.3 06:31 00.0 00.6 00.00 04.8 32.2 16:53 WNW 08 67.1 083.0 17:13 50.2 06:09 00.0 02.2 00.00 05.5 29.9 12:09 WNW 09 64.5 084.3 14:48 41.1 06:26 00.4 00.0 00.00 04.3 26.4 15:07 NW 10 61.2 075.3 13:14 44.6 06:32 03.7 00.0 00.00 03.9 19.6 13:29 ENE 11 63.2 083.2 17:36 39.9 06:40 01.7 00.0 00.00 04.3 32.2 14:46 WNW 12 62.3 077.4 13:29 41.9 06:42 02.7 00.0 00.00 03.2 20.7 12:15 E 13 63.0 080.1 10:52 40.5 06:17 01.9 00.0 00.00 03.6 24.1 13:20 E 14 63.3 074.4 14:02 48.3 06:37 01.6 00.0 00.11 05.6 34.5 09:45 WNW 15 69.8 081.4 14:00 58.1 23:50 00.0 04.8 00.00 07.8 28.8 09:14 W 16 64.6 083.8 13:47 48.2 06:43 00.4 00.0 00.00 04.8 31.1 10:02 W 17 64.9 087.6 16:34 42.9 06:26 00.0 00.0 00.00 03.4 29.9 09:13 WNW 18 66.0 089.7 16:07 41.2 06:46 00.0 01.0 00.00 03.3 29.9 14:39 WNW 19 65.2 076.1 13:32 52.8 02:36 00.0 00.3 00.01 04.7 26.4 19:39 WNW 20 64.2 081.2 14:19 45.2 06:42 00.7 00.0 00.00 03.1 20.7 12:33 ENE 21 64.3 084.0 12:51 48.9 06:41 00.6 00.0 00.11 04.4 24.1 19:07 W 22 67.8 083.9 16:15 50.4 03:48 00.0 02.9 00.00 05.2 26.4 15:31 WNW 23 71.1 087.6 16:46 51.1 02:15 00.0 06.2 00.00 05.2 25.3 12:49 WNW 24 68.2 086.1 15:00 48.8 06:49 00.0 03.2 00.00 03.5 31.1 13:05 NW 25 65.9 085.6 12:23 46.2 06:47 00.0 01.0 00.11 04.7 26.4 18:05 WNW 26 64.5 080.9 13:11 50.2 06:55 00.4 00.0 00.00 02.8 26.4 14:59 N 27 63.7 083.0 11:53 47.3 06:49 01.2 00.0 00.00 02.9 21.9 16:35 W 28 62.5 084.0 11:16 51.0 07:06 02.4 00.0 00.04 02.2 28.8 12:11 N 29 62.0 078.5 16:24 51.1 07:05 02.9 00.0 00.06 05.0 35.6 19:04 WNW 30 67.4 082.0 13:28 52.0 01:15 00.0 02.5 00.00 07.4 34.5 16:04 W 31 69.7 084.9 16:24 55.1 06:43 00.0 04.7 00.00 08.3 51.8 18:19 W ---------------------------------------------------------------------------------------------------- 65.6 (65.4) 89.7 day 18 39.9 day 11 021.7 040.8 00.45 04.7 51.8 day 31 WNW Max >= 86: 4 Min <= 86: 31 Max Rain: 0.11 ON 14-08-11 Days of Rain: 7 (> .008in) 3 (> .08in) 0 (> 0.8in)

Station affiliations

Weather data published to:,
Weather Underground, Citizen Weather Observer Program, WeatherForYou, AnythingWeather.com

Member of: Weather-Matrix, Weather-Watch.com

Quote from the patron saint of the webmaster, St. Alphonsus Liguori :
"My Jesus, Thou alone art sufficient for me.  My love, do not permit me to separate myself from Thee.  When shall I be able to say, 'My God, I cannot lose thee any more?' "

 ©2007 EstesParkWeather.net and ExceptionalWeather.com. EstesParkWeather.net is part of the ExceptionalWeather Network
Radar/maps © Weather Underground. Used with permission.    Valid XHTML 1.0     Valid CSS
Never base important decisions on this or any weather information obtained from the Internet.