NOAA style reports

Note: Some NOAA reports are not available. For a complete summary of all available archival weather data please this page.

Year to date and all Time Records: Are available on the Live page. Look for the Records push button.

2018: Jan | Feb | Mar | Apr | May | Jun | Jul | Aug | Sep | Oct | Nov | Dec 
2017: Jan | Feb | Mar | Apr | May | Jun | Jul | Aug | Sep | Oct | Nov | Dec 
2016: Jan | Feb | Mar | Apr | May | Jun | Jul | Aug | Sep | Oct | Nov | Dec 
2015: Jan | Feb | Mar | Apr | May | Jun | Jul | Aug | Sep | Oct | Nov | Dec 
2014: Jan | Feb | Mar | Apr | May | Jun | Jul | Aug | Sep | Oct | Nov | Dec 
2013: Jan | Feb | Mar | Apr | May | Jun | Jul | Aug | Sep | Oct | Nov | Dec 
2012: Jan | Feb | Mar | Apr | May | Jun | Jul | Aug | Sep | Oct | Nov | Dec 
2011: Jan | Feb | Mar | Apr | May | Jun | Jul | Aug | Sep | Oct | Nov | Dec 
2010: Jan | Feb | Mar | Apr | May | Jun | Jul | Aug | Sep | Oct | Nov | Dec 
2009: Jan | Feb | Mar | Apr | May | Jun | Jul | Aug | Sep | Oct | Nov | Dec 
 2008: Jan | Feb | Mar | Apr | May | Jun | Jul | Aug | Sep | Oct | Nov | Dec 
2007: Jan | Feb | Mar | Apr | May | Jun | Jul | Aug | Sep | Oct | Nov | Dec 
 2006: Jan | Feb | Mar | Apr | May | Jun | Jul | Aug | Sep | Oct | Nov | Dec 

Report for 2011 04
MONTHLY CLIMATOLOGICAL SUMMARY for MAR. 2011 NAME: Estes 2010 CITY: Estes Park STATE: CO ELEV: 7700 ft LAT: 39 36' 00" N LONG: 104 54' 00" W TEMPERATURE (F), RAIN (in), WIND SPEED (mph) HEAT COOL AVG MEAN DEG DEG WIND DOM DAY TEMP HIGH TIME LOW TIME DAYS DAYS RAIN SPEED HIGH TIME DIR ------------------------------------------------------------------------------------ 1 36.9 51.1 4:49p 20.2 11:57p 27.0 0.0 0.00 6.2 27.0 9:41a N 2 37.2 49.6 2:58p 16.9 3:17a 26.8 0.0 0.00 10.4 39.0 11:31p NNW 3 36.9 44.3 11:30a 28.1 11:58p 26.9 0.0 0.02 11.1 39.0 3:06a NNW 4 29.3 37.2 1:27p 9.6 11:22a 34.4 0.0 0.00 8.0 32.0 9:56p N 5 31.5 41.1 12:38p 24.7 12:52a 32.1 0.0 0.00 1.1 30.0 12:02a NNW 6 32.1 40.3 11:00a 13.0 11:24a 31.6 0.0 0.00 0.1 8.0 10:55p E 7 24.0 37.2 12:27p 17.3 11:55p 39.4 0.0 0.02 4.7 20.0 2:33p E 8 25.4 39.8 12:46p 0.7 8:42p 38.0 0.0 0.00 7.4 39.0 10:36p N 9 33.4 41.5 3:24p 2.0 3:11a 30.5 0.0 0.00 8.5 43.0 7:38a N 10 43.3 52.9 3:13p 23.6 11:22a 20.9 0.0 0.00 13.8 46.0 11:53p NNW 11 45.2 52.8 3:20p 25.4 1:33p 19.0 0.0 0.00 14.5 46.0 1:20a N 12 29.1 34.4 12:01a 24.4 5:27a 8.2 0.0 0.00 1.2 10.0 12:27a E 13 37.1 44.6 1:27p 24.2 6:35a 20.3 0.0 0.15 0.0 0.0 --- --- 14 43.6 55.1 2:37p 19.2 10:24a 20.6 0.0 0.00 0.0 0.0 --- --- 15 43.1 55.1 3:18p 23.4 12:33p 20.9 0.0 0.00 0.0 0.0 --- --- 16 51.2 60.2 3:31p 43.8 12:57a 13.3 0.0 0.00 0.0 0.0 --- --- 17 39.5 52.8 12:01a 4.5 7:42p 24.4 0.0 0.00 0.0 0.0 --- --- 18 34.3 49.2 3:11p 21.4 5:25a 29.2 0.0 0.13 0.0 0.0 --- --- 19 40.0 56.0 12:11p 22.2 3:28a 21.4 0.0 0.01 2.2 29.0 3:39p S 20 44.6 54.8 2:41p 32.5 12:00m 17.9 0.0 0.00 7.6 48.0 11:02a W 21 44.1 63.2 1:46p 21.6 7:33a 18.9 0.0 0.00 6.8 36.0 4:24p WSW 22 33.1 40.6 12:01a 30.4 7:12a 11.6 0.0 0.01 7.0 28.0 12:47a W 23 27.9 28.7 2:21a 27.3 4:36a 5.8 0.0 0.00 19.3 47.0 12:33a W 24 25 26 27 28 33.1 37.2 12:27p 27.2 11:02p 17.2 0.0 0.05 7.2 31.0 12:46p W 29 31.4 41.6 2:19p 20.9 7:33a 31.0 0.0 0.00 8.7 30.0 11:29a WSW 30 36.9 44.6 2:35p 28.8 8:14a 24.3 0.0 0.00 12.7 50.0 5:37p W 31 45.6 53.5 2:38p 15.6 7:11a 17.5 0.0 0.01 15.3 48.0 3:16p WNW ------------------------------------------------------------------------------------- 36.7 63.2 21 0.7 8 629.1 0.0 0.40 6.4 50.0 30 N Max >= 90.0: 0 Max <= 32.0: 1 Min <= 32.0: 25 Min <= 0.0: 0 Max Rain: 0.15 ON 03/13/11 Days of Rain: 5 (>.01 in) 2 (>.1 in) 0 (>1 in) Heat Base: 65.0 Cool Base: 65.0 Method: Integration

Station affiliations

Weather data published to:,
Weather Underground, Citizen Weather Observer Program, WeatherForYou, AnythingWeather.com

Member of: Weather-Matrix, Weather-Watch.com

Quote from the patron saint of the webmaster, St. Alphonsus Liguori :
"My Jesus, Thou alone art sufficient for me.  My love, do not permit me to separate myself from Thee.  When shall I be able to say, 'My God, I cannot lose thee any more?' "

 ©2007 EstesParkWeather.net and ExceptionalWeather.com. EstesParkWeather.net is part of the ExceptionalWeather Network
Radar/maps © Weather Underground. Used with permission.    Valid XHTML 1.0     Valid CSS
Never base important decisions on this or any weather information obtained from the Internet.