NOAA style reports

Note: Some NOAA reports are not available. For a complete summary of all available archival weather data please this page.

Year to date and all Time Records: Are available on the Live page. Look for the Records push button.

2018: Jan | Feb | Mar | Apr | May | Jun | Jul | Aug | Sep | Oct | Nov | Dec 
2017: Jan | Feb | Mar | Apr | May | Jun | Jul | Aug | Sep | Oct | Nov | Dec 
2016: Jan | Feb | Mar | Apr | May | Jun | Jul | Aug | Sep | Oct | Nov | Dec 
2015: Jan | Feb | Mar | Apr | May | Jun | Jul | Aug | Sep | Oct | Nov | Dec 
2014: Jan | Feb | Mar | Apr | May | Jun | Jul | Aug | Sep | Oct | Nov | Dec 
2013: Jan | Feb | Mar | Apr | May | Jun | Jul | Aug | Sep | Oct | Nov | Dec 
2012: Jan | Feb | Mar | Apr | May | Jun | Jul | Aug | Sep | Oct | Nov | Dec 
2011: Jan | Feb | Mar | Apr | May | Jun | Jul | Aug | Sep | Oct | Nov | Dec 
2010: Jan | Feb | Mar | Apr | May | Jun | Jul | Aug | Sep | Oct | Nov | Dec 
2009: Jan | Feb | Mar | Apr | May | Jun | Jul | Aug | Sep | Oct | Nov | Dec 
 2008: Jan | Feb | Mar | Apr | May | Jun | Jul | Aug | Sep | Oct | Nov | Dec 
2007: Jan | Feb | Mar | Apr | May | Jun | Jul | Aug | Sep | Oct | Nov | Dec 
 2006: Jan | Feb | Mar | Apr | May | Jun | Jul | Aug | Sep | Oct | Nov | Dec 

Report for 2011 02
MONTHLY CLIMATOLOGICAL SUMMARY for FEB. 2011 NAME: Estes 2010 CITY: Estes Park STATE: CO ELEV: 7700 ft LAT: LONG: TEMPERATURE (F), RAIN (in), WIND SPEED (mph) HEAT COOL AVG MEAN DEG DEG WIND DOM DAY TEMP HIGH TIME LOW TIME DAYS DAYS RAIN SPEED HIGH TIME DIR ------------------------------------------------------------------------------------ 1 -20.4 -5.9 11:29a-886.8 7:32a 76.7 0.0 0.00 2.2 14.0 11:29a ESE 2 -11.9 7.7 1:22p -27.7 6:50a 69.2 0.0 0.01 0.8 10.0 1:55p E 3 9.9 32.1 2:56p -42.0 3:11a 50.3 0.0 0.02 2.3 25.0 3:18p E 4 22.7 40.2 12:24p 1.1 4:52a 39.5 0.0 0.01 5.6 37.0 11:13p NNW 5 25.8 33.1 12:31a 2.9 3:11a 36.5 0.0 0.03 3.3 43.0 2:06a NNW 6 15.2 26.4 12:27p -26.0 10:57p 46.4 0.0 0.07 0.1 5.0 9:39p NNE 7 21.3 34.9 12:17p -26.0 12:34a 39.6 0.0 0.00 10.7 47.0 11:27a NW 8 -3.5 10.7 12:01a-874.8 7:32a 63.3 0.0 0.00 2.9 17.0 1:57a ESE 9 -2.92374.8 9:37a-894.0 7:32a 62.4 0.0 0.01 7.7 43.0 7:21p NW 10 19.7 28.4 1:53p 1.8 3:11p 41.5 0.0 0.00 14.5 40.0 6:06a NW 11 27.5 34.3 2:38p 3.1 9:31p 34.3 0.0 0.00 12.1 36.0 10:36p NW 12 36.0 44.9 3:39p 10.6 11:22a 25.6 0.0 0.01 13.6 40.0 3:34a NW 13 43.2 51.0 11:41a 31.3 11:31p 21.0 0.0 0.00 12.5 49.0 8:44a NNW 14 36.0 52.8 2:44p 16.1 7:15a 27.9 0.0 0.00 7.7 46.0 11:50p NW 15 44.7 54.1 2:30p 35.5 7:56p 19.3 0.0 0.00 13.2 40.0 5:31a NW 16 44.5 49.6 11:54a 23.2 1:33p 19.8 0.0 0.00 14.8 42.0 2:38a NW 17 28.3 42.1 12:11a 19.6 7:33a 35.3 0.0 0.00 6.4 42.0 1:25a NNW 18 30.3 44.1 12:23p 14.8 6:47a 33.2 0.0 0.00 5.6 32.0 11:42a N 19 39.2 51.0 1:32p 10.7 3:11a 24.7 0.0 0.00 5.2 29.0 4:24a N 20 28.0 32.5 12:22p 23.8 9:46p 35.7 0.0 0.00 16.2 47.0 9:41a NNW 21 26.5 33.2 2:12p 1.4 8:42p 37.0 0.0 0.00 14.7 44.0 6:21a NNW 22 31.6 39.3 1:02p 24.8 6:51a 32.0 0.0 0.00 18.4 45.0 1:56a NNW 23 30.8 41.1 1:23p 23.8 11:58p 32.9 0.0 0.00 10.3 44.0 8:23a NNW 24 24.1 34.4 11:13a 14.1 11:56p 38.2 0.0 0.03 4.1 25.0 11:43a E 25 18.3 26.4 12:00m 13.1 4:31a 44.4 0.0 0.00 0.6 8.0 12:01a ESE 26 31.1 35.9 3:11p 2.9 3:11a 32.2 0.0 0.21 0.6 13.0 2:36a NNW 27 33.4 39.5 12:49p 27.2 11:59p 30.3 0.0 0.05 9.7 42.0 2:52a N 28 35.9 44.6 3:27p 25.6 7:33a 28.0 0.0 0.00 14.6 52.0 11:05a NNW ------------------------------------------------------------------------------------- 23.82374.8 9 -894.0 9 1077.2 0.0 0.45 8.2 52.0 28 NNW Max >= 90.0: 1 Max <= 32.0: 6 Min <= 32.0: 27 Min <= 0.0: 7 Max Rain: 0.21 ON 02/26/11 Days of Rain: 6 (>.01 in) 1 (>.1 in) 0 (>1 in) Heat Base: 65.0 Cool Base: 65.0 Method: Integration

Station affiliations

Weather data published to:,
Weather Underground, Citizen Weather Observer Program, WeatherForYou, AnythingWeather.com

Member of: Weather-Matrix, Weather-Watch.com

Quote from the patron saint of the webmaster, St. Alphonsus Liguori :
"My Jesus, Thou alone art sufficient for me.  My love, do not permit me to separate myself from Thee.  When shall I be able to say, 'My God, I cannot lose thee any more?' "

 ©2007 EstesParkWeather.net and ExceptionalWeather.com. EstesParkWeather.net is part of the ExceptionalWeather Network
Radar/maps © Weather Underground. Used with permission.    Valid XHTML 1.0     Valid CSS
Never base important decisions on this or any weather information obtained from the Internet.