NOAA style reports

Note: Some NOAA reports are not available. For a complete summary of all available archival weather data please this page.

Year to date and all Time Records: Are available on the Live page. Look for the Records push button.

2018: Jan | Feb | Mar | Apr | May | Jun | Jul | Aug | Sep | Oct | Nov | Dec 
2017: Jan | Feb | Mar | Apr | May | Jun | Jul | Aug | Sep | Oct | Nov | Dec 
2016: Jan | Feb | Mar | Apr | May | Jun | Jul | Aug | Sep | Oct | Nov | Dec 
2015: Jan | Feb | Mar | Apr | May | Jun | Jul | Aug | Sep | Oct | Nov | Dec 
2014: Jan | Feb | Mar | Apr | May | Jun | Jul | Aug | Sep | Oct | Nov | Dec 
2013: Jan | Feb | Mar | Apr | May | Jun | Jul | Aug | Sep | Oct | Nov | Dec 
2012: Jan | Feb | Mar | Apr | May | Jun | Jul | Aug | Sep | Oct | Nov | Dec 
2011: Jan | Feb | Mar | Apr | May | Jun | Jul | Aug | Sep | Oct | Nov | Dec 
2010: Jan | Feb | Mar | Apr | May | Jun | Jul | Aug | Sep | Oct | Nov | Dec 
2009: Jan | Feb | Mar | Apr | May | Jun | Jul | Aug | Sep | Oct | Nov | Dec 
 2008: Jan | Feb | Mar | Apr | May | Jun | Jul | Aug | Sep | Oct | Nov | Dec 
2007: Jan | Feb | Mar | Apr | May | Jun | Jul | Aug | Sep | Oct | Nov | Dec 
 2006: Jan | Feb | Mar | Apr | May | Jun | Jul | Aug | Sep | Oct | Nov | Dec 

Report for 2011 01
MONTHLY CLIMATOLOGICAL SUMMARY for JAN. 2011 NAME: Estes 2010 CITY: Estes Park STATE: CO ELEV: 7700 ft LAT: LONG: TEMPERATURE (F), RAIN (in), WIND SPEED (mph) HEAT COOL AVG MEAN DEG DEG WIND DOM DAY TEMP HIGH TIME LOW TIME DAYS DAYS RAIN SPEED HIGH TIME DIR ------------------------------------------------------------------------------------ 1 6.6 13.1 11:42p 1.5 12:36a 52.7 0.0 0.00 18.2 44.0 1:11p NW 2 20.5 29.4 2:06p 0.7 3:21p 40.7 0.0 0.00 14.3 43.0 5:23a NW 3 24.1 33.8 2:31p 6.2 12:25p 36.7 0.0 0.00 9.0 35.0 5:23a NW 4 26.7 32.5 1:10p 3.6 11:24a 35.1 0.0 0.00 16.1 44.0 11:35p NW 5 27.5 33.4 1:26p 0.5 6:21a 33.7 0.0 0.00 17.3 50.0 4:26a NW 6 35.6 43.2 1:18p 3.8 1:41a 27.0 0.0 0.00 15.6 52.0 3:17a NW 7 37.2 47.0 2:11p 25.0 8:13p 25.7 0.0 0.00 7.4 27.0 8:55a NNW 8 37.5 45.1 10:01a 14.0 11:22a 25.4 0.0 0.00 8.2 30.0 5:01a NW 9 18.7 33.2 12:01a 5.0 11:56p 43.0 0.0 0.00 3.4 17.0 9:01a E 10 3.2 13.5 2:34p-418.7 6:51a 58.3 0.0 0.05 3.8 34.0 8:17p ENE 11 11.6 20.6 4:07p 3.5 11:36p 47.7 0.0 0.00 10.8 47.0 9:29a NW 12 17.9 34.7 12:49p-410.6 1:55a 23.7 0.0 0.00 9.4 36.0 11:46a NW 13 14 34.2 36.3 4:51p 32.5 9:23p 8.1 0.0 0.00 12.8 34.0 11:38p NW 15 35.5 40.6 3:19p 32.9 11:13p 25.9 0.0 0.00 12.8 39.0 1:07a NNW 16 37.2 44.2 11:05p 28.2 2:09a 26.5 0.0 0.00 15.5 51.0 3:00p NW 17 38.4 45.1 4:26a 31.6 8:41p 25.7 0.0 0.05 9.7 39.0 4:06a NNW 18 33.3 38.3 11:38a 30.3 2:15a 30.5 0.0 0.00 13.2 41.0 11:35p NNW 19 25.1 36.6 12:30p 7.0 11:39p 38.3 0.0 0.00 8.9 39.0 12:05a NNW 20 18.5 31.8 1:43p 0.7 6:20a 44.5 0.0 0.00 13.5 52.0 6:50p NW 21 29.6 35.6 2:32p 3.2 8:42p 33.9 0.0 0.00 14.7 48.0 11:59p NNW 22 27.3 34.4 11:56a 20.2 6:32p 36.2 0.0 0.00 10.9 54.0 1:48a NNW 23 26.6 32.5 10:22a 2.6 5:41p 36.8 0.0 0.00 14.2 47.0 3:32p NNW 24 23.3 31.9 1:18p 14.6 8:40p 40.2 0.0 0.00 0.0 0.0 --- --- 25 28.3 38.5 11:27a 2.9 5:41p 35.3 0.0 0.00 0.0 0.0 --- --- 26 29.9 39.3 1:48p 17.2 7:36a 33.8 0.0 0.00 0.0 0.0 --- --- 27 39.5 48.6 12:11p 6.8 3:11a 24.4 0.0 0.00 0.0 0.0 --- --- 28 43.2 57.2 2:44p 26.6 11:44p 20.9 0.0 0.00 0.0 0.0 --- --- 29 37.7 49.4 1:36p 21.0 11:53p 25.8 0.0 0.00 0.0 0.0 --- --- 30 34.1 47.6 12:00p 9.0 10:57p 28.1 0.0 0.00 0.0 0.0 --- --- 31 10.4 34.6 12:01a -6.3 11:59p 48.8 0.0 0.00 0.0 0.0 --- --- ------------------------------------------------------------------------------------- 27.3 57.2 28 -418.7 10 1013.4 0.0 0.10 8.7 54.0 22 NW Max >= 90.0: 0 Max <= 32.0: 6 Min <= 32.0: 28 Min <= 0.0: 3 Max Rain: 0.05 ON 01/10/11 Days of Rain: 2 (>.01 in) 0 (>.1 in) 0 (>1 in) Heat Base: 65.0 Cool Base: 65.0 Method: Integration

Station affiliations

Weather data published to:,
Weather Underground, Citizen Weather Observer Program, WeatherForYou, AnythingWeather.com

Member of: Weather-Matrix, Weather-Watch.com

Quote from the patron saint of the webmaster, St. Alphonsus Liguori :
"My Jesus, Thou alone art sufficient for me.  My love, do not permit me to separate myself from Thee.  When shall I be able to say, 'My God, I cannot lose thee any more?' "

 ©2007 EstesParkWeather.net and ExceptionalWeather.com. EstesParkWeather.net is part of the ExceptionalWeather Network
Radar/maps © Weather Underground. Used with permission.    Valid XHTML 1.0     Valid CSS
Never base important decisions on this or any weather information obtained from the Internet.