NOAA style reports

Note: Some NOAA reports are not available. For a complete summary of all available archival weather data please this page.

Year to date and all Time Records: Are available on the Live page. Look for the Records push button.

2018: Jan | Feb | Mar | Apr | May | Jun | Jul | Aug | Sep | Oct | Nov | Dec 
2017: Jan | Feb | Mar | Apr | May | Jun | Jul | Aug | Sep | Oct | Nov | Dec 
2016: Jan | Feb | Mar | Apr | May | Jun | Jul | Aug | Sep | Oct | Nov | Dec 
2015: Jan | Feb | Mar | Apr | May | Jun | Jul | Aug | Sep | Oct | Nov | Dec 
2014: Jan | Feb | Mar | Apr | May | Jun | Jul | Aug | Sep | Oct | Nov | Dec 
2013: Jan | Feb | Mar | Apr | May | Jun | Jul | Aug | Sep | Oct | Nov | Dec 
2012: Jan | Feb | Mar | Apr | May | Jun | Jul | Aug | Sep | Oct | Nov | Dec 
2011: Jan | Feb | Mar | Apr | May | Jun | Jul | Aug | Sep | Oct | Nov | Dec 
2010: Jan | Feb | Mar | Apr | May | Jun | Jul | Aug | Sep | Oct | Nov | Dec 
2009: Jan | Feb | Mar | Apr | May | Jun | Jul | Aug | Sep | Oct | Nov | Dec 
 2008: Jan | Feb | Mar | Apr | May | Jun | Jul | Aug | Sep | Oct | Nov | Dec 
2007: Jan | Feb | Mar | Apr | May | Jun | Jul | Aug | Sep | Oct | Nov | Dec 
 2006: Jan | Feb | Mar | Apr | May | Jun | Jul | Aug | Sep | Oct | Nov | Dec 

Report for 2010 12
MONTHLY CLIMATOLOGICAL SUMMARY for DEC. 2010 NAME: Estes 2010 CITY: Estes Park STATE: CO ELEV: 7700 ft LAT: LONG: TEMPERATURE (F), RAIN (in), WIND SPEED (mph) HEAT COOL AVG MEAN DEG DEG WIND DOM DAY TEMP HIGH TIME LOW TIME DAYS DAYS RAIN SPEED HIGH TIME DIR ------------------------------------------------------------------------------------ 1 2 44.0 48.6 3:34p 42.3 8:03p 7.2 0.0 0.00 11.9 43.0 11:54p NW 3 41.6 46.8 12:48p 33.1 6:50p 19.5 0.0 0.00 14.0 45.0 3:16a NW 4 5 6 7 8 9 10 11 12 13 14 47.7 52.2 11:59a 44.3 11:57p 10.0 0.0 0.00 20.2 50.0 9:16p NW 15 34.0 44.3 12:01a 7.8 12:41p 29.8 0.0 0.01 10.3 42.0 2:18a NW 16 20.2 29.1 1:09p 7.7 7:33a 42.2 0.0 0.00 3.6 30.0 12:58a SSE 17 15.6 24.1 12:28p 10.0 11:21p 46.3 0.0 0.00 1.7 12.0 2:56p ESE 18 29.5 38.9 2:29p 0.0 3:11a 33.4 0.0 0.00 5.9 25.0 11:46a NW 19 36.5 41.8 9:55a 9.0 6:21a 27.2 0.0 0.10 4.5 22.0 10:19a NW 20 33.8 37.5 11:44a 28.1 11:21p 29.9 0.0 0.28 3.0 14.0 1:21p SSE 21 25.0 28.7 10:22a 19.6 7:33a 38.0 0.0 0.07 2.2 11.0 4:08p E 22 25.1 39.2 1:09p 2.0 5:41p 37.5 0.0 0.08 1.2 16.0 4:16p NE 23 33.6 46.0 1:50p 19.2 1:33a 29.2 0.0 0.00 2.9 22.0 4:42a NNW 24 24.4 38.2 12:48p 14.1 7:33a 37.8 0.0 0.01 1.2 10.0 12:57a ESE 25 24.0 51.4 1:18p 8.4 7:31a 38.6 0.0 0.00 0.6 8.0 2:27p E 26 34.8 51.7 1:01p 11.0 8:42p 27.5 0.0 0.00 7.6 36.0 2:08p NW 27 31.3 36.9 1:42p 7.9 3:11a 31.9 0.0 0.00 14.2 41.0 9:33a NNW 28 31.5 41.5 2:32p 14.8 7:32a 29.3 0.0 0.00 8.9 29.0 1:22a NW 29 35.3 39.3 7:35a 32.8 6:41p 21.2 0.0 0.00 14.9 46.0 10:50a NW 30 17.3 33.2 12:01a -1.2 11:47p 44.4 0.0 0.00 3.6 18.0 10:00a ESE 31 1.5 5.4 11:03a-410.0 6:51a 57.5 0.0 0.00 9.5 40.0 7:21p NW ------------------------------------------------------------------------------------- 29.3 52.2 14 -410.0 31 638.4 0.0 0.55 7.1 50.0 14 NW Max >= 90.0: 0 Max <= 32.0: 4 Min <= 32.0: 16 Min <= 0.0: 3 Max Rain: 0.28 ON 12/20/10 Days of Rain: 4 (>.01 in) 1 (>.1 in) 0 (>1 in) Heat Base: 65.0 Cool Base: 65.0 Method: Integration

Station affiliations

Weather data published to:,
Weather Underground, Citizen Weather Observer Program, WeatherForYou, AnythingWeather.com

Member of: Weather-Matrix, Weather-Watch.com

Quote from the patron saint of the webmaster, St. Alphonsus Liguori :
"My Jesus, Thou alone art sufficient for me.  My love, do not permit me to separate myself from Thee.  When shall I be able to say, 'My God, I cannot lose thee any more?' "

 ©2007 EstesParkWeather.net and ExceptionalWeather.com. EstesParkWeather.net is part of the ExceptionalWeather Network
Radar/maps © Weather Underground. Used with permission.    Valid XHTML 1.0     Valid CSS
Never base important decisions on this or any weather information obtained from the Internet.