NOAA style reports

Note: Some NOAA reports are not available. For a complete summary of all available archival weather data please this page.

Year to date and all Time Records: Are available on the Live page. Look for the Records push button.

2018: Jan | Feb | Mar | Apr | May | Jun | Jul | Aug | Sep | Oct | Nov | Dec 
2017: Jan | Feb | Mar | Apr | May | Jun | Jul | Aug | Sep | Oct | Nov | Dec 
2016: Jan | Feb | Mar | Apr | May | Jun | Jul | Aug | Sep | Oct | Nov | Dec 
2015: Jan | Feb | Mar | Apr | May | Jun | Jul | Aug | Sep | Oct | Nov | Dec 
2014: Jan | Feb | Mar | Apr | May | Jun | Jul | Aug | Sep | Oct | Nov | Dec 
2013: Jan | Feb | Mar | Apr | May | Jun | Jul | Aug | Sep | Oct | Nov | Dec 
2012: Jan | Feb | Mar | Apr | May | Jun | Jul | Aug | Sep | Oct | Nov | Dec 
2011: Jan | Feb | Mar | Apr | May | Jun | Jul | Aug | Sep | Oct | Nov | Dec 
2010: Jan | Feb | Mar | Apr | May | Jun | Jul | Aug | Sep | Oct | Nov | Dec 
2009: Jan | Feb | Mar | Apr | May | Jun | Jul | Aug | Sep | Oct | Nov | Dec 
 2008: Jan | Feb | Mar | Apr | May | Jun | Jul | Aug | Sep | Oct | Nov | Dec 
2007: Jan | Feb | Mar | Apr | May | Jun | Jul | Aug | Sep | Oct | Nov | Dec 
 2006: Jan | Feb | Mar | Apr | May | Jun | Jul | Aug | Sep | Oct | Nov | Dec 

Report for 2010 11
MONTHLY CLIMATOLOGICAL SUMMARY for NOV. 2010 NAME: Truta's EstesParkWeather.net CITY: Estes Park STATE: Colorado ELEV: 7700 LAT: 040:23:00 LONG: 0105:29:00 TEMPERATURE ( F), RAIN (in.), WIND SPEED (mph) HEAT COOL AVG MEAN DEG DEG WIND DOM DAY TEMP HIGH TIME LOW TIME DAYS DAYS RAIN SPEED HIGH TIME DIR -------------------------------------------------------------------------------------------------------- 01 41.1 52.2 15:20 27.6 23:21 23.9 00.0 00.00 05.1 21.9 17:30 NW 02 44.7 69.0 13:29 28.4 04:58 20.2 00.0 00.00 02.3 27.6 13:33 ENE 03 40.5 56.2 13:58 27.3 08:10 24.4 00.0 00.00 01.8 13.8 14:11 E 04 36.4 55.6 13:52 22.1 07:24 28.6 00.0 00.00 01.4 11.5 15:00 ESE 05 48.4 62.7 15:13 27.6 00:21 16.6 00.0 00.00 05.8 29.9 15:23 NW 06 54.3 69.6 12:41 34.0 23:49 10.6 00.0 00.00 07.2 28.8 06:12 NW 07 44.5 58.7 10:47 31.3 03:58 20.4 00.0 00.00 08.9 42.5 11:51 NNW 08 49.8 65.2 14:15 31.6 00:00 15.1 00.0 00.00 06.9 33.4 02:38 NW 09 31.3 40.8 09:19 24.4 05:28 33.6 00.0 00.01 06.0 28.8 11:14 NW 10 28.5 36.8 13:34 20.3 06:51 36.5 00.0 00.00 06.5 26.4 11:24 NW 11 23.9 28.1 10:39 14.8 00:00 41.1 00.0 00.04 02.9 12.7 15:11 E 12 26.3 39.8 14:57 10.2 01:59 38.6 00.0 00.02 04.7 24.1 08:34 NNW 13 26.2 34.7 10:44 21.4 22:36 38.7 00.0 00.00 05.1 25.3 10:05 NW 14 28.0 34.4 12:05 16.5 02:19 36.9 00.0 00.00 09.1 39.1 08:42 NW 15 30.0 40.4 13:06 24.5 07:31 34.9 00.0 00.00 03.4 27.6 16:50 N 16 31.2 36.8 11:03 27.6 00:38 33.8 00.0 00.00 10.8 39.1 04:51 NW 17 30.5 36.6 14:35 19.4 05:44 34.4 00.0 00.04 08.4 32.2 13:17 NW 18 43.0 50.1 14:33 35.9 05:35 22.0 00.0 00.00 16.9 43.7 05:30 NW 19 44.6 53.1 14:18 32.8 20:50 20.3 00.0 00.00 09.1 33.4 23:35 NW 20 46.9 55.0 13:15 40.1 23:46 18.1 00.0 00.00 14.8 46.0 10:31 NW 21 34.2 44.8 09:05 23.5 23:20 30.7 00.0 00.03 08.4 31.1 00:12 NW 22 23.4 27.9 10:41 20.0 13:28 41.5 00.0 00.00 10.9 40.3 23:19 NW 23 30.3 41.3 13:58 20.5 20:24 34.6 00.0 00.00 10.5 38.0 12:43 NW 24 15.8 30.7 01:13 05.8 23:45 49.2 00.0 00.00 11.3 38.0 16:11 NW 25 15.6 23.6 00:00 05.0 01:28 49.3 00.0 00.00 22.0 50.6 13:16 NW 26 29.9 39.9 13:44 10.4 12:16 35.0 00.0 00.00 12.9 51.8 04:44 NW 27 37.7 47.0 10:50 24.1 22:37 27.3 00.0 00.00 08.7 35.6 12:55 NW 28 32.3 42.3 10:16 23.6 23:59 32.6 00.0 00.00 07.1 31.1 01:39 NW 29 20.0 24.4 00:12 14.9 23:11 44.9 00.0 00.00 07.7 36.8 19:55 NNW 30 24.6 32.6 13:29 14.3 01:35 40.3 00.0 00.00 04.6 06.9 23:54 WNW ------------------------------------------------------------------------------------------------------- 33.8 (33.5) 69.6 day 06 05.0 day 25 934.2 000.0 00.14 21.0 51.8 day 25 NW Max <= 32: 5 Min <= 86: 30 Min <= 23: 14 Min <= 5: 1 Max Rain: 0.04 ON 11-11-10 Days of Rain: 5 (> .008in) 0 (> .08in) 0 (> 0.8in)

Station affiliations

Weather data published to:,
Weather Underground, Citizen Weather Observer Program, WeatherForYou, AnythingWeather.com

Member of: Weather-Matrix, Weather-Watch.com

Quote from the patron saint of the webmaster, St. Alphonsus Liguori :
"My Jesus, Thou alone art sufficient for me.  My love, do not permit me to separate myself from Thee.  When shall I be able to say, 'My God, I cannot lose thee any more?' "

 ©2007 EstesParkWeather.net and ExceptionalWeather.com. EstesParkWeather.net is part of the ExceptionalWeather Network
Radar/maps © Weather Underground. Used with permission.    Valid XHTML 1.0     Valid CSS
Never base important decisions on this or any weather information obtained from the Internet.