NOAA style reports

Note: Some NOAA reports are not available. For a complete summary of all available archival weather data please this page.

Year to date and all Time Records: Are available on the Live page. Look for the Records push button.

2018: Jan | Feb | Mar | Apr | May | Jun | Jul | Aug | Sep | Oct | Nov | Dec 
2017: Jan | Feb | Mar | Apr | May | Jun | Jul | Aug | Sep | Oct | Nov | Dec 
2016: Jan | Feb | Mar | Apr | May | Jun | Jul | Aug | Sep | Oct | Nov | Dec 
2015: Jan | Feb | Mar | Apr | May | Jun | Jul | Aug | Sep | Oct | Nov | Dec 
2014: Jan | Feb | Mar | Apr | May | Jun | Jul | Aug | Sep | Oct | Nov | Dec 
2013: Jan | Feb | Mar | Apr | May | Jun | Jul | Aug | Sep | Oct | Nov | Dec 
2012: Jan | Feb | Mar | Apr | May | Jun | Jul | Aug | Sep | Oct | Nov | Dec 
2011: Jan | Feb | Mar | Apr | May | Jun | Jul | Aug | Sep | Oct | Nov | Dec 
2010: Jan | Feb | Mar | Apr | May | Jun | Jul | Aug | Sep | Oct | Nov | Dec 
2009: Jan | Feb | Mar | Apr | May | Jun | Jul | Aug | Sep | Oct | Nov | Dec 
 2008: Jan | Feb | Mar | Apr | May | Jun | Jul | Aug | Sep | Oct | Nov | Dec 
2007: Jan | Feb | Mar | Apr | May | Jun | Jul | Aug | Sep | Oct | Nov | Dec 
 2006: Jan | Feb | Mar | Apr | May | Jun | Jul | Aug | Sep | Oct | Nov | Dec 

Report for 2010 04
Daily noaa report MONTHLY CLIMATOLOGICAL SUMMARY for APR. 2010 NAME: Truta's EstesParkWeather.net CITY: Estes Park STATE: Colorado ELEV: 7700 LAT: 040:23:00 LONG: 0105:29:00 TEMPERATURE ( F), RAIN (in.), WIND SPEED (mph) HEAT COOL AVG MEAN DEG DEG WIND DOM DAY TEMP HIGH TIME LOW TIME DAYS DAYS RAIN SPEED HIGH TIME DIR ---------------------------------------------------------------------------------------------------------------------------------------------------------- 01 32.4 38.8 08:36 24.3 00:00 32.5 00.0 00.02 07.4 34.5 23:36 NW 02 26.3 34.5 14:13 20.5 06:53 38.6 00.0 00.00 16.2 48.3 05:50 NW 03 30.9 39.1 12:35 27.0 02:48 34.0 00.0 00.03 14.2 50.6 02:03 NW 04 35.2 45.7 16:55 26.4 08:10 29.8 00.0 00.04 06.6 35.7 14:50 NW 05 38.0 48.2 14:12 29.4 05:14 26.9 00.0 00.05 05.0 24.2 18:49 NNW 06 30.0 34.9 00:21 25.6 21:10 34.9 00.0 00.01 12.9 42.6 15:58 NW 07 29.8 38.2 17:51 22.7 06:39 35.2 00.0 00.05 04.0 27.6 22:21 N 08 40.9 53.1 14:07 24.7 06:54 24.0 00.0 00.00 09.9 34.5 22:56 NW 09 46.9 56.4 13:26 37.8 07:31 18.0 00.0 00.00 06.4 33.4 01:04 WNW 10 38.7 49.8 16:43 27.5 07:07 26.2 00.0 00.00 02.6 19.6 14:11 E 11 43.6 63.9 15:38 24.5 05:37 21.3 00.0 00.00 03.7 26.5 13:52 WNW 12 47.7 63.2 16:45 31.0 03:09 17.2 00.0 00.00 03.0 32.2 23:53 WSW 13 40.2 49.2 00:05 33.8 19:14 24.8 00.0 00.00 11.6 46.0 22:25 NW 14 44.3 57.5 16:18 33.5 23:50 20.6 00.0 00.00 05.8 31.1 00:04 WNW 15 42.9 57.3 16:22 24.5 06:24 22.1 00.0 00.00 03.2 19.6 16:25 ESE 16 39.9 44.1 11:39 35.3 07:45 25.0 00.0 00.00 02.1 13.8 02:52 ESE 17 39.5 49.6 11:20 31.5 00:00 25.5 00.0 00.11 01.9 13.8 18:11 E 18 43.0 63.5 13:53 25.8 06:06 22.0 00.0 00.01 00.1 03.5 08:23 NE 19 44.5 62.3 12:01 25.6 06:23 20.5 00.0 00.00 00.0 00.0 00:00 N 20 42.4 61.8 11:14 26.4 06:50 22.5 00.0 00.01 00.0 00.0 00:00 N 21 44.0 57.9 10:40 32.5 06:35 20.9 00.0 00.40 00.0 00.0 00:00 N 22 39.3 54.9 12:36 32.5 00:00 25.6 00.0 00.40 00.0 00.0 00:00 N 23 32.9 37.0 11:31 30.3 23:55 32.0 00.0 00.31 00.0 00.0 00:00 N 24 37.6 47.4 17:00 29.8 03:25 27.3 00.0 00.43 04.7 24.2 15:34 N 25 40.5 49.8 14:36 26.7 00:00 24.5 00.0 00.00 11.1 33.4 12:29 NNW 26 32.7 43.8 16:36 18.8 06:30 32.3 00.0 00.11 09.0 20.7 15:19 N 27 45.7 63.5 15:32 24.5 06:34 19.2 00.0 00.00 07.6 28.8 13:53 NNW 28 51.9 59.9 12:32 34.7 00:00 13.0 00.0 00.21 10.0 39.1 14:59 NW 29 32.1 36.5 16:19 27.0 23:34 32.8 00.0 00.28 09.4 38.0 17:11 NNW 30 31.7 38.0 14:28 26.7 03:09 33.2 00.0 00.00 11.2 39.1 13:26 NNW ---------------------------------------------------------------------------------------------------------------------------------------------------------- 38.9 (39.0) 63.9 day 11 18.8 day 26 782.7 000.0 02.47 06.0 50.6 day 03 NNW Min <= 86: 30 Min <= 23: 3 Max Rain: 0.43 ON 24-04-10 Days of Rain: 16 (> .008in) 8 (> .08in) 0 (> 0.8in)

Station affiliations

Weather data published to:,
Weather Underground, Citizen Weather Observer Program, WeatherForYou, AnythingWeather.com

Member of: Weather-Matrix, Weather-Watch.com

Quote from the patron saint of the webmaster, St. Alphonsus Liguori :
"My Jesus, Thou alone art sufficient for me.  My love, do not permit me to separate myself from Thee.  When shall I be able to say, 'My God, I cannot lose thee any more?' "

 ©2007 EstesParkWeather.net and ExceptionalWeather.com. EstesParkWeather.net is part of the ExceptionalWeather Network
Radar/maps © Weather Underground. Used with permission.    Valid XHTML 1.0     Valid CSS
Never base important decisions on this or any weather information obtained from the Internet.