NOAA style reports

Note: Some NOAA reports are not available. For a complete summary of all available archival weather data please this page.

Year to date and all Time Records: Are available on the Live page. Look for the Records push button.

2018: Jan | Feb | Mar | Apr | May | Jun | Jul | Aug | Sep | Oct | Nov | Dec 
2017: Jan | Feb | Mar | Apr | May | Jun | Jul | Aug | Sep | Oct | Nov | Dec 
2016: Jan | Feb | Mar | Apr | May | Jun | Jul | Aug | Sep | Oct | Nov | Dec 
2015: Jan | Feb | Mar | Apr | May | Jun | Jul | Aug | Sep | Oct | Nov | Dec 
2014: Jan | Feb | Mar | Apr | May | Jun | Jul | Aug | Sep | Oct | Nov | Dec 
2013: Jan | Feb | Mar | Apr | May | Jun | Jul | Aug | Sep | Oct | Nov | Dec 
2012: Jan | Feb | Mar | Apr | May | Jun | Jul | Aug | Sep | Oct | Nov | Dec 
2011: Jan | Feb | Mar | Apr | May | Jun | Jul | Aug | Sep | Oct | Nov | Dec 
2010: Jan | Feb | Mar | Apr | May | Jun | Jul | Aug | Sep | Oct | Nov | Dec 
2009: Jan | Feb | Mar | Apr | May | Jun | Jul | Aug | Sep | Oct | Nov | Dec 
 2008: Jan | Feb | Mar | Apr | May | Jun | Jul | Aug | Sep | Oct | Nov | Dec 
2007: Jan | Feb | Mar | Apr | May | Jun | Jul | Aug | Sep | Oct | Nov | Dec 
 2006: Jan | Feb | Mar | Apr | May | Jun | Jul | Aug | Sep | Oct | Nov | Dec 

Report for 2010 03
MONTHLY CLIMATOLOGICAL SUMMARY for FEB. 2010 NAME: EstesPark CITY: STATE: ELEV: 7700 ft LAT: LONG: TEMPERATURE (F), RAIN (in), WIND SPEED (mph) HEAT COOL AVG MEAN DEG DEG WIND DOM DAY TEMP HIGH TIME LOW TIME DAYS DAYS RAIN SPEED HIGH TIME DIR ------------------------------------------------------------------------------------ 1 27.0 33.4 2:55p 20.9 8:08a 36.4 0.0 0.00 13.2 46.0 9:36a NW 2 29.6 43.3 3:05p 11.1 8:17a 32.9 0.0 0.00 6.0 30.0 3:46a NW 3 30.5 43.1 11:52a 18.6 8:12a 33.1 0.0 0.00 2.3 16.0 2:09p NW 4 28.9 35.5 11:20a 7.4 11:58a 34.0 0.0 0.02 9.6 41.0 8:48p NW 5 31.4 41.6 3:10p 22.4 11:56p 31.6 0.0 0.00 7.6 42.0 12:44a NW 6 31.7 41.5 3:33p 10.8 12:24p 30.9 0.0 0.00 6.4 25.0 11:50a NW 7 22.2 24.8 8:37a 19.9 2:23a 40.2 0.0 0.00 1.8 12.0 12:28p ESE 8 15.4 20.2 12:01a 8.8 11:53p 47.2 0.0 0.00 3.0 12.0 2:08p ESE 9 14.7 34.6 2:55p-880.4 8:09a 47.8 0.0 0.01 6.0 30.0 10:18p NW 10 27.3 34.7 2:33p 3.6 11:58a 35.0 0.0 0.00 10.4 36.0 9:52a NW 11 25.9 27.0 12:35a 24.5 6:57a 15.2 0.0 0.00 11.1 32.0 12:34a NW 12 13 14 15 16 17 18 19 20 21 22 23 24 25 26 27 28 ------------------------------------------------------------------------------------- 25.9 43.3 2 -880.4 9 384.3 0.0 0.03 7.0 46.0 1 NW Max >= 90.0: 0 Max <= 32.0: 3 Min <= 32.0: 11 Min <= 0.0: 1 Max Rain: 0.02 ON 02/04/10 Days of Rain: 1 (>.01 in) 0 (>.1 in) 0 (>1 in) Heat Base: 65.0 Cool Base: 65.0 Method: Integration

Station affiliations

Weather data published to:,
Weather Underground, Citizen Weather Observer Program, WeatherForYou, AnythingWeather.com

Member of: Weather-Matrix, Weather-Watch.com

Quote from the patron saint of the webmaster, St. Alphonsus Liguori :
"My Jesus, Thou alone art sufficient for me.  My love, do not permit me to separate myself from Thee.  When shall I be able to say, 'My God, I cannot lose thee any more?' "

 ©2007 EstesParkWeather.net and ExceptionalWeather.com. EstesParkWeather.net is part of the ExceptionalWeather Network
Radar/maps © Weather Underground. Used with permission.    Valid XHTML 1.0     Valid CSS
Never base important decisions on this or any weather information obtained from the Internet.