NOAA style reports

Note: Some NOAA reports are not available. For a complete summary of all available archival weather data please this page.

Year to date and all Time Records: Are available on the Live page. Look for the Records push button.

2018: Jan | Feb | Mar | Apr | May | Jun | Jul | Aug | Sep | Oct | Nov | Dec 
2017: Jan | Feb | Mar | Apr | May | Jun | Jul | Aug | Sep | Oct | Nov | Dec 
2016: Jan | Feb | Mar | Apr | May | Jun | Jul | Aug | Sep | Oct | Nov | Dec 
2015: Jan | Feb | Mar | Apr | May | Jun | Jul | Aug | Sep | Oct | Nov | Dec 
2014: Jan | Feb | Mar | Apr | May | Jun | Jul | Aug | Sep | Oct | Nov | Dec 
2013: Jan | Feb | Mar | Apr | May | Jun | Jul | Aug | Sep | Oct | Nov | Dec 
2012: Jan | Feb | Mar | Apr | May | Jun | Jul | Aug | Sep | Oct | Nov | Dec 
2011: Jan | Feb | Mar | Apr | May | Jun | Jul | Aug | Sep | Oct | Nov | Dec 
2010: Jan | Feb | Mar | Apr | May | Jun | Jul | Aug | Sep | Oct | Nov | Dec 
2009: Jan | Feb | Mar | Apr | May | Jun | Jul | Aug | Sep | Oct | Nov | Dec 
 2008: Jan | Feb | Mar | Apr | May | Jun | Jul | Aug | Sep | Oct | Nov | Dec 
2007: Jan | Feb | Mar | Apr | May | Jun | Jul | Aug | Sep | Oct | Nov | Dec 
 2006: Jan | Feb | Mar | Apr | May | Jun | Jul | Aug | Sep | Oct | Nov | Dec 

Report for 2010 01
MONTHLY CLIMATOLOGICAL SUMMARY for JAN. 2010 NAME: EstesPark CITY: STATE: ELEV: 7700 ft LAT: LONG: TEMPERATURE (F), RAIN (in), WIND SPEED (mph) HEAT COOL AVG MEAN DEG DEG WIND DOM DAY TEMP HIGH TIME LOW TIME DAYS DAYS RAIN SPEED HIGH TIME DIR ------------------------------------------------------------------------------------ 1 31.7 40.1 1:50p 10.0 6:17p 31.0 0.0 0.00 14.6 51.0 3:43a NW 2 32.3 39.1 11:45a 7.8 11:58a 30.0 0.0 0.00 8.7 35.0 1:41p NW 3 23.4 33.4 11:27a 9.5 11:51p 38.8 0.0 0.00 2.7 21.0 7:41a NW 4 24.8 36.5 12:38p 7.6 1:45a 37.6 0.0 0.00 4.5 20.0 6:37a NW 5 34.2 39.8 3:38p 28.4 4:05a 29.0 0.0 0.00 13.5 51.0 9:14a NW 6 19.3 36.3 6:56a 0.0 12:00m 42.8 0.0 0.00 6.8 30.0 5:04a ESE 7 1.1 15.9 1:31p-418.5 3:50a 60.7 0.0 0.00 2.4 13.0 12:59p ENE 8 22.1 38.2 2:09p -7.0 1:08a 40.2 0.0 0.00 6.6 29.0 10:55a NW 9 37.5 50.4 11:42a 27.8 10:01p 26.4 0.0 0.00 8.8 36.0 2:05a NW 10 30.5 49.4 2:13p 17.5 12:00m 30.9 0.0 0.00 1.6 14.0 12:14a N 11 24.0 51.6 2:42p 6.3 7:45a 38.0 0.0 0.00 0.8 8.0 12:58p N 12 38.6 53.6 1:40p 11.6 1:25a 24.3 0.0 0.00 7.2 35.0 9:38p NW 13 37.7 46.0 2:33p 21.1 11:57p 25.4 0.0 0.00 7.0 29.0 1:34a NW 14 24.2 42.1 2:56p 6.6 11:58a 37.4 0.0 0.00 0.5 7.0 3:57p NNE 15 32.2 46.5 1:09p 17.7 7:24a 30.4 0.0 0.00 6.3 25.0 1:53a NW 16 42.1 53.8 2:05p 31.5 5:53a 21.5 0.0 0.00 5.9 27.0 12:04a NW 17 37.0 44.5 12:55p 22.4 11:50p 26.0 0.0 0.00 3.9 21.0 11:44a NW 18 34.6 44.5 3:17p -10.0 8:13p 28.8 0.0 0.00 7.3 36.0 4:49p NW 19 31.2 41.6 12:59p 23.8 1:56a 32.1 0.0 0.00 7.0 31.0 6:28a NW 20 25.7 33.2 3:20p 15.2 8:09a 37.3 0.0 0.00 3.3 30.0 10:59p NW 21 29.5 41.8 2:28p 19.6 8:12a 33.3 0.0 0.00 2.9 27.0 1:18a NE 22 31.5 45.2 12:43p 21.6 5:53a 31.7 0.0 0.00 7.7 31.0 3:37p NW 23 27.2 33.1 12:17p 22.4 11:29p 36.3 0.0 0.00 17.1 43.0 11:13p NW 24 23.8 30.1 2:37p 19.3 8:09a 39.2 0.0 0.00 14.6 45.0 12:43a NW 25 25.5 33.8 12:36p -1.9 5:30p 36.5 0.0 0.00 13.2 33.0 5:26p N 26 27.8 41.9 1:04p 10.0 7:54a 35.0 0.0 0.00 6.7 33.0 1:14p NW 27 30.9 39.8 1:55p 21.0 11:54p 32.5 0.0 0.00 6.4 31.0 5:57a NW 28 21.6 31.9 1:10p 14.6 8:18a 41.9 0.0 0.06 1.7 12.0 1:19p ESE 29 21.1 39.3 2:06p 2.8 8:09a 41.6 0.0 0.00 0.9 11.0 2:37p ESE 30 23.5 44.1 12:35p 8.6 7:42a 39.4 0.0 0.00 1.1 11.0 1:31p ESE 31 25.6 37.3 1:07p 12.6 8:12a 37.7 0.0 0.00 7.3 38.0 12:44p NW ------------------------------------------------------------------------------------- 28.1 53.8 16 -418.5 7 1073.7 0.0 0.06 6.4 51.0 1 NW Max >= 90.0: 0 Max <= 32.0: 3 Min <= 32.0: 31 Min <= 0.0: 5 Max Rain: 0.06 ON 01/28/10 Days of Rain: 1 (>.01 in) 0 (>.1 in) 0 (>1 in) Heat Base: 65.0 Cool Base: 65.0 Method: Integration

Station affiliations

Weather data published to:,
Weather Underground, Citizen Weather Observer Program, WeatherForYou, AnythingWeather.com

Member of: Weather-Matrix, Weather-Watch.com

Quote from the patron saint of the webmaster, St. Alphonsus Liguori :
"My Jesus, Thou alone art sufficient for me.  My love, do not permit me to separate myself from Thee.  When shall I be able to say, 'My God, I cannot lose thee any more?' "

 ©2007 EstesParkWeather.net and ExceptionalWeather.com. EstesParkWeather.net is part of the ExceptionalWeather Network
Radar/maps © Weather Underground. Used with permission.    Valid XHTML 1.0     Valid CSS
Never base important decisions on this or any weather information obtained from the Internet.