NOAA style reports

Note: Some NOAA reports are not available. For a complete summary of all available archival weather data please this page.

Year to date and all Time Records: Are available on the Live page. Look for the Records push button.

2018: Jan | Feb | Mar | Apr | May | Jun | Jul | Aug | Sep | Oct | Nov | Dec 
2017: Jan | Feb | Mar | Apr | May | Jun | Jul | Aug | Sep | Oct | Nov | Dec 
2016: Jan | Feb | Mar | Apr | May | Jun | Jul | Aug | Sep | Oct | Nov | Dec 
2015: Jan | Feb | Mar | Apr | May | Jun | Jul | Aug | Sep | Oct | Nov | Dec 
2014: Jan | Feb | Mar | Apr | May | Jun | Jul | Aug | Sep | Oct | Nov | Dec 
2013: Jan | Feb | Mar | Apr | May | Jun | Jul | Aug | Sep | Oct | Nov | Dec 
2012: Jan | Feb | Mar | Apr | May | Jun | Jul | Aug | Sep | Oct | Nov | Dec 
2011: Jan | Feb | Mar | Apr | May | Jun | Jul | Aug | Sep | Oct | Nov | Dec 
2010: Jan | Feb | Mar | Apr | May | Jun | Jul | Aug | Sep | Oct | Nov | Dec 
2009: Jan | Feb | Mar | Apr | May | Jun | Jul | Aug | Sep | Oct | Nov | Dec 
 2008: Jan | Feb | Mar | Apr | May | Jun | Jul | Aug | Sep | Oct | Nov | Dec 
2007: Jan | Feb | Mar | Apr | May | Jun | Jul | Aug | Sep | Oct | Nov | Dec 
 2006: Jan | Feb | Mar | Apr | May | Jun | Jul | Aug | Sep | Oct | Nov | Dec 

Report for 2009 12
MONTHLY CLIMATOLOGICAL SUMMARY for DEC. 2009 NAME: EstesPark CITY: STATE: ELEV: 7700 ft LAT: LONG: TEMPERATURE (F), RAIN (in), WIND SPEED (mph) HEAT COOL AVG MEAN DEG DEG WIND DOM DAY TEMP HIGH TIME LOW TIME DAYS DAYS RAIN SPEED HIGH TIME DIR ------------------------------------------------------------------------------------ 1 2 3 4 5 22.4 33.4 10:34a 12.6 11:54p 25.9 0.0 0.00 7.7 38.0 4:08a ESE 6 5.8 12.6 12:01a 0.1 11:55p 51.8 0.0 0.00 2.5 12.0 1:31p ENE 7 2.8 9.2 12:49p -0.6 4:17a 54.0 0.0 0.00 1.7 10.0 3:58p ENE 8 -7.7 4.8 11:56a-978.4 10:16a 66.6 0.0 0.00 2.9 14.0 1:25a ESE 9 5.5 10.7 1:52p -11.2 12:01a 52.7 0.0 0.00 14.9 50.0 10:51p NW 10 14.5 21.4 3:03p 6.1 2:44a 43.4 0.0 0.00 20.7 51.0 12:44a NW 11 26.9 32.9 3:21p 19.7 12:01a 33.5 0.0 0.00 17.8 48.0 4:25a NW 12 31.0 36.8 1:38p 6.6 11:58a 29.1 0.0 0.00 17.5 47.0 7:19p NW 13 30.6 34.6 7:15a 26.9 10:12a 30.6 0.0 0.05 6.6 37.0 10:24p NW 14 27.9 33.1 1:40p 3.4 11:58a 32.0 0.0 0.00 8.8 40.0 2:25a NW 15 32.4 40.5 2:46p 23.8 12:51a 28.3 0.0 0.00 12.0 35.0 1:51p NW 16 37.5 44.9 2:13p 26.0 3:23a 23.3 0.0 0.00 9.1 39.0 5:00p NW 17 35.5 40.1 12:08p 29.7 11:43p 25.8 0.0 0.00 7.4 32.0 1:16p NW 18 26.2 37.2 2:24p 9.7 11:43p 33.3 0.0 0.00 3.2 19.0 12:37p NW 19 23.6 47.3 1:24p 2.8 5:58a 35.1 0.0 0.00 5.5 35.0 6:32p NW 20 38.6 44.5 12:56p 33.7 5:20a 22.9 0.0 0.00 11.4 35.0 12:20p NW 21 38.0 41.9 11:38a 32.9 2:33a 12.0 0.0 0.00 11.9 43.0 11:02a NW 22 23 24 25 26 27 28 29 30 17.8 23.6 5:12p 13.1 9:38p 11.0 0.0 0.00 2.0 18.0 7:01p NW 31 22.3 27.0 3:21p 8.8 3:44a 27.2 0.0 0.00 8.4 38.0 11:49p NW ------------------------------------------------------------------------------------- 22.7 47.3 19 -978.4 8 638.5 0.0 0.05 9.1 51.0 10 NW Max >= 90.0: 0 Max <= 32.0: 7 Min <= 32.0: 17 Min <= 0.0: 3 Max Rain: 0.05 ON 12/13/09 Days of Rain: 1 (>.01 in) 0 (>.1 in) 0 (>1 in) Heat Base: 65.0 Cool Base: 65.0 Method: Integration

Station affiliations

Weather data published to:,
Weather Underground, Citizen Weather Observer Program, WeatherForYou, AnythingWeather.com

Member of: Weather-Matrix, Weather-Watch.com

Quote from the patron saint of the webmaster, St. Alphonsus Liguori :
"My Jesus, Thou alone art sufficient for me.  My love, do not permit me to separate myself from Thee.  When shall I be able to say, 'My God, I cannot lose thee any more?' "

 ©2007 EstesParkWeather.net and ExceptionalWeather.com. EstesParkWeather.net is part of the ExceptionalWeather Network
Radar/maps © Weather Underground. Used with permission.    Valid XHTML 1.0     Valid CSS
Never base important decisions on this or any weather information obtained from the Internet.