NOAA style reports

Note: Some NOAA reports are not available. For a complete summary of all available archival weather data please this page.

Year to date and all Time Records: Are available on the Live page. Look for the Records push button.

2018: Jan | Feb | Mar | Apr | May | Jun | Jul | Aug | Sep | Oct | Nov | Dec 
2017: Jan | Feb | Mar | Apr | May | Jun | Jul | Aug | Sep | Oct | Nov | Dec 
2016: Jan | Feb | Mar | Apr | May | Jun | Jul | Aug | Sep | Oct | Nov | Dec 
2015: Jan | Feb | Mar | Apr | May | Jun | Jul | Aug | Sep | Oct | Nov | Dec 
2014: Jan | Feb | Mar | Apr | May | Jun | Jul | Aug | Sep | Oct | Nov | Dec 
2013: Jan | Feb | Mar | Apr | May | Jun | Jul | Aug | Sep | Oct | Nov | Dec 
2012: Jan | Feb | Mar | Apr | May | Jun | Jul | Aug | Sep | Oct | Nov | Dec 
2011: Jan | Feb | Mar | Apr | May | Jun | Jul | Aug | Sep | Oct | Nov | Dec 
2010: Jan | Feb | Mar | Apr | May | Jun | Jul | Aug | Sep | Oct | Nov | Dec 
2009: Jan | Feb | Mar | Apr | May | Jun | Jul | Aug | Sep | Oct | Nov | Dec 
 2008: Jan | Feb | Mar | Apr | May | Jun | Jul | Aug | Sep | Oct | Nov | Dec 
2007: Jan | Feb | Mar | Apr | May | Jun | Jul | Aug | Sep | Oct | Nov | Dec 
 2006: Jan | Feb | Mar | Apr | May | Jun | Jul | Aug | Sep | Oct | Nov | Dec 

Report for 2008 12
MONTHLY CLIMATOLOGICAL SUMMARY for DEC. 2008 NAME: EstesPark CITY: STATE: ELEV: 7700 ft LAT: LONG: TEMPERATURE (F), RAIN (in), WIND SPEED (mph) HEAT COOL AVG MEAN DEG DEG WIND DOM DAY TEMP HIGH TIME LOW TIME DAYS DAYS RAIN SPEED HIGH TIME DIR ------------------------------------------------------------------------------------ 1 40.6 49.5 1:39p 30.7 12:02a 23.7 0.0 0.00 14.5 51.0 7:22p WNW 2 43.0 45.2 9:00a 41.5 6:41a 8.2 0.0 0.00 21.7 47.0 2:08a W 3 14.9 20.8 2:18p 13.5 9:15p 19.6 0.0 0.00 3.9 13.0 2:18p ENE 4 7.4 18.9 12:00m -28.4 8:42p 55.7 0.0 0.00 2.3 24.0 11:49p ENE 5 30.7 37.3 10:00p 8.0 1:33p 33.3 0.0 0.00 23.4 58.0 5:01p W 6 42.2 48.0 1:04p 19.8 11:22a 22.3 0.0 0.00 16.4 43.0 12:25a W 7 45.3 53.9 2:05p 38.9 9:08p 19.1 0.0 0.00 10.5 35.0 10:59p W 8 32.1 41.1 12:01a 10.0 11:22a 31.8 0.0 0.00 8.2 32.0 12:02a W 9 20.4 32.5 11:48p 14.8 4:04a 42.8 0.0 0.02 2.7 26.0 11:53p NNE 10 37.3 46.7 11:16a 20.4 11:24a 27.0 0.0 0.00 14.4 39.0 3:47a W 11 35.3 43.3 2:06p 21.4 11:55p 28.6 0.0 0.00 10.2 35.0 2:36a W 12 30.4 43.6 10:39a 17.4 11:22a 33.6 0.0 0.00 10.6 42.0 1:09p W 13 35.3 41.6 11:40a 26.4 11:56p 28.9 0.0 0.00 9.5 52.0 7:24a W 14 10.8 26.4 12:01a 2.6 7:26a 51.9 0.0 0.01 5.1 29.0 8:41p WNW 15 13.9 22.1 3:00p 5.4 5:24a 49.3 0.0 0.00 7.1 42.0 11:48a W 16 19.2 27.2 2:34p 13.6 12:20a 44.0 0.0 0.00 2.3 21.0 2:42p WNW 17 24.1 32.5 11:33p 14.4 12:01a 39.2 0.0 0.00 8.9 38.0 9:56p W 18 24.3 37.9 1:25p 11.6 7:40a 39.7 0.0 0.01 10.2 52.0 7:23p W 19 26.0 31.0 11:18a 16.5 11:33p 37.5 0.0 0.00 8.9 39.0 12:10a W 20 12.1 17.0 12:01a 8.4 6:57a 50.4 0.0 0.00 12.3 47.0 4:00p WNW 21 16.2 25.8 11:17a 12.6 12:01a 30.0 0.0 0.00 12.5 49.0 3:01a W 22 23 18.2 25.8 11:02a 12.3 7:56p 24.5 0.0 0.00 9.9 42.0 10:44p W 24 21.2 29.1 11:54p 0.0 1:33p 42.1 0.0 0.00 22.1 57.0 1:29p W 25 33.1 38.8 11:59a 29.0 12:01a 30.6 0.0 0.00 13.7 48.0 2:38p WNW 26 23.0 31.5 12:12a 11.4 11:39p 40.7 0.0 0.00 9.7 41.0 7:20p W 27 14.2 25.6 11:52p 7.2 7:51a 48.7 0.0 0.00 21.2 53.0 11:45p W 28 32.7 38.8 11:29p 23.3 1:19a 30.6 0.0 0.00 20.0 60.0 10:58p W 29 41.2 47.3 11:55a 35.8 4:48a 22.9 0.0 0.00 16.4 43.0 9:48a W 30 36.4 46.2 12:38p 16.2 11:58p 27.8 0.0 0.00 15.6 55.0 10:10a W 31 33.0 48.6 2:10p 9.9 5:12a 31.8 0.0 0.00 14.6 51.0 9:56p W ------------------------------------------------------------------------------------- 27.1 53.9 7 -28.4 4 1016.3 0.0 0.04 12.0 60.0 28 W Max >= 90.0: 0 Max <= 32.0: 12 Min <= 32.0: 27 Min <= 0.0: 2 Max Rain: 0.02 ON 12/09/08 Days of Rain: 1 (>.01 in) 0 (>.1 in) 0 (>1 in) Heat Base: 65.0 Cool Base: 65.0 Method: Integration

Station affiliations

Weather data published to:,
Weather Underground, Citizen Weather Observer Program, WeatherForYou, AnythingWeather.com

Member of: Weather-Matrix, Weather-Watch.com

Quote from the patron saint of the webmaster, St. Alphonsus Liguori :
"My Jesus, Thou alone art sufficient for me.  My love, do not permit me to separate myself from Thee.  When shall I be able to say, 'My God, I cannot lose thee any more?' "

 ©2007 EstesParkWeather.net and ExceptionalWeather.com. EstesParkWeather.net is part of the ExceptionalWeather Network
Radar/maps © Weather Underground. Used with permission.    Valid XHTML 1.0     Valid CSS
Never base important decisions on this or any weather information obtained from the Internet.