NOAA style reports

Note: Some NOAA reports are not available. For a complete summary of all available archival weather data please this page.

Year to date and all Time Records: Are available on the Live page. Look for the Records push button.

2018: Jan | Feb | Mar | Apr | May | Jun | Jul | Aug | Sep | Oct | Nov | Dec 
2017: Jan | Feb | Mar | Apr | May | Jun | Jul | Aug | Sep | Oct | Nov | Dec 
2016: Jan | Feb | Mar | Apr | May | Jun | Jul | Aug | Sep | Oct | Nov | Dec 
2015: Jan | Feb | Mar | Apr | May | Jun | Jul | Aug | Sep | Oct | Nov | Dec 
2014: Jan | Feb | Mar | Apr | May | Jun | Jul | Aug | Sep | Oct | Nov | Dec 
2013: Jan | Feb | Mar | Apr | May | Jun | Jul | Aug | Sep | Oct | Nov | Dec 
2012: Jan | Feb | Mar | Apr | May | Jun | Jul | Aug | Sep | Oct | Nov | Dec 
2011: Jan | Feb | Mar | Apr | May | Jun | Jul | Aug | Sep | Oct | Nov | Dec 
2010: Jan | Feb | Mar | Apr | May | Jun | Jul | Aug | Sep | Oct | Nov | Dec 
2009: Jan | Feb | Mar | Apr | May | Jun | Jul | Aug | Sep | Oct | Nov | Dec 
 2008: Jan | Feb | Mar | Apr | May | Jun | Jul | Aug | Sep | Oct | Nov | Dec 
2007: Jan | Feb | Mar | Apr | May | Jun | Jul | Aug | Sep | Oct | Nov | Dec 
 2006: Jan | Feb | Mar | Apr | May | Jun | Jul | Aug | Sep | Oct | Nov | Dec 

Report for 2008 08
MONTHLY CLIMATOLOGICAL SUMMARY for AUG. 2008 NAME: Estes Park - Truta CITY: Estes Park STATE: Colorado ELEV: 7700 ft LAT: 40 12' 00" N LONG: 105 12' 00" W TEMPERATURE (F), RAIN (in), WIND SPEED (mph) HEAT COOL AVG MEAN DEG DEG WIND DOM DAY TEMP HIGH TIME LOW TIME DAYS DAYS RAIN SPEED HIGH TIME DIR ------------------------------------------------------------------------------------ 1 71.9 91.0 2:55p 48.5 5:25a 3.6 10.3 0.00 4.7 30.0 12:18p WSW 2 70.7 91.2 12:12p 50.4 4:55a 2.7 8.3 0.00 5.1 33.0 3:16p W 3 67.4 84.7 11:10a 51.1 11:57p 1.8 4.1 0.12 2.9 20.0 12:41p WSW 4 64.2 81.2 11:27a 46.8 4:40a 5.4 4.6 0.02 2.5 47.0 1:01p SSE 5 62.3 76.5 11:53a 46.7 5:01a 5.5 2.8 0.01 2.6 25.0 11:11a N 6 61.4 80.7 11:05a 49.9 3:50a 6.1 2.6 0.13 4.3 26.0 10:31a E 7 60.5 71.1 10:46a 52.5 4:40a 5.1 0.8 0.01 2.4 17.0 12:49p ESE 8 63.5 78.8 12:19p 52.5 5:20a 4.3 2.9 0.12 3.4 28.0 1:34p W 9 64.5 80.5 10:46a 53.5 3:58a 3.3 2.8 0.01 3.4 22.0 11:42a WNW 10 59.2 70.9 10:54a 50.8 5:12a 6.4 0.8 0.14 1.9 22.0 12:08p WNW 11 65.1 80.7 2:30p 46.5 4:38a 4.2 4.3 0.00 3.9 26.0 2:55p WNW 12 13 69.7 80.9 1:56p 53.1 11:32p 1.6 4.4 0.00 6.3 30.0 5:55p WNW 14 56.6 72.3 4:31p 43.3 5:37a 9.1 0.8 0.00 4.0 34.0 3:49p ENE 15 44.7 50.4 1:12a 19.0 5:36a 19.4 0.0 0.49 2.8 21.0 1:23a NE 16 45.4 48.9 6:51p 43.2 12:01a 8.2 0.0 0.06 0.8 11.0 8:43p NNE 17 50.6 62.1 11:39a 41.2 5:32a 13.9 0.0 0.22 1.6 17.0 12:02p NW 18 54.9 70.3 1:31p 38.0 5:07a 10.5 0.7 0.01 2.6 20.0 12:02p ENE 19 57.6 75.6 1:04p 39.8 5:20a 9.2 2.4 0.00 2.2 20.0 2:28p N 20 58.9 78.8 11:03a 41.2 5:27a 8.6 2.7 0.14 2.0 27.0 11:42a WNW 21 67.2 82.0 3:50p 44.1 3:02a 4.4 6.4 0.00 5.8 28.0 1:17p W 22 68.1 81.6 11:46a 53.2 11:46p 1.6 4.6 0.00 7.1 41.0 4:53a WNW 23 59.8 75.3 11:13a 44.6 5:01a 6.2 1.3 0.03 2.9 28.0 2:30p N 24 58.8 79.8 10:28a 44.2 5:17a 7.9 2.0 0.01 2.4 31.0 2:30p W 25 61.3 79.4 9:59a 45.2 4:36a 5.7 2.1 0.02 2.3 20.0 10:34a WNW 26 68.4 83.0 2:59p 53.5 11:52p 1.4 4.4 0.00 6.7 26.0 2:57a W 27 64.7 79.2 12:23p 45.7 5:52a 5.0 4.7 0.00 4.8 35.0 12:41p N 28 60.4 70.8 1:05p 44.1 12:00m 5.1 0.7 0.00 5.1 20.0 4:07a ESE 29 58.6 76.8 2:30p 38.2 5:37a 9.5 3.5 0.00 2.9 25.0 12:07p ENE 30 61.0 80.7 12:04p 39.6 5:13a 8.3 4.5 0.00 2.4 25.0 10:47a ESE 31 61.8 78.3 11:02a 46.2 3:12a 6.2 3.1 0.01 3.2 24.0 4:35p WNW ------------------------------------------------------------------------------------- 61.3 91.2 2 19.0 15 190.2 92.6 1.55 3.5 47.0 4 W Max >= 90.0: 2 Max <= 32.0: 0 Min <= 32.0: 1 Min <= 0.0: 0 Max Rain: 0.49 ON 08/15/08 Days of Rain: 11 (>.01 in) 7 (>.1 in) 0 (>1 in) Heat Base: 65.0 Cool Base: 65.0 Method: Integration

Station affiliations

Weather data published to:,
Weather Underground, Citizen Weather Observer Program, WeatherForYou, AnythingWeather.com

Member of: Weather-Matrix, Weather-Watch.com

Quote from the patron saint of the webmaster, St. Alphonsus Liguori :
"My Jesus, Thou alone art sufficient for me.  My love, do not permit me to separate myself from Thee.  When shall I be able to say, 'My God, I cannot lose thee any more?' "

 ©2007 EstesParkWeather.net and ExceptionalWeather.com. EstesParkWeather.net is part of the ExceptionalWeather Network
Radar/maps © Weather Underground. Used with permission.    Valid XHTML 1.0     Valid CSS
Never base important decisions on this or any weather information obtained from the Internet.