NOAA style reports

Note: Some NOAA reports are not available. For a complete summary of all available archival weather data please this page.

Year to date and all Time Records: Are available on the Live page. Look for the Records push button.

2018: Jan | Feb | Mar | Apr | May | Jun | Jul | Aug | Sep | Oct | Nov | Dec 
2017: Jan | Feb | Mar | Apr | May | Jun | Jul | Aug | Sep | Oct | Nov | Dec 
2016: Jan | Feb | Mar | Apr | May | Jun | Jul | Aug | Sep | Oct | Nov | Dec 
2015: Jan | Feb | Mar | Apr | May | Jun | Jul | Aug | Sep | Oct | Nov | Dec 
2014: Jan | Feb | Mar | Apr | May | Jun | Jul | Aug | Sep | Oct | Nov | Dec 
2013: Jan | Feb | Mar | Apr | May | Jun | Jul | Aug | Sep | Oct | Nov | Dec 
2012: Jan | Feb | Mar | Apr | May | Jun | Jul | Aug | Sep | Oct | Nov | Dec 
2011: Jan | Feb | Mar | Apr | May | Jun | Jul | Aug | Sep | Oct | Nov | Dec 
2010: Jan | Feb | Mar | Apr | May | Jun | Jul | Aug | Sep | Oct | Nov | Dec 
2009: Jan | Feb | Mar | Apr | May | Jun | Jul | Aug | Sep | Oct | Nov | Dec 
 2008: Jan | Feb | Mar | Apr | May | Jun | Jul | Aug | Sep | Oct | Nov | Dec 
2007: Jan | Feb | Mar | Apr | May | Jun | Jul | Aug | Sep | Oct | Nov | Dec 
 2006: Jan | Feb | Mar | Apr | May | Jun | Jul | Aug | Sep | Oct | Nov | Dec 

Report for 2008 07
MONTHLY CLIMATOLOGICAL SUMMARY for JUL. 2008 NAME: Estes Park - Truta CITY: Estes Park STATE: Colorado ELEV: 7700 ft LAT: 40 12' 00" N LONG: 105 12' 00" W TEMPERATURE (F), RAIN (in), WIND SPEED (mph) HEAT COOL AVG MEAN DEG DEG WIND DOM DAY TEMP HIGH TIME LOW TIME DAYS DAYS RAIN SPEED HIGH TIME DIR ------------------------------------------------------------------------------------ 1 66.5 79.8 10:28a 51.7 3:29a 2.1 3.6 0.00 5.7 31.0 6:01p W 2 61.2 79.0 12:12p 46.1 4:47a 6.1 2.4 0.18 4.0 26.0 6:34p N 3 59.7 74.4 1:36p 45.5 5:04a 6.9 1.7 0.00 4.2 22.0 3:44p ENE 4 66.3 83.4 4:01p 44.8 5:02a 5.1 6.4 0.01 2.3 26.0 1:41p NW 5 67.4 85.1 1:54p 48.3 4:11a 3.8 6.1 0.03 4.5 21.0 9:47a W 6 62.5 70.4 11:37a 49.5 11:59p 2.9 0.5 0.01 2.6 18.0 11:47a N 7 56.6 70.4 12:45p 47.0 11:49p 8.6 0.5 0.08 3.3 28.0 4:58p NNW 8 57.5 72.0 5:11p 42.2 4:37a 8.5 1.1 0.05 2.8 26.0 2:23p NNW 9 62.2 78.5 4:36p 41.1 4:48a 7.0 4.4 0.00 2.6 17.0 6:11p ESE 10 69.0 86.3 2:34p 47.0 3:30a 4.8 8.6 0.00 3.8 27.0 10:00a WNW 11 66.6 85.9 1:56p 20.4 5:19a 5.5 7.1 0.00 4.4 28.0 1:59p WNW 12 59.0 71.6 2:14p 43.8 5:11a 7.2 1.3 0.00 3.1 20.0 12:50p ESE 13 63.6 82.2 4:04p 38.8 5:04a 7.3 6.0 0.00 2.3 20.0 10:28a ESE 14 65.5 83.8 2:17p 42.1 5:05a 5.4 5.9 0.00 3.3 21.0 12:26p N 15 69.3 85.1 3:31p 49.8 3:49a 3.2 7.4 0.00 4.4 25.0 11:40a NNW 16 69.2 85.9 11:48a 46.0 5:12a 4.0 8.0 0.00 3.3 22.0 12:07p N 17 62.3 74.7 2:19p 49.5 12:00m 3.6 1.1 0.08 2.3 18.0 4:27p NW 18 63.8 81.6 1:02p 43.6 4:51a 6.2 5.1 0.00 2.1 24.0 9:32a E 19 68.9 87.6 12:16p 46.2 5:07a 4.6 8.4 0.00 2.4 24.0 11:26a SW 20 67.6 85.5 9:33a 46.0 4:30a 4.6 7.1 0.00 2.5 37.0 12:50p NNW 21 64.9 84.3 11:29a 47.1 5:04a 4.7 4.7 0.00 2.9 21.0 11:06a SW 22 68.5 82.8 12:02p 50.1 2:30a 3.7 7.0 0.00 2.5 24.0 8:26p ESE 23 66.0 81.8 11:28a 54.1 11:35p 2.1 3.1 0.06 3.6 34.0 3:46p WSW 24 69.0 85.7 11:39a 49.4 5:01a 3.5 7.2 0.00 3.8 24.0 8:43a SW 25 66.7 84.5 10:46a 47.7 5:20a 3.8 5.3 0.02 2.7 22.0 8:40p SE 26 67.5 83.8 10:59a 53.5 5:23a 3.2 5.5 0.00 2.8 28.0 2:52p N 27 67.7 84.7 11:13a 47.6 4:58a 3.9 6.4 0.00 3.0 26.0 3:06p N 28 64.6 82.6 9:26a 49.5 4:54a 4.2 3.8 0.02 3.3 24.0 5:37p W 29 63.1 79.4 11:01a 44.8 5:18a 5.8 4.0 0.00 2.9 20.0 2:18p NW 30 67.2 85.7 2:46p 43.3 4:37a 5.9 8.1 0.00 4.0 37.0 11:33a WNW 31 71.2 86.7 11:28a 52.6 1:25a 2.4 8.4 0.00 3.4 19.0 11:46a ESE ------------------------------------------------------------------------------------- 65.2 87.6 19 20.4 11 150.6 156.2 0.54 3.3 37.0 20 N Max >= 90.0: 0 Max <= 32.0: 0 Min <= 32.0: 1 Min <= 0.0: 0 Max Rain: 0.18 ON 07/02/08 Days of Rain: 8 (>.01 in) 1 (>.1 in) 0 (>1 in) Heat Base: 65.0 Cool Base: 65.0 Method: Integration

Station affiliations

Weather data published to:,
Weather Underground, Citizen Weather Observer Program, WeatherForYou, AnythingWeather.com

Member of: Weather-Matrix, Weather-Watch.com

Quote from the patron saint of the webmaster, St. Alphonsus Liguori :
"My Jesus, Thou alone art sufficient for me.  My love, do not permit me to separate myself from Thee.  When shall I be able to say, 'My God, I cannot lose thee any more?' "

 ©2007 EstesParkWeather.net and ExceptionalWeather.com. EstesParkWeather.net is part of the ExceptionalWeather Network
Radar/maps © Weather Underground. Used with permission.    Valid XHTML 1.0     Valid CSS
Never base important decisions on this or any weather information obtained from the Internet.