NOAA style reports

Note: Some NOAA reports are not available. For a complete summary of all available archival weather data please this page.

Year to date and all Time Records: Are available on the Live page. Look for the Records push button.

2018: Jan | Feb | Mar | Apr | May | Jun | Jul | Aug | Sep | Oct | Nov | Dec 
2017: Jan | Feb | Mar | Apr | May | Jun | Jul | Aug | Sep | Oct | Nov | Dec 
2016: Jan | Feb | Mar | Apr | May | Jun | Jul | Aug | Sep | Oct | Nov | Dec 
2015: Jan | Feb | Mar | Apr | May | Jun | Jul | Aug | Sep | Oct | Nov | Dec 
2014: Jan | Feb | Mar | Apr | May | Jun | Jul | Aug | Sep | Oct | Nov | Dec 
2013: Jan | Feb | Mar | Apr | May | Jun | Jul | Aug | Sep | Oct | Nov | Dec 
2012: Jan | Feb | Mar | Apr | May | Jun | Jul | Aug | Sep | Oct | Nov | Dec 
2011: Jan | Feb | Mar | Apr | May | Jun | Jul | Aug | Sep | Oct | Nov | Dec 
2010: Jan | Feb | Mar | Apr | May | Jun | Jul | Aug | Sep | Oct | Nov | Dec 
2009: Jan | Feb | Mar | Apr | May | Jun | Jul | Aug | Sep | Oct | Nov | Dec 
 2008: Jan | Feb | Mar | Apr | May | Jun | Jul | Aug | Sep | Oct | Nov | Dec 
2007: Jan | Feb | Mar | Apr | May | Jun | Jul | Aug | Sep | Oct | Nov | Dec 
 2006: Jan | Feb | Mar | Apr | May | Jun | Jul | Aug | Sep | Oct | Nov | Dec 

Report for 2008 06
MONTHLY CLIMATOLOGICAL SUMMARY for JUN. 2008 NAME: Estes Park - Truta CITY: Estes Park STATE: Colorado ELEV: 7700 ft LAT: 40 12' 00" N LONG: 105 12' 00" W TEMPERATURE (F), RAIN (in), WIND SPEED (mph) HEAT COOL AVG MEAN DEG DEG WIND DOM DAY TEMP HIGH TIME LOW TIME DAYS DAYS RAIN SPEED HIGH TIME DIR ------------------------------------------------------------------------------------ 1 58.1 76.0 1:05p 37.3 4:29a 8.7 2.2 0.00 2.7 26.0 1:45p WNW 2 63.8 78.3 3:07p 40.8 2:54a 5.3 4.2 0.00 7.2 31.0 12:29p WSW 3 57.1 67.8 10:26a 42.5 4:46a 7.6 0.2 0.00 6.0 37.0 11:26a W 4 51.1 64.7 1:50p 42.5 8:10p 13.2 0.0 0.47 4.7 24.0 3:07p ENE 5 41.7 51.7 2:44p 9.4 6:41a 20.9 0.0 0.91 3.3 28.0 11:40p W 6 55.9 66.3 4:31p 46.5 3:40a 8.6 0.1 0.00 11.4 40.0 2:45p WSW 7 51.9 58.0 12:55p 44.6 4:59a 12.3 0.0 0.02 3.1 16.0 11:28a ESE 8 48.9 58.0 2:42p 40.3 4:06a 15.1 0.0 0.00 11.7 39.0 9:19p W 9 53.1 66.9 4:36p 39.2 4:50a 11.4 0.0 0.00 5.9 27.0 1:00a WSW 10 59.3 75.8 3:07p 17.4 5:48a 8.5 3.1 0.00 9.4 42.0 2:34p WSW 11 48.0 57.8 12:19a 39.3 7:53a 15.7 0.0 0.00 12.9 50.0 8:11p W 12 49.2 58.0 4:03p 40.5 4:39a 14.7 0.0 0.00 14.1 47.0 1:28p WSW 13 55.3 70.1 3:01p 40.3 4:26a 9.8 0.7 0.00 6.5 33.0 8:18a WNW 14 64.5 78.1 3:24p 50.5 1:51a 4.1 3.7 0.00 5.5 25.0 1:50p W 15 61.0 76.0 11:14a 39.8 5:02a 6.4 2.6 0.00 3.6 27.0 10:58a NNE 16 55.5 65.6 1:57p 41.8 4:55a 9.1 0.0 0.00 4.0 30.0 1:57p N 17 62.8 81.8 2:20p 40.6 2:27a 6.4 4.3 0.00 3.1 25.0 11:54a WNW 18 58.6 77.2 9:32a 43.9 3:58a 7.3 1.3 0.04 3.6 40.0 9:42p N 19 62.0 76.7 3:58p 47.7 11:38p 5.1 2.4 0.00 5.6 22.0 3:26p W 20 57.2 164.0 8:39p 39.1 4:50a 8.5 1.1 0.00 4.3 22.0 9:05a ENE 21 58.7 73.2 11:33a 38.3 4:58a 8.3 2.4 0.00 2.2 18.0 12:38p N 22 61.0 78.6 10:48a 38.9 4:48a 6.8 3.1 0.00 4.0 40.0 3:17p W 23 59.3 73.5 10:07a 44.5 4:30a 6.4 1.1 0.04 3.8 29.0 12:57p NNW 24 61.1 80.7 1:20p 39.2 4:30a 7.0 3.3 0.00 5.1 35.0 3:25p WSW 25 64.2 79.4 11:10a 48.5 12:54a 4.7 3.9 0.00 4.0 28.0 9:51a N 26 61.5 79.9 3:27p 43.8 4:18a 6.8 3.5 0.00 4.8 47.0 4:43p WNW 27 68.3 81.1 1:27p 49.9 4:59a 2.6 5.7 0.00 6.0 40.0 1:00p WNW 28 59.3 70.8 12:14p 43.9 5:05a 6.0 0.7 0.00 3.0 20.0 12:54p ESE 29 59.0 74.7 2:13p 37.5 5:02a 8.1 2.4 0.00 3.1 21.0 2:49p ENE 30 63.3 82.0 9:57a 40.5 4:19a 6.7 5.0 0.00 2.9 20.0 12:11p NW ------------------------------------------------------------------------------------- 57.7 164.0 20 9.4 5 262.1 57.0 1.48 5.6 50.0 11 W Max >= 90.0: 1 Max <= 32.0: 0 Min <= 32.0: 2 Min <= 0.0: 0 Max Rain: 0.91 ON 06/05/08 Days of Rain: 5 (>.01 in) 2 (>.1 in) 0 (>1 in) Heat Base: 65.0 Cool Base: 65.0 Method: Integration

Station affiliations

Weather data published to:,
Weather Underground, Citizen Weather Observer Program, WeatherForYou, AnythingWeather.com

Member of: Weather-Matrix, Weather-Watch.com

Quote from the patron saint of the webmaster, St. Alphonsus Liguori :
"My Jesus, Thou alone art sufficient for me.  My love, do not permit me to separate myself from Thee.  When shall I be able to say, 'My God, I cannot lose thee any more?' "

 ©2007 EstesParkWeather.net and ExceptionalWeather.com. EstesParkWeather.net is part of the ExceptionalWeather Network
Radar/maps © Weather Underground. Used with permission.    Valid XHTML 1.0     Valid CSS
Never base important decisions on this or any weather information obtained from the Internet.