NOAA style reports

Note: Some NOAA reports are not available. For a complete summary of all available archival weather data please this page.

Year to date and all Time Records: Are available on the Live page. Look for the Records push button.

2018: Jan | Feb | Mar | Apr | May | Jun | Jul | Aug | Sep | Oct | Nov | Dec 
2017: Jan | Feb | Mar | Apr | May | Jun | Jul | Aug | Sep | Oct | Nov | Dec 
2016: Jan | Feb | Mar | Apr | May | Jun | Jul | Aug | Sep | Oct | Nov | Dec 
2015: Jan | Feb | Mar | Apr | May | Jun | Jul | Aug | Sep | Oct | Nov | Dec 
2014: Jan | Feb | Mar | Apr | May | Jun | Jul | Aug | Sep | Oct | Nov | Dec 
2013: Jan | Feb | Mar | Apr | May | Jun | Jul | Aug | Sep | Oct | Nov | Dec 
2012: Jan | Feb | Mar | Apr | May | Jun | Jul | Aug | Sep | Oct | Nov | Dec 
2011: Jan | Feb | Mar | Apr | May | Jun | Jul | Aug | Sep | Oct | Nov | Dec 
2010: Jan | Feb | Mar | Apr | May | Jun | Jul | Aug | Sep | Oct | Nov | Dec 
2009: Jan | Feb | Mar | Apr | May | Jun | Jul | Aug | Sep | Oct | Nov | Dec 
 2008: Jan | Feb | Mar | Apr | May | Jun | Jul | Aug | Sep | Oct | Nov | Dec 
2007: Jan | Feb | Mar | Apr | May | Jun | Jul | Aug | Sep | Oct | Nov | Dec 
 2006: Jan | Feb | Mar | Apr | May | Jun | Jul | Aug | Sep | Oct | Nov | Dec 

Report for 2008 05
MONTHLY CLIMATOLOGICAL SUMMARY for MAY. 2008 NAME: Estes Park - Truta CITY: Estes Park STATE: Colorado ELEV: 7700 ft LAT: 40 12' 00" N LONG: 105 12' 00" W TEMPERATURE (F), RAIN (in), WIND SPEED (mph) HEAT COOL AVG MEAN DEG DEG WIND DOM DAY TEMP HIGH TIME LOW TIME DAYS DAYS RAIN SPEED HIGH TIME DIR ------------------------------------------------------------------------------------ 1 31.7 40.8 12:01a 27.9 8:36a 30.8 0.0 0.13 7.6 41.0 11:55p WSW 2 31.0 36.9 11:02a 24.1 12:00m 31.4 0.0 0.00 13.9 52.0 10:31a WSW 3 35.3 48.2 2:30p 19.1 5:19a 27.7 0.0 0.00 2.5 16.0 10:03a N 4 41.6 57.2 1:24p 22.9 5:04a 21.9 0.0 0.00 2.7 20.0 10:01a N 5 47.4 64.7 1:17p 26.9 5:10a 16.6 0.0 0.00 2.7 29.0 4:43p NW 6 49.3 66.4 2:37p 29.3 5:08a 14.5 0.0 0.00 2.5 24.0 10:05a N 7 45.9 57.2 4:21p 38.0 1:53a 17.7 0.0 0.19 3.1 27.0 5:50p ESE 8 43.9 55.3 1:44p 13.6 6:40a 19.6 0.0 0.01 6.2 34.0 3:11p WSW 9 42.7 57.6 1:16p 29.4 3:59a 20.7 0.0 0.07 8.1 41.0 2:20p W 10 37.9 44.3 1:17p 13.6 10:24a 24.9 0.0 0.00 9.1 32.0 6:50a W 11 50.7 63.5 4:00p 34.0 12:27a 13.2 0.0 0.00 7.8 31.0 1:05a SW 12 49.6 62.9 11:56a 32.8 11:27p 14.4 0.0 0.10 8.4 44.0 6:56a W 13 33.8 41.6 1:42p 29.4 11:46p 29.3 0.0 0.17 2.0 14.0 11:17a ENE 14 40.7 52.9 11:15a 26.0 4:03a 22.7 0.0 0.11 4.5 29.0 9:49a WNW 15 38.8 49.2 1:28p 29.7 11:33p 23.8 0.0 0.01 4.4 24.0 11:37a N 16 49.3 64.3 3:40p 30.1 12:01a 14.2 0.0 0.00 5.0 28.0 7:55a N 17 53.2 70.4 1:58p 32.1 5:06a 11.6 0.9 0.00 4.2 29.0 9:48a N 18 57.2 72.5 12:58p 33.7 4:16a 8.9 1.6 0.00 6.2 33.0 2:14p W 19 63.7 74.0 4:24p 49.2 11:50p 3.6 2.4 0.00 6.5 28.0 3:16p W 20 58.6 73.9 12:28p 38.0 4:48a 8.2 2.2 0.00 2.4 18.0 10:39a ESE 21 46.6 49.9 12:31a 44.8 4:02a 5.0 0.0 0.00 1.5 13.0 12:16a NNW 22 23 50.3 56.9 3:28p 42.1 10:32p 6.4 0.0 0.00 6.4 28.0 10:04p ESE 24 47.7 55.9 4:25p 40.9 3:08a 15.0 0.0 0.00 13.7 38.0 12:35p WSW 25 53.0 62.1 3:56p 41.1 3:06a 11.2 0.0 0.00 5.2 25.0 9:31a SE 26 43.5 48.5 12:01a 41.5 6:11p 15.6 0.0 0.23 2.1 11.0 12:02a E 27 28 54.3 65.0 12:00p 40.8 4:21a 8.2 0.0 0.00 2.7 20.0 12:24p N 29 55.2 67.4 2:15p 35.6 5:04a 9.4 0.2 0.00 10.4 37.0 11:03a WSW 30 55.5 69.1 4:00p 35.6 4:58a 9.3 0.3 0.00 5.0 27.0 10:34a ESE 31 56.5 69.3 1:26p 39.8 4:27a 7.7 0.3 0.00 3.1 21.0 11:11a ENE ------------------------------------------------------------------------------------- 47.1 74.0 19 13.6 8 463.5 7.9 1.02 5.5 52.0 2 W Max >= 90.0: 0 Max <= 32.0: 0 Min <= 32.0: 13 Min <= 0.0: 0 Max Rain: 0.23 ON 05/26/08 Days of Rain: 7 (>.01 in) 5 (>.1 in) 0 (>1 in) Heat Base: 65.0 Cool Base: 65.0 Method: Integration

Station affiliations

Weather data published to:,
Weather Underground, Citizen Weather Observer Program, WeatherForYou, AnythingWeather.com

Member of: Weather-Matrix, Weather-Watch.com

Quote from the patron saint of the webmaster, St. Alphonsus Liguori :
"My Jesus, Thou alone art sufficient for me.  My love, do not permit me to separate myself from Thee.  When shall I be able to say, 'My God, I cannot lose thee any more?' "

 ©2007 EstesParkWeather.net and ExceptionalWeather.com. EstesParkWeather.net is part of the ExceptionalWeather Network
Radar/maps © Weather Underground. Used with permission.    Valid XHTML 1.0     Valid CSS
Never base important decisions on this or any weather information obtained from the Internet.