NOAA style reports

Note: Some NOAA reports are not available. For a complete summary of all available archival weather data please this page.

Year to date and all Time Records: Are available on the Live page. Look for the Records push button.

2018: Jan | Feb | Mar | Apr | May | Jun | Jul | Aug | Sep | Oct | Nov | Dec 
2017: Jan | Feb | Mar | Apr | May | Jun | Jul | Aug | Sep | Oct | Nov | Dec 
2016: Jan | Feb | Mar | Apr | May | Jun | Jul | Aug | Sep | Oct | Nov | Dec 
2015: Jan | Feb | Mar | Apr | May | Jun | Jul | Aug | Sep | Oct | Nov | Dec 
2014: Jan | Feb | Mar | Apr | May | Jun | Jul | Aug | Sep | Oct | Nov | Dec 
2013: Jan | Feb | Mar | Apr | May | Jun | Jul | Aug | Sep | Oct | Nov | Dec 
2012: Jan | Feb | Mar | Apr | May | Jun | Jul | Aug | Sep | Oct | Nov | Dec 
2011: Jan | Feb | Mar | Apr | May | Jun | Jul | Aug | Sep | Oct | Nov | Dec 
2010: Jan | Feb | Mar | Apr | May | Jun | Jul | Aug | Sep | Oct | Nov | Dec 
2009: Jan | Feb | Mar | Apr | May | Jun | Jul | Aug | Sep | Oct | Nov | Dec 
 2008: Jan | Feb | Mar | Apr | May | Jun | Jul | Aug | Sep | Oct | Nov | Dec 
2007: Jan | Feb | Mar | Apr | May | Jun | Jul | Aug | Sep | Oct | Nov | Dec 
 2006: Jan | Feb | Mar | Apr | May | Jun | Jul | Aug | Sep | Oct | Nov | Dec 

Report for 2008 04
MONTHLY CLIMATOLOGICAL SUMMARY for APR. 2008 NAME: Estes Park - Truta CITY: Estes Park STATE: Colorado ELEV: 7700 ft LAT: 40 12' 00" N LONG: 105 12' 00" W TEMPERATURE (F), RAIN (in), WIND SPEED (mph) HEAT COOL AVG MEAN DEG DEG WIND DOM DAY TEMP HIGH TIME LOW TIME DAYS DAYS RAIN SPEED HIGH TIME DIR ------------------------------------------------------------------------------------ 1 23.6 31.2 4:00p 11.6 6:47a 39.0 0.0 0.00 6.4 26.0 1:41a N 2 35.8 47.7 2:14p 16.2 10:24a 25.1 0.0 0.00 4.6 29.0 2:00p W 3 32.3 39.6 1:28p 22.9 11:17p 30.6 0.0 0.09 5.2 28.0 1:09p W 4 37.9 51.0 1:40p 16.8 10:26a 25.0 0.0 0.00 10.0 32.0 4:40a WSW 5 38.6 48.8 11:48a 29.5 11:05p 24.6 0.0 0.00 12.2 49.0 9:54a WSW 6 31.8 39.9 12:40p 10.0 10:24a 31.5 0.0 0.02 9.8 40.0 12:05a WSW 7 29.1 39.6 1:14p 24.8 11:48p 33.2 0.0 0.23 1.4 21.0 2:41p WSW 8 33.1 44.1 3:35p 7.6 10:24a 30.0 0.0 0.00 6.8 27.0 10:16a WSW 9 34.2 47.0 10:58a 24.2 5:19a 26.9 0.0 0.00 2.3 21.0 12:42p ENE 10 28.9 38.2 3:41p 1.4 10:24a 34.5 0.0 0.26 2.7 31.0 2:37p N 11 29.1 37.8 1:00p 22.9 5:49a 33.5 0.0 0.05 6.6 29.0 7:45p W 12 32.8 41.8 2:44p 7.8 10:24a 30.5 0.0 0.00 10.3 34.0 7:32a W 13 42.2 55.7 3:27p 28.2 5:37a 21.1 0.0 0.00 3.6 22.0 12:04a W 14 52.3 62.1 2:37p 32.4 1:21a 11.6 0.0 0.00 12.8 33.0 12:55p WSW 15 56.9 65.8 1:38p 41.8 11:59p 7.6 0.0 0.00 16.5 47.0 2:58p WSW 16 29.1 42.1 9:53a 23.0 11:52p 33.3 0.0 0.00 6.9 32.0 8:07a W 17 28.9 40.8 2:48p 17.0 5:35a 32.8 0.0 0.14 4.1 30.0 10:35p W 18 43.8 56.5 2:38p 32.7 5:16a 19.8 0.0 0.00 10.1 35.0 11:58a WSW 19 48.5 66.8 3:32p 13.2 6:53a 15.3 0.0 0.00 3.4 22.0 9:39a W 20 47.6 59.0 1:41p 31.0 1:27a 16.2 0.0 0.00 11.4 44.0 10:33a WSW 21 34.8 43.8 10:58a 24.2 11:59p 28.1 0.0 0.00 3.8 19.0 11:43a ESE 22 41.3 59.9 2:53p 19.9 4:30a 22.0 0.0 0.00 4.7 27.0 9:51a N 23 48.5 66.0 2:59p 25.0 5:27a 15.5 0.0 0.00 5.2 35.0 7:39p WSW 24 44.6 58.0 1:20p 23.0 6:54a 18.4 0.0 0.00 11.6 45.0 5:42p WSW 25 34.2 43.5 1:52p 26.4 2:52a 27.2 0.0 0.00 12.8 43.0 10:08a W 26 31.6 38.6 1:59p 26.6 5:19a 30.9 0.0 0.00 7.2 31.0 1:11p W 27 40.8 53.3 1:23p 24.1 2:33a 22.8 0.0 0.00 9.1 29.0 4:01a WSW 28 48.2 61.8 2:47p 33.4 11:05p 15.2 0.0 0.00 8.1 34.0 6:53a WSW 29 51.6 65.5 2:33p 32.9 12:25a 11.3 0.0 0.00 6.4 44.0 12:26p SW 30 56.1 67.4 2:36p 40.8 12:00m 8.1 0.1 0.00 12.4 47.0 3:50a WSW ------------------------------------------------------------------------------------- 38.9 67.4 30 1.4 10 721.6 0.1 0.79 7.6 49.0 5 WSW Max >= 90.0: 0 Max <= 32.0: 1 Min <= 32.0: 24 Min <= 0.0: 0 Max Rain: 0.26 ON 04/10/08 Days of Rain: 6 (>.01 in) 3 (>.1 in) 0 (>1 in) Heat Base: 65.0 Cool Base: 65.0 Method: Integration

Station affiliations

Weather data published to:,
Weather Underground, Citizen Weather Observer Program, WeatherForYou, AnythingWeather.com

Member of: Weather-Matrix, Weather-Watch.com

Quote from the patron saint of the webmaster, St. Alphonsus Liguori :
"My Jesus, Thou alone art sufficient for me.  My love, do not permit me to separate myself from Thee.  When shall I be able to say, 'My God, I cannot lose thee any more?' "

 ©2007 EstesParkWeather.net and ExceptionalWeather.com. EstesParkWeather.net is part of the ExceptionalWeather Network
Radar/maps © Weather Underground. Used with permission.    Valid XHTML 1.0     Valid CSS
Never base important decisions on this or any weather information obtained from the Internet.